195.178.110.132 - - [01/Jan/2026:08:59:25 +0000] "GET /wp-content/plugins/lastudio-element-kit/assets/js/lib/odometer.min.js HTTP/1.1" 200 4413 "-" "Mozilla/5.0 (Macintosh; Intel Mac OS X 10_15_7) AppleWebKit/537.36 (KHTML, like Gecko) Chrome/131.0.0.0 Safari/537.36"
195.178.110.132 - - [01/Jan/2026:08:59:25 +0000] "GET /wp-includes/js/dist/i18n.min.js?ver=c26c3dc7bed366793375 HTTP/1.1" 200 2229 "-" "Mozilla/5.0 (X11; Linux x86_64) AppleWebKit/537.36 (KHTML, like Gecko) Chrome/131.0.0.0 Safari/537.36"
195.178.110.132 - - [01/Jan/2026:08:59:25 +0000] "GET /wp-content/plugins/lastudio-element-kit/assets/js/lib/jquery.sticky.min.js?ver=1.5.4.1 HTTP/1.1" 200 2187 "-" "Mozilla/5.0 (Windows NT 10.0; Win64; x64) AppleWebKit/537.36 (KHTML, like Gecko) Chrome/131.0.0.0 Safari/537.36"
195.178.110.132 - - [01/Jan/2026:08:59:25 +0000] "GET /wp-includes/js/jquery/jquery-migrate.min.js?ver=3.4.1 HTTP/1.1" 200 4870 "-" "Mozilla/5.0 (Windows NT 10.0; Win64; x64) AppleWebKit/537.36 (KHTML, like Gecko) Chrome/131.0.0.0 Safari/537.36"
195.178.110.132 - - [01/Jan/2026:08:59:25 +0000] "GET /wp-content/themes/akali/assets/js/lib/polyfill-object-fit.min.js?ver=1.0.2 HTTP/1.1" 200 2029 "-" "Mozilla/5.0 (X11; Linux x86_64) AppleWebKit/537.36 (KHTML, like Gecko) Chrome/131.0.0.0 Safari/537.36"
195.178.110.132 - - [01/Jan/2026:08:59:25 +0000] "GET /wp-content/themes/akali/assets/js/lib/woocommerce.min.js?ver=1.0.2 HTTP/1.1" 200 9334 "-" "Mozilla/5.0 (Windows NT 10.0; Win64; x64; rv:133.0) Gecko/20100101 Firefox/133.0"
195.178.110.132 - - [01/Jan/2026:08:59:25 +0000] "GET /wp-content/plugins/woocommerce/assets/js/frontend/add-to-cart.min.js?ver=9.9.5 HTTP/1.1" 200 2171 "-" "Mozilla/5.0 (X11; Linux x86_64) AppleWebKit/537.36 (KHTML, like Gecko) Chrome/131.0.0.0 Safari/537.36"
195.178.110.132 - - [01/Jan/2026:08:59:25 +0000] "GET /wp-content/plugins/lastudio-element-kit/assets/js/lib/isotope.pkgd.min.js?ver=1.5.4.1 HTTP/1.1" 200 10529 "-" "Mozilla/5.0 (X11; Linux x86_64) AppleWebKit/537.36 (KHTML, like Gecko) Chrome/131.0.0.0 Safari/537.36"
195.178.110.132 - - [01/Jan/2026:08:59:25 +0000] "GET /wp-content/plugins/woocommerce/assets/js/jquery-blockui/jquery.blockUI.min.js?ver=2.7.0-wc.9.9.5 HTTP/1.1" 200 4312 "-" "Mozilla/5.0 (X11; Linux x86_64) AppleWebKit/537.36 (KHTML, like Gecko) Chrome/131.0.0.0 Safari/537.36"
64.31.25.146 - - [01/Jan/2026:08:57:04 +0000] "POST /wp-cron.php?doing_wp_cron=1767257824.7975370883941650390625 HTTP/1.1" 403 1242 "-" "WordPress/6.9; https://chill-x.co"
64.31.25.146 - - [01/Jan/2026:08:57:04 +0000] "POST /wp-cron.php?doing_wp_cron=1767257824.8173348903656005859375 HTTP/1.1" 403 1242 "-" "WordPress/6.9; https://chill-x.co"
204.12.252.98 - - [01/Jan/2026:08:57:04 +0000] "GET /wp-includes/wpb459c2/edit.php HTTP/1.1" 404 49636 "https://chill-x.co/wp-includes/wpb459c2/edit.php" "Mozilla/5.0 (Windows NT 10.0; Win64; x64) AppleWebKit/537.36 (KHTML, like Gecko) Chrome/58.0.3029.110 Safari/537.3"
207.46.13.130 - - [01/Jan/2026:08:57:58 +0000] "GET /?_g=946341 HTTP/2" 200 57610 "-" "Mozilla/5.0 AppleWebKit/537.36 (KHTML, like Gecko; compatible; bingbot/2.0; +http://www.bing.com/bingbot.htm) Chrome/116.0.1938.76 Safari/537.36"
64.31.25.146 - - [01/Jan/2026:08:59:24 +0000] "POST /wp-cron.php?doing_wp_cron=1767257964.8782799243927001953125 HTTP/1.1" 403 1242 "-" "WordPress/6.9; https://chill-x.co"
195.178.110.132 - - [01/Jan/2026:08:59:25 +0000] "GET /wp-content/plugins/elementor/assets/js/webpack.runtime.min.js?ver=3.29.2 HTTP/1.1" 200 3304 "-" "Mozilla/5.0 (Macintosh; Intel Mac OS X 10_15_7) AppleWebKit/537.36 (KHTML, like Gecko) Chrome/131.0.0.0 Safari/537.36"
195.178.110.132 - - [01/Jan/2026:08:59:25 +0000] "GET /wp-content/plugins/woocommerce/assets/js/frontend/cart-fragments.min.js?ver=9.9.5 HTTP/1.1" 200 1828 "-" "Mozilla/5.0 (X11; Linux x86_64) AppleWebKit/537.36 (KHTML, like Gecko) Chrome/131.0.0.0 Safari/537.36"
195.178.110.132 - - [01/Jan/2026:08:59:25 +0000] "GET /wp-includes/js/dist/hooks.min.js?ver=dd5603f07f9220ed27f1 HTTP/1.1" 200 1939 "-" "Mozilla/5.0 (X11; Linux x86_64) AppleWebKit/537.36 (KHTML, like Gecko) Chrome/131.0.0.0 Safari/537.36"
195.178.110.132 - - [01/Jan/2026:08:59:25 +0000] "GET /wp-content/plugins/woocommerce/assets/js/frontend/order-attribution.min.js?ver=9.9.5 HTTP/1.1" 200 1896 "-" "Mozilla/5.0 (Windows NT 10.0; Win64; x64; rv:133.0) Gecko/20100101 Firefox/133.0"
195.178.110.132 - - [01/Jan/2026:08:59:25 +0000] "GET /wp-content/themes/akali/assets/js/app.min.js?ver=1.0.2 HTTP/1.1" 200 11333 "-" "Mozilla/5.0 (Windows NT 10.0; Win64; x64; rv:133.0) Gecko/20100101 Firefox/133.0"
195.178.110.132 - - [01/Jan/2026:08:59:25 +0000] "GET /wp-content/plugins/lastudio-element-kit/assets/js/lib/simple-parallax.min.js HTTP/1.1" 200 3074 "-" "Mozilla/5.0 (X11; Linux x86_64) AppleWebKit/537.36 (KHTML, like Gecko) Chrome/131.0.0.0 Safari/537.36"
195.178.110.132 - - [01/Jan/2026:08:59:25 +0000] "GET /wp-content/themes/akali/assets/js/lib/polyfill-css-vars.min.js?ver=1.0.2 HTTP/1.1" 200 7831 "-" "Mozilla/5.0 (Windows NT 10.0; Win64; x64) AppleWebKit/537.36 (KHTML, like Gecko) Chrome/131.0.0.0 Safari/537.36"
195.178.110.132 - - [01/Jan/2026:08:59:25 +0000] "GET /wp-content/plugins/woocommerce/assets/js/frontend/woocommerce.min.js?ver=9.9.5 HTTP/1.1" 200 2245 "-" "Mozilla/5.0 (Windows NT 10.0; Win64; x64) AppleWebKit/537.36 (KHTML, like Gecko) Chrome/131.0.0.0 Safari/537.36"
195.178.110.132 - - [01/Jan/2026:08:59:25 +0000] "GET /wp-content/plugins/lastudio-element-kit/includes/modules/popup/assets/js/popup.min.js HTTP/1.1" 200 5480 "-" "Mozilla/5.0 (Windows NT 10.0; Win64; x64) AppleWebKit/537.36 (KHTML, like Gecko) Chrome/131.0.0.0 Safari/537.36"
195.178.110.132 - - [01/Jan/2026:08:59:25 +0000] "GET /wp-content/plugins/lastudio-element-kit/assets/js/lib/imagesloaded.min.js HTTP/1.1" 200 2779 "-" "Mozilla/5.0 (Windows NT 10.0; Win64; x64; rv:133.0) Gecko/20100101 Firefox/133.0"
195.178.110.132 - - [01/Jan/2026:08:59:25 +0000] "GET /wp-content/plugins/woocommerce/assets/js/sourcebuster/sourcebuster.min.js?ver=9.9.5 HTTP/1.1" 200 5574 "-" "Mozilla/5.0 (Macintosh; Intel Mac OS X 10_15_7) AppleWebKit/537.36 (KHTML, like Gecko) Chrome/131.0.0.0 Safari/537.36"
195.178.110.132 - - [01/Jan/2026:08:59:25 +0000] "GET /wp-content/plugins/woocommerce/assets/js/js-cookie/js.cookie.min.js?ver=2.1.4-wc.9.9.5 HTTP/1.1" 200 1623 "-" "Mozilla/5.0 (Windows NT 10.0; Win64; x64; rv:133.0) Gecko/20100101 Firefox/133.0"
195.178.110.132 - - [01/Jan/2026:08:59:25 +0000] "GET /wp-includes/js/underscore.min.js HTTP/1.1" 200 7342 "-" "Mozilla/5.0 (X11; Linux x86_64) AppleWebKit/537.36 (KHTML, like Gecko) Chrome/131.0.0.0 Safari/537.36"
195.178.110.132 - - [01/Jan/2026:08:59:25 +0000] "GET /wp-content/plugins/lastudio-element-kit/includes/extensions/swatches/assets/js/swatches.js?ver=1.5.4.1 HTTP/1.1" 200 4786 "-" "Mozilla/5.0 (Windows NT 10.0; Win64; x64; rv:133.0) Gecko/20100101 Firefox/133.0"
195.178.110.132 - - [01/Jan/2026:08:59:25 +0000] "GET /wp-content/plugins/lastudio-element-kit/assets/js/lib/isotope.pkgd.min.js HTTP/1.1" 200 10529 "-" "Mozilla/5.0 (Macintosh; Intel Mac OS X 10_15_7) AppleWebKit/537.36 (KHTML, like Gecko) Chrome/131.0.0.0 Safari/537.36"
195.178.110.132 - - [01/Jan/2026:08:59:25 +0000] "GET /wp-content/plugins/revslider/public/js/libs/tptools.js?ver=6.7.34 HTTP/1.1" 200 75973 "-" "Mozilla/5.0 (Macintosh; Intel Mac OS X 10_15_7) AppleWebKit/537.36 (KHTML, like Gecko) Chrome/131.0.0.0 Safari/537.36"
195.178.110.132 - - [01/Jan/2026:08:59:25 +0000] "GET /wp-content/plugins/contact-form-7/includes/swv/js/index.js?ver=6.1 HTTP/1.1" 200 4309 "-" "Mozilla/5.0 (Windows NT 10.0; Win64; x64) AppleWebKit/537.36 (KHTML, like Gecko) Chrome/131.0.0.0 Safari/537.36"
195.178.110.132 - - [01/Jan/2026:08:59:25 +0000] "GET /wp-includes/js/jquery/jquery.min.js?ver=3.7.1 HTTP/1.1" 200 30412 "-" "Mozilla/5.0 (Macintosh; Intel Mac OS X 10_15_7) AppleWebKit/537.36 (KHTML, like Gecko) Chrome/131.0.0.0 Safari/537.36"
195.178.110.132 - - [01/Jan/2026:08:59:25 +0000] "GET /wp-content/plugins/elementor/assets/js/frontend.min.js?ver=3.29.2 HTTP/1.1" 200 11359 "-" "Mozilla/5.0 (X11; Linux x86_64) AppleWebKit/537.36 (KHTML, like Gecko) Chrome/131.0.0.0 Safari/537.36"
195.178.110.132 - - [01/Jan/2026:08:59:25 +0000] "GET /wp-content/plugins/lastudio-element-kit/assets/js/addons/motion-fx.min.js?ver=1.5.4.1 HTTP/1.1" 200 6402 "-" "Mozilla/5.0 (X11; Linux x86_64) AppleWebKit/537.36 (KHTML, like Gecko) Chrome/131.0.0.0 Safari/537.36"
195.178.110.132 - - [01/Jan/2026:08:59:25 +0000] "GET /wp-content/themes/akali/assets/js/lib/polyfill-fetch.min.js?ver=1.0.2 HTTP/1.1" 200 3538 "-" "Mozilla/5.0 (Macintosh; Intel Mac OS X 10_15_7) AppleWebKit/537.36 (KHTML, like Gecko) Chrome/131.0.0.0 Safari/537.36"
195.178.110.132 - - [01/Jan/2026:08:59:25 +0000] "GET /%22//chill-x.co/wp-content/plugins/revslider/public/js/libs/tptools.js?ver=6.7.34\" HTTP/1.1" 301 0 "-" "Mozilla/5.0 (X11; Linux x86_64) AppleWebKit/537.36 (KHTML, like Gecko) Chrome/131.0.0.0 Safari/537.36"
195.178.110.132 - - [01/Jan/2026:08:59:25 +0000] "GET / HTTP/1.1" 200 65853 "-" "Mozilla/5.0 (X11; Linux x86_64) AppleWebKit/537.36 (KHTML, like Gecko) Chrome/131.0.0.0 Safari/537.36"
195.178.110.132 - - [01/Jan/2026:08:59:26 +0000] "GET /%22/chill-x.co/wp-content/plugins/revslider/public/js/libs/tptools.js?ver=6.7.34 HTTP/1.1" 404 55533 "https://chill-x.co/%22//chill-x.co/wp-content/plugins/revslider/public/js/libs/tptools.js?ver=6.7.34\"" "Mozilla/5.0 (X11; Linux x86_64) AppleWebKit/537.36 (KHTML, like Gecko) Chrome/131.0.0.0 Safari/537.36"
195.178.110.132 - - [01/Jan/2026:08:59:25 +0000] "GET /wp-content/plugins/lastudio-element-kit/assets/js/addons/n-tabs.min.js?ver=1.5.4.1 HTTP/1.1" 200 3124 "-" "Mozilla/5.0 (Windows NT 10.0; Win64; x64) AppleWebKit/537.36 (KHTML, like Gecko) Chrome/131.0.0.0 Safari/537.36"
195.178.110.132 - - [01/Jan/2026:08:59:25 +0000] "GET /.env HTTP/1.1" 406 779 "-" "Mozilla/5.0 (X11; Linux x86_64) AppleWebKit/537.36 (KHTML, like Gecko) Chrome/131.0.0.0 Safari/537.36"
195.178.110.132 - - [01/Jan/2026:08:59:25 +0000] "GET /.env.bak HTTP/1.1" 406 779 "-" "Mozilla/5.0 (Windows NT 10.0; Win64; x64) AppleWebKit/537.36 (KHTML, like Gecko) Chrome/131.0.0.0 Safari/537.36"
195.178.110.132 - - [01/Jan/2026:08:59:25 +0000] "GET /.env.save HTTP/1.1" 406 779 "-" "Mozilla/5.0 (Macintosh; Intel Mac OS X 10_15_7) AppleWebKit/537.36 (KHTML, like Gecko) Chrome/131.0.0.0 Safari/537.36"
195.178.110.132 - - [01/Jan/2026:08:59:25 +0000] "GET /%22//chill-x.co/wp-content/plugins/revslider/public/js/sr7.js?ver=6.7.34\" HTTP/1.1" 301 0 "-" "Mozilla/5.0 (Windows NT 10.0; Win64; x64; rv:133.0) Gecko/20100101 Firefox/133.0"
195.178.110.132 - - [01/Jan/2026:08:59:26 +0000] "GET /backend/.env HTTP/1.1" 406 779 "-" "Mozilla/5.0 (Windows NT 10.0; Win64; x64; rv:133.0) Gecko/20100101 Firefox/133.0"
195.178.110.132 - - [01/Jan/2026:08:59:26 +0000] "GET /admin/.env HTTP/1.1" 406 779 "-" "Mozilla/5.0 (Windows NT 10.0; Win64; x64; rv:133.0) Gecko/20100101 Firefox/133.0"
195.178.110.132 - - [01/Jan/2026:08:59:26 +0000] "GET /.git/config HTTP/1.1" 403 1242 "-" "Mozilla/5.0 (X11; Linux x86_64) AppleWebKit/537.36 (KHTML, like Gecko) Chrome/131.0.0.0 Safari/537.36"
195.178.110.132 - - [01/Jan/2026:08:59:26 +0000] "GET /wp-config.php HTTP/1.1" 406 779 "-" "Mozilla/5.0 (Macintosh; Intel Mac OS X 10_15_7) AppleWebKit/537.36 (KHTML, like Gecko) Chrome/131.0.0.0 Safari/537.36"
195.178.110.132 - - [01/Jan/2026:08:59:26 +0000] "GET /wp-config.php.old HTTP/1.1" 406 779 "-" "Mozilla/5.0 (X11; Linux x86_64) AppleWebKit/537.36 (KHTML, like Gecko) Chrome/131.0.0.0 Safari/537.36"
195.178.110.132 - - [01/Jan/2026:08:59:26 +0000] "GET /%22/chill-x.co/wp-content/plugins/revslider/public/js/sr7.js?ver=6.7.34 HTTP/1.1" 404 55526 "https://chill-x.co/%22//chill-x.co/wp-content/plugins/revslider/public/js/sr7.js?ver=6.7.34\"" "Mozilla/5.0 (Windows NT 10.0; Win64; x64; rv:133.0) Gecko/20100101 Firefox/133.0"
195.178.110.132 - - [01/Jan/2026:08:59:26 +0000] "GET /config.php HTTP/1.1" 404 55494 "-" "Mozilla/5.0 (Windows NT 10.0; Win64; x64) AppleWebKit/537.36 (KHTML, like Gecko) Chrome/131.0.0.0 Safari/537.36"
66.249.69.162 - - [01/Jan/2026:09:01:35 +0000] "GET /?_g=353938 HTTP/1.1" 200 57609 "-" "Mozilla/5.0 (Linux; Android 6.0.1; Nexus 5X Build/MMB29P) AppleWebKit/537.36 (KHTML, like Gecko) Chrome/141.0.7390.122 Mobile Safari/537.36 (compatible; Googlebot/2.1; +http://www.google.com/bot.html)"
157.55.39.197 - - [01/Jan/2026:09:03:38 +0000] "GET /search.php?sitemap454.xml HTTP/2" 404 49635 "-" "Mozilla/5.0 AppleWebKit/537.36 (KHTML, like Gecko; compatible; bingbot/2.0; +http://www.bing.com/bingbot.htm) Chrome/116.0.1938.76 Safari/537.36"
157.55.39.54 - - [01/Jan/2026:09:06:17 +0000] "GET /222481152.html HTTP/2" 301 0 "-" "Mozilla/5.0 AppleWebKit/537.36 (KHTML, like Gecko; compatible; bingbot/2.0; +http://www.bing.com/bingbot.htm) Chrome/116.0.1938.76 Safari/537.36"
64.31.25.146 - - [01/Jan/2026:09:01:36 +0000] "POST /wp-cron.php?doing_wp_cron=1767258096.2307159900665283203125 HTTP/1.1" 403 1242 "-" "WordPress/6.9; https://chill-x.co"
66.249.69.162 - - [01/Jan/2026:09:01:44 +0000] "GET /wp-content/plugins/lastudio-element-kit/includes/extensions/swatches/assets/js/swatches.js?ver=1.5.4.1 HTTP/1.1" 200 4497 "https://chill-x.co/?_g=353938" "Mozilla/5.0 (Linux; Android 6.0.1; Nexus 5X Build/MMB29P) AppleWebKit/537.36 (KHTML, like Gecko) Chrome/141.0.7390.122 Mobile Safari/537.36 (compatible; Googlebot/2.1; +http://www.google.com/bot.html)"
64.31.25.146 - - [01/Jan/2026:09:03:41 +0000] "POST /wp-cron.php?doing_wp_cron=1767258221.5998780727386474609375 HTTP/1.1" 403 1242 "-" "WordPress/6.9; https://chill-x.co"
64.31.25.146 - - [01/Jan/2026:09:05:40 +0000] "POST /wp-cron.php?doing_wp_cron=1767258340.7695980072021484375000 HTTP/1.1" 403 1242 "-" "WordPress/6.9; https://chill-x.co"
157.55.39.57 - - [01/Jan/2026:09:05:37 +0000] "GET /?_g=439773 HTTP/2" 200 57611 "-" "Mozilla/5.0 AppleWebKit/537.36 (KHTML, like Gecko; compatible; bingbot/2.0; +http://www.bing.com/bingbot.htm) Chrome/116.0.1938.76 Safari/537.36"
64.31.25.146 - - [01/Jan/2026:09:07:41 +0000] "POST /wp-cron.php?doing_wp_cron=1767258461.6593151092529296875000 HTTP/1.1" 403 1242 "-" "WordPress/6.9; https://chill-x.co"
208.110.64.178 - - [01/Jan/2026:09:07:41 +0000] "GET /wp-includes/wpb459c2/edit.php HTTP/1.1" 404 49647 "https://chill-x.co/wp-includes/wpb459c2/edit.php" "Mozilla/5.0 (Windows NT 10.0; Win64; x64) AppleWebKit/537.36 (KHTML, like Gecko) Chrome/58.0.3029.110 Safari/537.3"
157.55.39.10 - - [01/Jan/2026:09:08:10 +0000] "GET /?_g=640492 HTTP/2" 200 57808 "-" "Mozilla/5.0 AppleWebKit/537.36 (KHTML, like Gecko; compatible; bingbot/2.0; +http://www.bing.com/bingbot.htm) Chrome/116.0.1938.76 Safari/537.36"
64.31.25.146 - - [01/Jan/2026:09:13:10 +0000] "POST /wp-cron.php?doing_wp_cron=1767258790.8657319545745849609375 HTTP/1.1" 403 1242 "-" "WordPress/6.9; https://chill-x.co"
207.46.13.78 - - [01/Jan/2026:09:17:22 +0000] "GET /?_g=301944 HTTP/2" 200 57613 "-" "Mozilla/5.0 AppleWebKit/537.36 (KHTML, like Gecko; compatible; bingbot/2.0; +http://www.bing.com/bingbot.htm) Chrome/116.0.1938.76 Safari/537.36"
204.12.252.98 - - [01/Jan/2026:09:25:41 +0000] "GET /wp-includes/wpb459c2/edit.php HTTP/1.1" 404 49647 "https://chill-x.co/wp-includes/wpb459c2/edit.php" "Mozilla/5.0 (Windows NT 10.0; Win64; x64) AppleWebKit/537.36 (KHTML, like Gecko) Chrome/58.0.3029.110 Safari/537.3"
204.12.252.98 - - [01/Jan/2026:09:25:43 +0000] "GET /wp-includes/wpb459c2/edit.php HTTP/1.1" 404 49647 "https://chill-x.co/wp-includes/wpb459c2/edit.php" "Mozilla/5.0 (Windows NT 10.0; Win64; x64) AppleWebKit/537.36 (KHTML, like Gecko) Chrome/58.0.3029.110 Safari/537.3"
64.31.25.146 - - [01/Jan/2026:09:11:41 +0000] "POST /wp-cron.php?doing_wp_cron=1767258701.2625839710235595703125 HTTP/1.1" 403 1242 "-" "WordPress/6.9; https://chill-x.co"
207.46.13.127 - - [01/Jan/2026:09:11:38 +0000] "GET /?_g=1039549 HTTP/2" 200 57609 "-" "Mozilla/5.0 AppleWebKit/537.36 (KHTML, like Gecko; compatible; bingbot/2.0; +http://www.bing.com/bingbot.htm) Chrome/116.0.1938.76 Safari/537.36"
207.46.13.51 - - [01/Jan/2026:09:13:10 +0000] "GET /?_g=770589 HTTP/2" 200 57613 "-" "Mozilla/5.0 AppleWebKit/537.36 (KHTML, like Gecko; compatible; bingbot/2.0; +http://www.bing.com/bingbot.htm) Chrome/116.0.1938.76 Safari/537.36"
64.31.25.146 - - [01/Jan/2026:09:17:25 +0000] "POST /wp-cron.php?doing_wp_cron=1767259045.4590899944305419921875 HTTP/1.1" 403 1242 "-" "WordPress/6.9; https://chill-x.co"
64.31.25.146 - - [01/Jan/2026:09:25:43 +0000] "POST /wp-cron.php?doing_wp_cron=1767259543.7409470081329345703125 HTTP/1.1" 403 1242 "-" "WordPress/6.9; https://chill-x.co"
64.31.25.146 - - [01/Jan/2026:09:25:44 +0000] "POST /wp-cron.php?doing_wp_cron=1767259544.1072189807891845703125 HTTP/1.1" 403 1242 "-" "WordPress/6.9; https://chill-x.co"
64.31.25.146 - - [01/Jan/2026:09:27:32 +0000] "POST /wp-cron.php?doing_wp_cron=1767259652.1512100696563720703125 HTTP/1.1" 403 1242 "-" "WordPress/6.9; https://chill-x.co"
52.167.144.210 - - [01/Jan/2026:09:27:31 +0000] "GET /?_g=1279852 HTTP/2" 200 57606 "-" "Mozilla/5.0 AppleWebKit/537.36 (KHTML, like Gecko; compatible; bingbot/2.0; +http://www.bing.com/bingbot.htm) Chrome/116.0.1938.76 Safari/537.36"
157.55.39.57 - - [01/Jan/2026:09:27:49 +0000] "GET /?sitemap890.xml HTTP/2" 301 0 "-" "Mozilla/5.0 AppleWebKit/537.36 (KHTML, like Gecko; compatible; bingbot/2.0; +http://www.bing.com/bingbot.htm) Chrome/116.0.1938.76 Safari/537.36"
157.55.39.57 - - [01/Jan/2026:09:27:50 +0000] "GET /?sitemap890_xml HTTP/2" 200 57615 "-" "Mozilla/5.0 AppleWebKit/537.36 (KHTML, like Gecko; compatible; bingbot/2.0; +http://www.bing.com/bingbot.htm) Chrome/116.0.1938.76 Safari/537.36"
64.31.25.146 - - [01/Jan/2026:09:29:48 +0000] "POST /wp-cron.php?doing_wp_cron=1767259788.8392210006713867187500 HTTP/1.1" 403 1242 "-" "WordPress/6.9; https://chill-x.co"
64.31.25.146 - - [01/Jan/2026:09:35:43 +0000] "POST /wp-cron.php?doing_wp_cron=1767260143.5355019569396972656250 HTTP/1.1" 403 1242 "-" "WordPress/6.9; https://chill-x.co"
64.31.25.146 - - [01/Jan/2026:09:37:28 +0000] "POST /wp-cron.php?doing_wp_cron=1767260248.9494550228118896484375 HTTP/1.1" 403 1242 "-" "WordPress/6.9; https://chill-x.co"
157.55.39.57 - - [01/Jan/2026:09:26:41 +0000] "GET /?_g=726423 HTTP/2" 200 57613 "-" "Mozilla/5.0 AppleWebKit/537.36 (KHTML, like Gecko; compatible; bingbot/2.0; +http://www.bing.com/bingbot.htm) Chrome/116.0.1938.76 Safari/537.36"
207.46.13.141 - - [01/Jan/2026:09:29:46 +0000] "GET /?_g=1306284 HTTP/2" 200 57609 "-" "Mozilla/5.0 AppleWebKit/537.36 (KHTML, like Gecko; compatible; bingbot/2.0; +http://www.bing.com/bingbot.htm) Chrome/116.0.1938.76 Safari/537.36"
40.77.167.52 - - [01/Jan/2026:09:35:42 +0000] "GET /?_g=828388 HTTP/2" 200 57611 "-" "Mozilla/5.0 AppleWebKit/537.36 (KHTML, like Gecko; compatible; bingbot/2.0; +http://www.bing.com/bingbot.htm) Chrome/116.0.1938.76 Safari/537.36"
66.249.69.161 - - [01/Jan/2026:09:36:14 +0000] "GET /?_g=958135 HTTP/1.1" 200 57609 "-" "Mozilla/5.0 (Linux; Android 6.0.1; Nexus 5X Build/MMB29P) AppleWebKit/537.36 (KHTML, like Gecko) Chrome/141.0.7390.122 Mobile Safari/537.36 (compatible; Googlebot/2.1; +http://www.google.com/bot.html)"
157.55.39.10 - - [01/Jan/2026:09:37:28 +0000] "GET /?_g=717842 HTTP/2" 200 57611 "-" "Mozilla/5.0 AppleWebKit/537.36 (KHTML, like Gecko; compatible; bingbot/2.0; +http://www.bing.com/bingbot.htm) Chrome/116.0.1938.76 Safari/537.36"
64.31.25.146 - - [01/Jan/2026:09:39:01 +0000] "POST /wp-cron.php?doing_wp_cron=1767260341.2669429779052734375000 HTTP/1.1" 403 1242 "-" "WordPress/6.9; https://chill-x.co"
157.55.39.195 - - [01/Jan/2026:09:39:00 +0000] "GET /?_g=1345045 HTTP/2" 200 57607 "-" "Mozilla/5.0 AppleWebKit/537.36 (KHTML, like Gecko; compatible; bingbot/2.0; +http://www.bing.com/bingbot.htm) Chrome/116.0.1938.76 Safari/537.36"
208.110.64.178 - - [01/Jan/2026:09:39:47 +0000] "GET /wp-includes/wpb459c2/edit.php HTTP/1.1" 404 49645 "https://chill-x.co/wp-includes/wpb459c2/edit.php" "Mozilla/5.0 (Windows NT 10.0; Win64; x64) AppleWebKit/537.36 (KHTML, like Gecko) Chrome/58.0.3029.110 Safari/537.3"
74.7.175.132 - - [01/Jan/2026:09:45:30 +0000] "GET /robots.txt HTTP/2" 401 53 "-" "Mozilla/5.0 (Macintosh; Intel Mac OS X 10_15_7) AppleWebKit/537.36 (KHTML, like Gecko) Chrome/131.0.0.0 Safari/537.36; compatible; OAI-SearchBot/1.3; robots.txt; +https://openai.com/searchbot"
74.7.227.140 - - [01/Jan/2026:09:45:30 +0000] "GET / HTTP/2" 401 53 "-" "Mozilla/5.0 AppleWebKit/537.36 (KHTML, like Gecko; compatible; GPTBot/1.3; +https://openai.com/gptbot)"
207.46.13.107 - - [01/Jan/2026:09:46:40 +0000] "GET /?_g=1110097 HTTP/2" 200 57608 "-" "Mozilla/5.0 AppleWebKit/537.36 (KHTML, like Gecko; compatible; bingbot/2.0; +http://www.bing.com/bingbot.htm) Chrome/116.0.1938.76 Safari/537.36"
64.31.25.146 - - [01/Jan/2026:09:48:32 +0000] "POST /wp-cron.php?doing_wp_cron=1767260912.0541059970855712890625 HTTP/1.1" 403 1242 "-" "WordPress/6.9; https://chill-x.co"
66.249.69.161 - - [01/Jan/2026:09:48:29 +0000] "GET /14984343.shtml HTTP/1.1" 404 49641 "-" "Mozilla/5.0 (Linux; Android 6.0.1; Nexus 5X Build/MMB29P) AppleWebKit/537.36 (KHTML, like Gecko) Chrome/141.0.7390.122 Mobile Safari/537.36 (compatible; Googlebot/2.1; +http://www.google.com/bot.html)"
52.167.144.216 - - [01/Jan/2026:09:49:22 +0000] "GET /?_g=238909 HTTP/2" 200 57613 "-" "Mozilla/5.0 AppleWebKit/537.36 (KHTML, like Gecko; compatible; bingbot/2.0; +http://www.bing.com/bingbot.htm) Chrome/116.0.1938.76 Safari/537.36"
64.31.25.146 - - [01/Jan/2026:09:49:39 +0000] "POST /wp-cron.php?doing_wp_cron=1767260979.0247159004211425781250 HTTP/1.1" 403 1242 "-" "WordPress/6.9; https://chill-x.co"
64.31.25.146 - - [01/Jan/2026:09:52:44 +0000] "POST /wp-cron.php?doing_wp_cron=1767261164.4402101039886474609375 HTTP/1.1" 403 1242 "-" "WordPress/6.9; https://chill-x.co"
74.7.241.171 - - [01/Jan/2026:09:53:03 +0000] "GET /robots.txt HTTP/2" 200 101 "-" "Mozilla/5.0 (Macintosh; Intel Mac OS X 10_15_7) AppleWebKit/537.36 (KHTML, like Gecko) Chrome/131.0.0.0 Safari/537.36; compatible; OAI-SearchBot/1.3; robots.txt; +https://openai.com/searchbot"
74.7.227.161 - - [01/Jan/2026:09:53:03 +0000] "GET /sitemap.xml HTTP/2" 301 0 "-" "Mozilla/5.0 AppleWebKit/537.36 (KHTML, like Gecko; compatible; GPTBot/1.3; +https://openai.com/gptbot)"
74.7.227.161 - - [01/Jan/2026:09:53:03 +0000] "GET /sitemaps.xml HTTP/2" 200 182 "-" "Mozilla/5.0 AppleWebKit/537.36 (KHTML, like Gecko; compatible; GPTBot/1.3; +https://openai.com/gptbot)"
64.31.25.146 - - [01/Jan/2026:09:57:15 +0000] "POST /wp-cron.php?doing_wp_cron=1767261435.2176330089569091796875 HTTP/1.1" 403 1242 "-" "WordPress/6.9; https://chill-x.co"
207.46.13.54 - - [01/Jan/2026:09:57:14 +0000] "GET /?_g=937356 HTTP/2" 200 57613 "-" "Mozilla/5.0 AppleWebKit/537.36 (KHTML, like Gecko; compatible; bingbot/2.0; +http://www.bing.com/bingbot.htm) Chrome/116.0.1938.76 Safari/537.36"
64.31.25.146 - - [01/Jan/2026:09:46:18 +0000] "POST /wp-cron.php?doing_wp_cron=1767260778.6956899166107177734375 HTTP/1.1" 403 1242 "-" "WordPress/6.9; https://chill-x.co"
207.46.13.78 - - [01/Jan/2026:09:46:15 +0000] "GET /?_g=239275 HTTP/2" 200 57613 "-" "Mozilla/5.0 AppleWebKit/537.36 (KHTML, like Gecko; compatible; bingbot/2.0; +http://www.bing.com/bingbot.htm) Chrome/116.0.1938.76 Safari/537.36"
207.46.13.6 - - [01/Jan/2026:09:46:29 +0000] "GET /?_g=354189 HTTP/2" 200 57611 "-" "Mozilla/5.0 AppleWebKit/537.36 (KHTML, like Gecko; compatible; bingbot/2.0; +http://www.bing.com/bingbot.htm) Chrome/116.0.1938.76 Safari/537.36"
40.77.167.42 - - [01/Jan/2026:09:49:38 +0000] "GET /en-us/play/games/Hotel-Rush:-Merge-Story/cg-9npzt17ftvz4 HTTP/2" 301 0 "-" "Mozilla/5.0 AppleWebKit/537.36 (KHTML, like Gecko; compatible; bingbot/2.0; +http://www.bing.com/bingbot.htm) Chrome/116.0.1938.76 Safari/537.36"
207.46.13.54 - - [01/Jan/2026:09:49:52 +0000] "GET /?_g=956313 HTTP/2" 200 57613 "-" "Mozilla/5.0 AppleWebKit/537.36 (KHTML, like Gecko; compatible; bingbot/2.0; +http://www.bing.com/bingbot.htm) Chrome/116.0.1938.76 Safari/537.36"
52.167.144.216 - - [01/Jan/2026:09:52:43 +0000] "GET /?_g=935422 HTTP/2" 200 57613 "-" "Mozilla/5.0 AppleWebKit/537.36 (KHTML, like Gecko; compatible; bingbot/2.0; +http://www.bing.com/bingbot.htm) Chrome/116.0.1938.76 Safari/537.36"
64.31.25.146 - - [01/Jan/2026:09:54:25 +0000] "POST /wp-cron.php?doing_wp_cron=1767261265.4675319194793701171875 HTTP/1.1" 403 1242 "-" "WordPress/6.9; https://chill-x.co"
52.167.144.193 - - [01/Jan/2026:09:54:24 +0000] "GET /?_g=147712 HTTP/2" 200 57612 "-" "Mozilla/5.0 AppleWebKit/537.36 (KHTML, like Gecko; compatible; bingbot/2.0; +http://www.bing.com/bingbot.htm) Chrome/116.0.1938.76 Safari/537.36"
208.110.64.178 - - [01/Jan/2026:10:01:02 +0000] "GET /wp-includes/wpb459c2/edit.php HTTP/1.1" 404 49647 "https://chill-x.co/wp-includes/wpb459c2/edit.php" "Mozilla/5.0 (Windows NT 10.0; Win64; x64) AppleWebKit/537.36 (KHTML, like Gecko) Chrome/58.0.3029.110 Safari/537.3"
66.249.69.161 - - [01/Jan/2026:10:05:13 +0000] "GET /wp-content/plugins/woocommerce/assets/js/frontend/country-select.min.js?ver=9.9.5 HTTP/1.1" 200 1731 "https://chill-x.co/?_g=603003" "Mozilla/5.0 (Linux; Android 6.0.1; Nexus 5X Build/MMB29P) AppleWebKit/537.36 (KHTML, like Gecko) Chrome/141.0.7390.122 Mobile Safari/537.36 (compatible; Googlebot/2.1; +http://www.google.com/bot.html)"
52.167.144.211 - - [01/Jan/2026:10:05:14 +0000] "GET /?_g=941326 HTTP/2" 200 57613 "-" "Mozilla/5.0 AppleWebKit/537.36 (KHTML, like Gecko; compatible; bingbot/2.0; +http://www.bing.com/bingbot.htm) Chrome/116.0.1938.76 Safari/537.36"
157.55.39.10 - - [01/Jan/2026:10:05:25 +0000] "GET /?_g=825142 HTTP/2" 200 57610 "-" "Mozilla/5.0 AppleWebKit/537.36 (KHTML, like Gecko; compatible; bingbot/2.0; +http://www.bing.com/bingbot.htm) Chrome/116.0.1938.76 Safari/537.36"
64.31.25.146 - - [01/Jan/2026:10:07:19 +0000] "POST /wp-cron.php?doing_wp_cron=1767262039.6328289508819580078125 HTTP/1.1" 403 1242 "-" "WordPress/6.9; https://chill-x.co"
157.55.39.61 - - [01/Jan/2026:10:07:18 +0000] "GET /?_g=624989 HTTP/2" 200 57610 "-" "Mozilla/5.0 AppleWebKit/537.36 (KHTML, like Gecko; compatible; bingbot/2.0; +http://www.bing.com/bingbot.htm) Chrome/116.0.1938.76 Safari/537.36"
64.31.25.146 - - [01/Jan/2026:10:09:09 +0000] "POST /wp-cron.php?doing_wp_cron=1767262149.8021550178527832031250 HTTP/1.1" 403 1242 "-" "WordPress/6.9; https://chill-x.co"
64.31.25.146 - - [01/Jan/2026:10:10:12 +0000] "POST /wp-cron.php?doing_wp_cron=1767262212.0554800033569335937500 HTTP/1.1" 403 1242 "-" "WordPress/6.9; https://chill-x.co"
64.31.25.146 - - [01/Jan/2026:10:15:40 +0000] "POST /wp-cron.php?doing_wp_cron=1767262540.7780458927154541015625 HTTP/1.1" 403 1242 "-" "WordPress/6.9; https://chill-x.co"
157.55.39.60 - - [01/Jan/2026:10:15:39 +0000] "GET /?_g=1265488 HTTP/2" 200 57606 "-" "Mozilla/5.0 AppleWebKit/537.36 (KHTML, like Gecko; compatible; bingbot/2.0; +http://www.bing.com/bingbot.htm) Chrome/116.0.1938.76 Safari/537.36"
64.31.25.146 - - [01/Jan/2026:10:01:03 +0000] "POST /wp-cron.php?doing_wp_cron=1767261663.0559709072113037109375 HTTP/1.1" 403 1242 "-" "WordPress/6.9; https://chill-x.co"
208.110.64.178 - - [01/Jan/2026:10:01:00 +0000] "GET /wp-includes/wpb459c2/edit.php HTTP/1.1" 404 49646 "https://chill-x.co/wp-includes/wpb459c2/edit.php" "Mozilla/5.0 (Windows NT 10.0; Win64; x64) AppleWebKit/537.36 (KHTML, like Gecko) Chrome/58.0.3029.110 Safari/537.3"
64.31.25.146 - - [01/Jan/2026:10:01:03 +0000] "POST /wp-cron.php?doing_wp_cron=1767261663.1772229671478271484375 HTTP/1.1" 403 1242 "-" "WordPress/6.9; https://chill-x.co"
157.55.39.61 - - [01/Jan/2026:10:01:55 +0000] "GET /?sitemap139.xml HTTP/2" 301 0 "-" "Mozilla/5.0 AppleWebKit/537.36 (KHTML, like Gecko; compatible; bingbot/2.0; +http://www.bing.com/bingbot.htm) Chrome/116.0.1938.76 Safari/537.36"
157.55.39.61 - - [01/Jan/2026:10:01:56 +0000] "GET /?sitemap139_xml HTTP/2" 200 57620 "-" "Mozilla/5.0 AppleWebKit/537.36 (KHTML, like Gecko; compatible; bingbot/2.0; +http://www.bing.com/bingbot.htm) Chrome/116.0.1938.76 Safari/537.36"
64.31.25.146 - - [01/Jan/2026:10:05:05 +0000] "POST /wp-cron.php?doing_wp_cron=1767261905.2308900356292724609375 HTTP/1.1" 403 1242 "-" "WordPress/6.9; https://chill-x.co"
66.249.69.162 - - [01/Jan/2026:10:05:04 +0000] "GET /?_g=603003 HTTP/1.1" 200 57609 "-" "Mozilla/5.0 (Linux; Android 6.0.1; Nexus 5X Build/MMB29P) AppleWebKit/537.36 (KHTML, like Gecko) Chrome/141.0.7390.122 Mobile Safari/537.36 (compatible; Googlebot/2.1; +http://www.google.com/bot.html)"
157.55.39.60 - - [01/Jan/2026:10:09:09 +0000] "GET /?_g=376038 HTTP/2" 200 57613 "-" "Mozilla/5.0 AppleWebKit/537.36 (KHTML, like Gecko; compatible; bingbot/2.0; +http://www.bing.com/bingbot.htm) Chrome/116.0.1938.76 Safari/537.36"
66.249.69.161 - - [01/Jan/2026:10:10:11 +0000] "GET /?_g=893889 HTTP/1.1" 200 57622 "-" "Mozilla/5.0 (Linux; Android 6.0.1; Nexus 5X Build/MMB29P) AppleWebKit/537.36 (KHTML, like Gecko) Chrome/141.0.7390.122 Mobile Safari/537.36 (compatible; Googlebot/2.1; +http://www.google.com/bot.html)"
66.249.69.161 - - [01/Jan/2026:10:10:15 +0000] "GET /wp-content/plugins/elementor/assets/js/frontend-modules.min.js?ver=3.29.2 HTTP/1.1" 200 15147 "https://chill-x.co/?_g=893889" "Mozilla/5.0 (Linux; Android 6.0.1; Nexus 5X Build/MMB29P) AppleWebKit/537.36 (KHTML, like Gecko) Chrome/141.0.7390.122 Mobile Safari/537.36 (compatible; Googlebot/2.1; +http://www.google.com/bot.html)"
66.249.69.161 - - [01/Jan/2026:10:10:19 +0000] "GET /wp-content/plugins/lastudio-element-kit/assets/js/lib/isotope.pkgd.min.js?ver=1.5.4.1 HTTP/1.1" 200 10269 "https://chill-x.co/?_g=893889" "Mozilla/5.0 (Linux; Android 6.0.1; Nexus 5X Build/MMB29P) AppleWebKit/537.36 (KHTML, like Gecko) Chrome/141.0.7390.122 Mobile Safari/537.36 (compatible; Googlebot/2.1; +http://www.google.com/bot.html)"
66.249.69.161 - - [01/Jan/2026:10:10:21 +0000] "GET /wp-content/uploads/2025/06/akali-svg-asterisk.svg HTTP/1.1" 200 352 "https://chill-x.co/?_g=893889" "Mozilla/5.0 (Linux; Android 6.0.1; Nexus 5X Build/MMB29P) AppleWebKit/537.36 (KHTML, like Gecko) Chrome/141.0.7390.122 Mobile Safari/537.36 (compatible; Googlebot/2.1; +http://www.google.com/bot.html)"
74.7.244.39 - - [01/Jan/2026:10:12:05 +0000] "GET /robots.txt HTTP/2" 200 26 "-" "Mozilla/5.0 (Macintosh; Intel Mac OS X 10_15_7) AppleWebKit/537.36 (KHTML, like Gecko) Chrome/131.0.0.0 Safari/537.36; compatible; OAI-SearchBot/1.3; robots.txt; +https://openai.com/searchbot"
207.46.13.141 - - [01/Jan/2026:10:17:24 +0000] "GET /?_g=1144311 HTTP/2" 200 57610 "-" "Mozilla/5.0 AppleWebKit/537.36 (KHTML, like Gecko; compatible; bingbot/2.0; +http://www.bing.com/bingbot.htm) Chrome/116.0.1938.76 Safari/537.36"
40.77.167.79 - - [01/Jan/2026:10:22:25 +0000] "GET /?_g=720353 HTTP/2" 200 57613 "-" "Mozilla/5.0 AppleWebKit/537.36 (KHTML, like Gecko; compatible; bingbot/2.0; +http://www.bing.com/bingbot.htm) Chrome/116.0.1938.76 Safari/537.36"
64.31.25.146 - - [01/Jan/2026:10:28:09 +0000] "POST /wp-cron.php?doing_wp_cron=1767263289.7211449146270751953125 HTTP/1.1" 403 1242 "-" "WordPress/6.9; https://chill-x.co"
64.31.25.146 - - [01/Jan/2026:10:31:39 +0000] "POST /wp-cron.php?doing_wp_cron=1767263499.5567550659179687500000 HTTP/1.1" 403 1242 "-" "WordPress/6.9; https://chill-x.co"
64.31.25.146 - - [01/Jan/2026:10:17:25 +0000] "POST /wp-cron.php?doing_wp_cron=1767262645.7143049240112304687500 HTTP/1.1" 403 1242 "-" "WordPress/6.9; https://chill-x.co"
64.31.25.146 - - [01/Jan/2026:10:22:28 +0000] "POST /wp-cron.php?doing_wp_cron=1767262948.3348259925842285156250 HTTP/1.1" 403 1242 "-" "WordPress/6.9; https://chill-x.co"
157.55.39.13 - - [01/Jan/2026:10:28:07 +0000] "GET /?_g=181918 HTTP/2" 200 57611 "-" "Mozilla/5.0 AppleWebKit/537.36 (KHTML, like Gecko; compatible; bingbot/2.0; +http://www.bing.com/bingbot.htm) Chrome/116.0.1938.76 Safari/537.36"
52.167.144.238 - - [01/Jan/2026:10:31:36 +0000] "GET /?_g=592956 HTTP/2" 200 57613 "-" "Mozilla/5.0 AppleWebKit/537.36 (KHTML, like Gecko; compatible; bingbot/2.0; +http://www.bing.com/bingbot.htm) Chrome/116.0.1938.76 Safari/537.36"
208.110.64.178 - - [01/Jan/2026:10:32:27 +0000] "GET /wp-includes/wpb459c2/edit.php HTTP/1.1" 404 49645 "https://chill-x.co/wp-includes/wpb459c2/edit.php" "Mozilla/5.0 (Windows NT 10.0; Win64; x64) AppleWebKit/537.36 (KHTML, like Gecko) Chrome/58.0.3029.110 Safari/537.3"
64.31.25.146 - - [01/Jan/2026:10:33:56 +0000] "POST /wp-cron.php?doing_wp_cron=1767263636.3423590660095214843750 HTTP/1.1" 403 1242 "-" "WordPress/6.9; https://chill-x.co"
207.46.13.54 - - [01/Jan/2026:10:33:55 +0000] "GET /365841223.shtml HTTP/2" 404 49633 "-" "Mozilla/5.0 AppleWebKit/537.36 (KHTML, like Gecko; compatible; bingbot/2.0; +http://www.bing.com/bingbot.htm) Chrome/116.0.1938.76 Safari/537.36"
40.77.167.159 - - [01/Jan/2026:10:36:34 +0000] "GET /?_g=1086867 HTTP/2" 200 57606 "-" "Mozilla/5.0 AppleWebKit/537.36 (KHTML, like Gecko; compatible; bingbot/2.0; +http://www.bing.com/bingbot.htm) Chrome/116.0.1938.76 Safari/537.36"
74.7.227.136 - - [01/Jan/2026:10:36:45 +0000] "GET / HTTP/2" 301 0 "-" "Mozilla/5.0 AppleWebKit/537.36 (KHTML, like Gecko; compatible; GPTBot/1.3; +https://openai.com/gptbot)"
64.31.25.146 - - [01/Jan/2026:10:38:17 +0000] "POST /wp-cron.php?doing_wp_cron=1767263897.7372291088104248046875 HTTP/1.1" 403 1242 "-" "WordPress/6.9; https://chill-x.co"
157.55.39.197 - - [01/Jan/2026:10:38:16 +0000] "GET /?_g=1326035 HTTP/2" 200 57607 "-" "Mozilla/5.0 AppleWebKit/537.36 (KHTML, like Gecko; compatible; bingbot/2.0; +http://www.bing.com/bingbot.htm) Chrome/116.0.1938.76 Safari/537.36"
64.31.25.146 - - [01/Jan/2026:10:43:20 +0000] "POST /wp-cron.php?doing_wp_cron=1767264200.0262360572814941406250 HTTP/1.1" 403 1242 "-" "WordPress/6.9; https://chill-x.co"
157.55.39.197 - - [01/Jan/2026:10:46:27 +0000] "GET /?_g=383424 HTTP/2" 200 57611 "-" "Mozilla/5.0 AppleWebKit/537.36 (KHTML, like Gecko; compatible; bingbot/2.0; +http://www.bing.com/bingbot.htm) Chrome/116.0.1938.76 Safari/537.36"
64.31.25.146 - - [01/Jan/2026:10:46:41 +0000] "POST /wp-cron.php?doing_wp_cron=1767264401.7559289932250976562500 HTTP/1.1" 403 1242 "-" "WordPress/6.9; https://chill-x.co"
66.249.69.163 - - [01/Jan/2026:10:46:41 +0000] "GET /?_g=1158819 HTTP/1.1" 200 57607 "-" "Mozilla/5.0 (Linux; Android 6.0.1; Nexus 5X Build/MMB29P) AppleWebKit/537.36 (KHTML, like Gecko) Chrome/141.0.7390.122 Mobile Safari/537.36 (compatible; Googlebot/2.1; +http://www.google.com/bot.html)"
64.31.25.146 - - [01/Jan/2026:10:36:36 +0000] "POST /wp-cron.php?doing_wp_cron=1767263796.9041268825531005859375 HTTP/1.1" 403 1242 "-" "WordPress/6.9; https://chill-x.co"
74.7.244.46 - - [01/Jan/2026:10:36:45 +0000] "GET /robots.txt HTTP/2" 200 101 "-" "Mozilla/5.0 (Macintosh; Intel Mac OS X 10_15_7) AppleWebKit/537.36 (KHTML, like Gecko) Chrome/131.0.0.0 Safari/537.36; compatible; OAI-SearchBot/1.3; robots.txt; +https://openai.com/searchbot"
74.7.227.161 - - [01/Jan/2026:10:36:46 +0000] "GET / HTTP/2" 200 57590 "-" "Mozilla/5.0 AppleWebKit/537.36 (KHTML, like Gecko; compatible; GPTBot/1.3; +https://openai.com/gptbot)"
157.55.39.60 - - [01/Jan/2026:10:43:19 +0000] "GET /?_g=1267249 HTTP/2" 200 57607 "-" "Mozilla/5.0 AppleWebKit/537.36 (KHTML, like Gecko; compatible; bingbot/2.0; +http://www.bing.com/bingbot.htm) Chrome/116.0.1938.76 Safari/537.36"
64.31.25.146 - - [01/Jan/2026:10:45:29 +0000] "POST /wp-cron.php?doing_wp_cron=1767264329.7137179374694824218750 HTTP/1.1" 403 1242 "-" "WordPress/6.9; https://chill-x.co"
207.46.13.6 - - [01/Jan/2026:10:45:29 +0000] "GET /164563399.shtml HTTP/2" 404 49637 "-" "Mozilla/5.0 AppleWebKit/537.36 (KHTML, like Gecko; compatible; bingbot/2.0; +http://www.bing.com/bingbot.htm) Chrome/116.0.1938.76 Safari/537.36"
52.167.144.218 - - [01/Jan/2026:10:46:09 +0000] "GET /?_g=736745 HTTP/2" 200 57613 "-" "Mozilla/5.0 AppleWebKit/537.36 (KHTML, like Gecko; compatible; bingbot/2.0; +http://www.bing.com/bingbot.htm) Chrome/116.0.1938.76 Safari/537.36"
207.46.13.6 - - [01/Jan/2026:10:46:14 +0000] "GET /?_g=458547 HTTP/2" 200 57610 "-" "Mozilla/5.0 AppleWebKit/537.36 (KHTML, like Gecko; compatible; bingbot/2.0; +http://www.bing.com/bingbot.htm) Chrome/116.0.1938.76 Safari/537.36"
66.249.69.163 - - [01/Jan/2026:10:47:05 +0000] "GET /?_g=1338728 HTTP/1.1" 200 57607 "-" "Mozilla/5.0 (Linux; Android 6.0.1; Nexus 5X Build/MMB29P) AppleWebKit/537.36 (KHTML, like Gecko) Chrome/141.0.7390.122 Mobile Safari/537.36 (compatible; Googlebot/2.1; +http://www.google.com/bot.html)"
208.110.64.178 - - [01/Jan/2026:10:47:20 +0000] "GET /wp-includes/wpb459c2/edit.php HTTP/1.1" 404 49645 "https://chill-x.co/wp-includes/wpb459c2/edit.php" "Mozilla/5.0 (Windows NT 10.0; Win64; x64) AppleWebKit/537.36 (KHTML, like Gecko) Chrome/58.0.3029.110 Safari/537.3"
64.31.25.146 - - [01/Jan/2026:10:50:29 +0000] "POST /wp-cron.php?doing_wp_cron=1767264629.6059539318084716796875 HTTP/1.1" 403 1242 "-" "WordPress/6.9; https://chill-x.co"
40.77.167.51 - - [01/Jan/2026:10:47:18 +0000] "GET /?_g=953076 HTTP/2" 200 57613 "-" "Mozilla/5.0 AppleWebKit/537.36 (KHTML, like Gecko; compatible; bingbot/2.0; +http://www.bing.com/bingbot.htm) Chrome/116.0.1938.76 Safari/537.36"
64.31.25.146 - - [01/Jan/2026:10:48:00 +0000] "POST /wp-cron.php?doing_wp_cron=1767264480.9781520366668701171875 HTTP/1.1" 403 1242 "-" "WordPress/6.9; https://chill-x.co"
66.249.69.162 - - [01/Jan/2026:10:48:00 +0000] "GET /?_g=1048915 HTTP/1.1" 200 57606 "-" "Mozilla/5.0 (Linux; Android 6.0.1; Nexus 5X Build/MMB29P) AppleWebKit/537.36 (KHTML, like Gecko) Chrome/141.0.7390.122 Mobile Safari/537.36 (compatible; Googlebot/2.1; +http://www.google.com/bot.html)"
207.46.13.168 - - [01/Jan/2026:10:50:26 +0000] "GET /?_g=613107 HTTP/2" 200 57609 "-" "Mozilla/5.0 AppleWebKit/537.36 (KHTML, like Gecko; compatible; bingbot/2.0; +http://www.bing.com/bingbot.htm) Chrome/116.0.1938.76 Safari/537.36"
64.31.25.146 - - [01/Jan/2026:10:53:21 +0000] "POST /wp-cron.php?doing_wp_cron=1767264801.1268770694732666015625 HTTP/1.1" 403 1242 "-" "WordPress/6.9; https://chill-x.co"
64.31.25.146 - - [01/Jan/2026:10:53:21 +0000] "POST /wp-cron.php?doing_wp_cron=1767264801.1268799304962158203125 HTTP/1.1" 403 1242 "-" "WordPress/6.9; https://chill-x.co"
40.77.167.41 - - [01/Jan/2026:10:53:19 +0000] "GET /?_g=536494 HTTP/2" 200 57613 "-" "Mozilla/5.0 AppleWebKit/537.36 (KHTML, like Gecko; compatible; bingbot/2.0; +http://www.bing.com/bingbot.htm) Chrome/116.0.1938.76 Safari/537.36"
64.31.25.146 - - [01/Jan/2026:10:56:20 +0000] "POST /wp-cron.php?doing_wp_cron=1767264980.0379500389099121093750 HTTP/1.1" 403 1242 "-" "WordPress/6.9; https://chill-x.co"
66.249.69.163 - - [01/Jan/2026:10:53:18 +0000] "GET /?_g=1004834 HTTP/1.1" 200 57606 "-" "Mozilla/5.0 (Linux; Android 6.0.1; Nexus 5X Build/MMB29P) AppleWebKit/537.36 (KHTML, like Gecko) Chrome/141.0.7390.122 Mobile Safari/537.36 (compatible; Googlebot/2.1; +http://www.google.com/bot.html)"
207.46.13.168 - - [01/Jan/2026:10:56:19 +0000] "GET /300403004.shtml HTTP/2" 404 49634 "-" "Mozilla/5.0 AppleWebKit/537.36 (KHTML, like Gecko; compatible; bingbot/2.0; +http://www.bing.com/bingbot.htm) Chrome/116.0.1938.76 Safari/537.36"
207.46.13.78 - - [01/Jan/2026:10:59:43 +0000] "GET /361695620.shtml HTTP/2" 404 49635 "-" "Mozilla/5.0 AppleWebKit/537.36 (KHTML, like Gecko; compatible; bingbot/2.0; +http://www.bing.com/bingbot.htm) Chrome/116.0.1938.76 Safari/537.36"
74.7.175.158 - - [01/Jan/2026:11:00:23 +0000] "GET /robots.txt HTTP/2" 401 53 "-" "Mozilla/5.0 (Macintosh; Intel Mac OS X 10_15_7) AppleWebKit/537.36 (KHTML, like Gecko) Chrome/131.0.0.0 Safari/537.36; compatible; OAI-SearchBot/1.3; robots.txt; +https://openai.com/searchbot"
64.31.25.146 - - [01/Jan/2026:11:00:50 +0000] "POST /wp-cron.php?doing_wp_cron=1767265250.7089738845825195312500 HTTP/1.1" 403 1242 "-" "WordPress/6.9; https://chill-x.co"
157.55.39.194 - - [01/Jan/2026:11:00:49 +0000] "GET /?_g=577438 HTTP/2" 200 57611 "-" "Mozilla/5.0 AppleWebKit/537.36 (KHTML, like Gecko; compatible; bingbot/2.0; +http://www.bing.com/bingbot.htm) Chrome/116.0.1938.76 Safari/537.36"
40.77.167.54 - - [01/Jan/2026:11:01:20 +0000] "GET /?_g=438197 HTTP/2" 200 57610 "-" "Mozilla/5.0 AppleWebKit/537.36 (KHTML, like Gecko; compatible; bingbot/2.0; +http://www.bing.com/bingbot.htm) Chrome/116.0.1938.76 Safari/537.36"
64.31.25.146 - - [01/Jan/2026:10:59:32 +0000] "POST /wp-cron.php?doing_wp_cron=1767265172.0910749435424804687500 HTTP/1.1" 403 1242 "-" "WordPress/6.9; https://chill-x.co"
52.167.144.227 - - [01/Jan/2026:10:59:29 +0000] "GET /230247897.shtml HTTP/2" 404 49633 "-" "Mozilla/5.0 AppleWebKit/537.36 (KHTML, like Gecko; compatible; bingbot/2.0; +http://www.bing.com/bingbot.htm) Chrome/116.0.1938.76 Safari/537.36"
74.7.242.17 - - [01/Jan/2026:11:00:24 +0000] "GET / HTTP/2" 401 53 "-" "Mozilla/5.0 AppleWebKit/537.36 (KHTML, like Gecko; compatible; GPTBot/1.3; +https://openai.com/gptbot)"
64.31.25.146 - - [01/Jan/2026:11:13:42 +0000] "POST /wp-cron.php?doing_wp_cron=1767266022.9552330970764160156250 HTTP/1.1" 403 1242 "-" "WordPress/6.9; https://chill-x.co"
157.55.39.197 - - [01/Jan/2026:11:13:40 +0000] "GET /275074976.shtml HTTP/2" 404 49636 "-" "Mozilla/5.0 AppleWebKit/537.36 (KHTML, like Gecko; compatible; bingbot/2.0; +http://www.bing.com/bingbot.htm) Chrome/116.0.1938.76 Safari/537.36"
64.31.25.146 - - [01/Jan/2026:11:16:39 +0000] "POST /wp-cron.php?doing_wp_cron=1767266199.8254520893096923828125 HTTP/1.1" 403 1242 "-" "WordPress/6.9; https://chill-x.co"
52.167.144.156 - - [01/Jan/2026:11:13:46 +0000] "GET /?_g=370683 HTTP/2" 200 57613 "-" "Mozilla/5.0 AppleWebKit/537.36 (KHTML, like Gecko; compatible; bingbot/2.0; +http://www.bing.com/bingbot.htm) Chrome/116.0.1938.76 Safari/537.36"
208.110.64.178 - - [01/Jan/2026:11:16:39 +0000] "GET /wp-includes/wpb459c2/edit.php HTTP/1.1" 404 49647 "https://chill-x.co/wp-includes/wpb459c2/edit.php" "Mozilla/5.0 (Windows NT 10.0; Win64; x64) AppleWebKit/537.36 (KHTML, like Gecko) Chrome/58.0.3029.110 Safari/537.3"
66.249.69.162 - - [01/Jan/2026:11:18:29 +0000] "GET /?_g=1057377 HTTP/1.1" 200 57607 "-" "Mozilla/5.0 (Linux; Android 6.0.1; Nexus 5X Build/MMB29P) AppleWebKit/537.36 (KHTML, like Gecko) Chrome/141.0.7390.122 Mobile Safari/537.36 (compatible; Googlebot/2.1; +http://www.google.com/bot.html)"
74.7.230.20 - - [01/Jan/2026:11:20:41 +0000] "GET /robots.txt HTTP/2" 200 101 "-" "Mozilla/5.0 (Macintosh; Intel Mac OS X 10_15_7) AppleWebKit/537.36 (KHTML, like Gecko) Chrome/131.0.0.0 Safari/537.36; compatible; OAI-SearchBot/1.3; robots.txt; +https://openai.com/searchbot"
64.31.25.146 - - [01/Jan/2026:11:20:42 +0000] "POST /wp-cron.php?doing_wp_cron=1767266442.1037199497222900390625 HTTP/1.1" 403 1242 "-" "WordPress/6.9; https://chill-x.co"
74.7.227.151 - - [01/Jan/2026:11:20:41 +0000] "GET / HTTP/2" 301 0 "-" "Mozilla/5.0 AppleWebKit/537.36 (KHTML, like Gecko; compatible; GPTBot/1.3; +https://openai.com/gptbot)"
64.31.25.146 - - [01/Jan/2026:11:22:18 +0000] "POST /wp-cron.php?doing_wp_cron=1767266538.2552759647369384765625 HTTP/1.1" 403 1242 "-" "WordPress/6.9; https://chill-x.co"
207.46.13.51 - - [01/Jan/2026:11:22:17 +0000] "GET /303759841.shtml HTTP/2" 404 49633 "-" "Mozilla/5.0 AppleWebKit/537.36 (KHTML, like Gecko; compatible; bingbot/2.0; +http://www.bing.com/bingbot.htm) Chrome/116.0.1938.76 Safari/537.36"
64.31.25.146 - - [01/Jan/2026:11:25:05 +0000] "POST /wp-cron.php?doing_wp_cron=1767266705.0157001018524169921875 HTTP/1.1" 403 1242 "-" "WordPress/6.9; https://chill-x.co"
207.46.13.168 - - [01/Jan/2026:11:25:02 +0000] "GET /?_g=693737 HTTP/2" 200 57611 "-" "Mozilla/5.0 AppleWebKit/537.36 (KHTML, like Gecko; compatible; bingbot/2.0; +http://www.bing.com/bingbot.htm) Chrome/116.0.1938.76 Safari/537.36"
64.31.25.146 - - [01/Jan/2026:11:17:47 +0000] "POST /wp-cron.php?doing_wp_cron=1767266267.6085989475250244140625 HTTP/1.1" 403 1242 "-" "WordPress/6.9; https://chill-x.co"
66.249.69.163 - - [01/Jan/2026:11:17:46 +0000] "GET /?_g=1231914 HTTP/1.1" 200 57606 "-" "Mozilla/5.0 (Linux; Android 6.0.1; Nexus 5X Build/MMB29P) AppleWebKit/537.36 (KHTML, like Gecko) Chrome/141.0.7390.122 Mobile Safari/537.36 (compatible; Googlebot/2.1; +http://www.google.com/bot.html)"
66.249.87.66 - - [01/Jan/2026:11:18:15 +0000] "GET /?_g=1137343 HTTP/1.1" 200 57607 "-" "Mozilla/5.0 (X11; Linux x86_64) AppleWebKit/537.36 (KHTML, like Gecko) Chrome/141.0.7390.122 Safari/537.36"


Current_dir [ NOT WRITEABLE ] Document_root [ WRITEABLE ]


[ Back ]
NAME
SIZE
LAST TOUCH
USER
CAN-I?
FUNCTIONS
..
--
1 Jan 2026 11.33 AM
root / wheel
0711
7brand-sa.com.zera-sa.com
2.623 KB
1 Jan 2026 8.57 AM
root / zerasaco
0640
7brand-sa.com.zera-sa.com-ssl_log
0.796 KB
1 Jan 2026 9.59 AM
root / zerasaco
0640
aknanalmodon.com.zera-sa.com
2.312 KB
1 Jan 2026 8.56 AM
root / zerasaco
0640
aknanalmodon.com.zera-sa.com-ssl_log
0.395 KB
31 Dec 2025 8.28 PM
root / zerasaco
0640
chill-x.co.zera-sa.com
19.328 KB
1 Jan 2026 8.51 AM
root / zerasaco
0640
chill-x.co.zera-sa.com-ssl_log
383.747 KB
1 Jan 2026 11.26 AM
root / zerasaco
0640
cs.zera-sa.com
0.185 KB
1 Jan 2026 12.58 AM
root / zerasaco
0640
cs.zera-sa.com-ssl_log
0.375 KB
31 Dec 2025 10.26 PM
root / zerasaco
0640
digital.zera-sa.com
1.193 KB
1 Jan 2026 2.40 AM
root / zerasaco
0640
digital.zera-sa.com-ssl_log
2.17 MB
1 Jan 2026 11.17 AM
root / zerasaco
0640
dsf-sa.com.zera-sa.com
2.363 KB
1 Jan 2026 8.57 AM
root / zerasaco
0640
dsf-sa.com.zera-sa.com-ssl_log
0.189 KB
31 Dec 2025 10.44 PM
root / zerasaco
0640
feelings-sa.com.zera-sa.com
2.37 KB
1 Jan 2026 8.56 AM
root / zerasaco
0640
feelings-sa.com.zera-sa.com-ssl_log
0.583 KB
1 Jan 2026 10.16 AM
root / zerasaco
0640
gdg-madinah.7brand-sa.com
0 KB
21 Dec 2025 12.03 PM
root / zerasaco
0640
gdg-madinah.7brand-sa.com-ssl_log
0 KB
25 Dec 2025 12.31 PM
root / zerasaco
0640
lavenu.zera-sa.com
0.692 KB
1 Jan 2026 5.59 AM
root / zerasaco
0640
lavenu.zera-sa.com-ssl_log
28.902 KB
1 Jan 2026 10.33 AM
root / zerasaco
0640
lavenue.zera-sa.com
0.185 KB
31 Dec 2025 9.01 PM
root / zerasaco
0640
lavenue.zera-sa.com-ssl_log
0.481 KB
1 Jan 2026 9.00 AM
root / zerasaco
0640
madinaeye.com.zera-sa.com
24.072 KB
1 Jan 2026 11.07 AM
root / zerasaco
0640
madinaeye.com.zera-sa.com-ssl_log
453.487 KB
1 Jan 2026 11.26 AM
root / zerasaco
0640
mrspa-sa.com.zera-sa.com
4.478 KB
1 Jan 2026 9.59 AM
root / zerasaco
0640
mrspa-sa.com.zera-sa.com-ssl_log
0.804 KB
1 Jan 2026 9.59 AM
root / zerasaco
0640
omnia-sa.com.zera-sa.com
33.543 KB
1 Jan 2026 10.59 AM
root / zerasaco
0640
omnia-sa.com.zera-sa.com-ssl_log
69.644 KB
1 Jan 2026 11.26 AM
root / zerasaco
0640
portfolio.zera-sa.com
0.818 KB
31 Dec 2025 5.13 PM
root / zerasaco
0640
portfolio.zera-sa.com-ssl_log
0.541 KB
1 Jan 2026 6.53 AM
root / zerasaco
0640
royal-antique.com.zera-sa.com
27.308 KB
1 Jan 2026 11.17 AM
root / zerasaco
0640
royal-antique.com.zera-sa.com-ssl_log
73.287 KB
1 Jan 2026 11.26 AM
root / zerasaco
0640
ruaa-app.com.zera-sa.com
75.706 KB
1 Jan 2026 11.26 AM
root / zerasaco
0640
ruaa-app.com.zera-sa.com-ssl_log
6.813 KB
1 Jan 2026 6.36 AM
root / zerasaco
0640
ruaad.org.sa.zera-sa.com
62.857 KB
1 Jan 2026 8.57 AM
root / zerasaco
0640
ruaad.org.sa.zera-sa.com-ssl_log
295.858 KB
1 Jan 2026 11.33 AM
root / zerasaco
0640
ruwaad-sa.com.zera-sa.com
5.665 KB
1 Jan 2026 11.07 AM
root / zerasaco
0640
ruwaad-sa.com.zera-sa.com-ssl_log
208.857 KB
1 Jan 2026 11.26 AM
root / zerasaco
0640
sahal-sa.com.zera-sa.com
9.715 KB
1 Jan 2026 11.07 AM
root / zerasaco
0640
sahal-sa.com.zera-sa.com-ssl_log
13.849 KB
1 Jan 2026 10.33 AM
root / zerasaco
0640
samaresidence.com.zera-sa.com
2.792 KB
1 Jan 2026 8.56 AM
root / zerasaco
0640
samaresidence.com.zera-sa.com-ssl_log
1.138 KB
1 Jan 2026 9.59 AM
root / zerasaco
0640
sbc-sa.com.zera-sa.com
42.008 KB
1 Jan 2026 8.51 AM
root / zerasaco
0640
sbc-sa.com.zera-sa.com-ssl_log
163.892 KB
1 Jan 2026 11.17 AM
root / zerasaco
0640
sdf-sa.aknanalmodon.com
0 KB
26 Dec 2025 12.04 PM
root / zerasaco
0640
sdf-sa.aknanalmodon.com-ssl_log
0 KB
25 Dec 2025 12.31 PM
root / zerasaco
0640
shift-sa.net.zera-sa.com
84.235 KB
1 Jan 2026 10.59 AM
root / zerasaco
0640
shift-sa.net.zera-sa.com-ssl_log
39.452 KB
1 Jan 2026 11.26 AM
root / zerasaco
0640
sketch.7brand-sa.com
0 KB
22 Dec 2025 12.01 PM
root / zerasaco
0640
sketch.7brand-sa.com-ssl_log
0 KB
25 Dec 2025 12.31 PM
root / zerasaco
0640
store.aknanalmodon.com
0 KB
26 Dec 2025 12.04 PM
root / zerasaco
0640
store.aknanalmodon.com-ssl_log
0 KB
25 Dec 2025 12.31 PM
root / zerasaco
0640
tedx.7brand-sa.com
0 KB
21 Dec 2025 12.03 PM
root / zerasaco
0640
tedx.7brand-sa.com-ssl_log
0 KB
24 Dec 2025 12.22 PM
root / zerasaco
0640
tedx25.7brand-sa.com
0 KB
20 Dec 2025 12.15 PM
root / zerasaco
0640
tedx25.7brand-sa.com-ssl_log
0.074 KB
1 Jan 2026 2.40 AM
root / zerasaco
0640
zarine-sa.com.zera-sa.com
2.342 KB
1 Jan 2026 8.57 AM
root / zerasaco
0640
zarine-sa.com.zera-sa.com-ssl_log
1.297 KB
1 Jan 2026 11.07 AM
root / zerasaco
0640
zera-sa.com
24.174 KB
1 Jan 2026 11.17 AM
root / zerasaco
0640
zera-sa.com-ssl_log
74.177 KB
1 Jan 2026 11.26 AM
root / zerasaco
0640

GRAYBYTE WORDPRESS FILE MANAGER @ 2025 CONTACT ME
Static GIF