66.249.69.162 - - [31/Dec/2025:13:04:38 +0000] "GET /?_g=1074643 HTTP/1.1" 200 57606 "-" "Mozilla/5.0 (Linux; Android 6.0.1; Nexus 5X Build/MMB29P) AppleWebKit/537.36 (KHTML, like Gecko) Chrome/141.0.7390.122 Mobile Safari/537.36 (compatible; Googlebot/2.1; +http://www.google.com/bot.html)"
66.249.69.162 - - [31/Dec/2025:13:04:54 +0000] "GET /?_g=1132112 HTTP/1.1" 200 57607 "-" "Mozilla/5.0 (Linux; Android 6.0.1; Nexus 5X Build/MMB29P) AppleWebKit/537.36 (KHTML, like Gecko) Chrome/141.0.7390.122 Mobile Safari/537.36 (compatible; Googlebot/2.1; +http://www.google.com/bot.html)"
157.55.39.57 - - [31/Dec/2025:13:05:16 +0000] "GET /?sitemap139.xml HTTP/2" 301 0 "-" "Mozilla/5.0 AppleWebKit/537.36 (KHTML, like Gecko; compatible; bingbot/2.0; +http://www.bing.com/bingbot.htm) Chrome/116.0.1938.76 Safari/537.36"
157.55.39.57 - - [31/Dec/2025:13:05:17 +0000] "GET /?sitemap139_xml HTTP/2" 200 57619 "-" "Mozilla/5.0 AppleWebKit/537.36 (KHTML, like Gecko; compatible; bingbot/2.0; +http://www.bing.com/bingbot.htm) Chrome/116.0.1938.76 Safari/537.36"
66.249.69.163 - - [31/Dec/2025:13:05:40 +0000] "GET /?_g=937752 HTTP/1.1" 200 57622 "-" "Mozilla/5.0 (Linux; Android 6.0.1; Nexus 5X Build/MMB29P) AppleWebKit/537.36 (KHTML, like Gecko) Chrome/141.0.7390.122 Mobile Safari/537.36 (compatible; Googlebot/2.1; +http://www.google.com/bot.html)"
64.31.25.146 - - [31/Dec/2025:13:11:04 +0000] "POST /wp-cron.php?doing_wp_cron=1767186664.1151399612426757812500 HTTP/1.1" 403 1242 "-" "WordPress/6.9; https://chill-x.co"
208.110.64.178 - - [31/Dec/2025:13:05:36 +0000] "GET /wp-includes/wpb459c2/edit.php HTTP/1.1" 404 49644 "https://chill-x.co/wp-includes/wpb459c2/edit.php" "Mozilla/5.0 (Windows NT 10.0; Win64; x64) AppleWebKit/537.36 (KHTML, like Gecko) Chrome/58.0.3029.110 Safari/537.3"
66.249.69.161 - - [31/Dec/2025:13:06:32 +0000] "GET /?_g=389645 HTTP/1.1" 200 57620 "-" "Mozilla/5.0 (Linux; Android 6.0.1; Nexus 5X Build/MMB29P) AppleWebKit/537.36 (KHTML, like Gecko) Chrome/141.0.7390.122 Mobile Safari/537.36 (compatible; Googlebot/2.1; +http://www.google.com/bot.html)"
207.46.13.18 - - [31/Dec/2025:13:11:03 +0000] "GET /search.php?sitemap454.xml HTTP/2" 404 49635 "-" "Mozilla/5.0 AppleWebKit/537.36 (KHTML, like Gecko; compatible; bingbot/2.0; +http://www.bing.com/bingbot.htm) Chrome/116.0.1938.76 Safari/537.36"
66.249.87.65 - - [31/Dec/2025:13:17:49 +0000] "GET /wp-content/themes/akali/assets/js/lib/woocommerce.min.js?ver=1.0.2 HTTP/1.1" 200 8826 "https://chill-x.co/?_g=388418" "Mozilla/5.0 (X11; Linux x86_64) AppleWebKit/537.36 (KHTML, like Gecko) Chrome/141.0.7390.122 Safari/537.36"
66.249.87.65 - - [31/Dec/2025:13:17:50 +0000] "GET /wp-content/plugins/lastudio-element-kit/includes/extensions/swatches/assets/js/swatches.js?ver=1.5.4.1 HTTP/1.1" 200 4497 "https://chill-x.co/?_g=388418" "Mozilla/5.0 (X11; Linux x86_64) AppleWebKit/537.36 (KHTML, like Gecko) Chrome/141.0.7390.122 Safari/537.36"
66.249.87.65 - - [31/Dec/2025:13:17:50 +0000] "GET /wp-content/themes/akali/assets/js/app.min.js?ver=1.0.2 HTTP/1.1" 200 10846 "https://chill-x.co/?_g=388418" "Mozilla/5.0 (X11; Linux x86_64) AppleWebKit/537.36 (KHTML, like Gecko) Chrome/141.0.7390.122 Safari/537.36"
66.249.87.65 - - [31/Dec/2025:13:17:51 +0000] "GET /wp-content/plugins/lastudio-element-kit/assets/js/lastudio-kit-base.min.js?ver=1.5.4.1 HTTP/1.1" 200 24434 "https://chill-x.co/?_g=388418" "Mozilla/5.0 (X11; Linux x86_64) AppleWebKit/537.36 (KHTML, like Gecko) Chrome/141.0.7390.122 Safari/537.36"
66.249.87.65 - - [31/Dec/2025:13:17:51 +0000] "GET /wp-content/plugins/woocommerce/assets/js/jquery-blockui/jquery.blockUI.min.js?ver=2.7.0-wc.9.9.5 HTTP/1.1" 200 4029 "https://chill-x.co/?_g=388418" "Mozilla/5.0 (X11; Linux x86_64) AppleWebKit/537.36 (KHTML, like Gecko) Chrome/141.0.7390.122 Safari/537.36"
66.249.87.65 - - [31/Dec/2025:13:17:52 +0000] "GET /wp-content/plugins/lastudio-element-kit/assets/js/lib/jquery.sticky.min.js?ver=1.5.4.1 HTTP/1.1" 200 2020 "https://chill-x.co/?_g=388418" "Mozilla/5.0 (X11; Linux x86_64) AppleWebKit/537.36 (KHTML, like Gecko) Chrome/141.0.7390.122 Safari/537.36"
66.249.87.65 - - [31/Dec/2025:13:17:52 +0000] "GET /wp-content/plugins/woocommerce/assets/js/frontend/cart-fragments.min.js?ver=9.9.5 HTTP/1.1" 200 1670 "https://chill-x.co/?_g=388418" "Mozilla/5.0 (X11; Linux x86_64) AppleWebKit/537.36 (KHTML, like Gecko) Chrome/141.0.7390.122 Safari/537.36"
66.249.87.65 - - [31/Dec/2025:13:17:53 +0000] "GET /wp-content/plugins/woocommerce/assets/js/selectWoo/selectWoo.full.min.js?ver=1.0.9-wc.9.9.5 HTTP/1.1" 200 21232 "https://chill-x.co/?_g=388418" "Mozilla/5.0 (X11; Linux x86_64) AppleWebKit/537.36 (KHTML, like Gecko) Chrome/141.0.7390.122 Safari/537.36"
66.249.87.65 - - [31/Dec/2025:13:17:53 +0000] "GET /wp-content/plugins/woocommerce/assets/js/frontend/country-select.min.js?ver=9.9.5 HTTP/1.1" 200 1731 "https://chill-x.co/?_g=388418" "Mozilla/5.0 (X11; Linux x86_64) AppleWebKit/537.36 (KHTML, like Gecko) Chrome/141.0.7390.122 Safari/537.36"
66.249.87.65 - - [31/Dec/2025:13:17:54 +0000] "GET /wp-content/plugins/revslider/public/js/libs/tptools.js?ver=6.7.34 HTTP/1.1" 200 73607 "https://chill-x.co/?_g=388418" "Mozilla/5.0 (X11; Linux x86_64) AppleWebKit/537.36 (KHTML, like Gecko) Chrome/141.0.7390.122 Safari/537.36"
66.249.87.65 - - [31/Dec/2025:13:17:55 +0000] "GET /wp-content/plugins/lastudio-element-kit/assets/js/addons/motion-fx.min.js?ver=1.5.4.1 HTTP/1.1" 200 6101 "https://chill-x.co/?_g=388418" "Mozilla/5.0 (X11; Linux x86_64) AppleWebKit/537.36 (KHTML, like Gecko) Chrome/141.0.7390.122 Safari/537.36"
66.249.87.65 - - [31/Dec/2025:13:17:55 +0000] "GET /wp-content/plugins/lastudio-element-kit/includes/modules/popup/assets/js/popup.min.js?ver=1.5.4.1 HTTP/1.1" 200 5203 "https://chill-x.co/?_g=388418" "Mozilla/5.0 (X11; Linux x86_64) AppleWebKit/537.36 (KHTML, like Gecko) Chrome/141.0.7390.122 Safari/537.36"
66.249.87.65 - - [31/Dec/2025:13:17:56 +0000] "GET /wp-content/plugins/lastudio-element-kit/assets/js/addons/subscribe-form.js?ver=1.5.4.1 HTTP/1.1" 200 2583 "https://chill-x.co/?_g=388418" "Mozilla/5.0 (X11; Linux x86_64) AppleWebKit/537.36 (KHTML, like Gecko) Chrome/141.0.7390.122 Safari/537.36"
66.249.87.65 - - [31/Dec/2025:13:17:57 +0000] "GET /wp-content/uploads/2025/06/akali-svg-asterisk.svg HTTP/1.1" 200 352 "https://chill-x.co/?_g=388418" "Mozilla/5.0 (X11; Linux x86_64) AppleWebKit/537.36 (KHTML, like Gecko) Chrome/141.0.7390.122 Safari/537.36"
66.249.87.65 - - [31/Dec/2025:13:17:57 +0000] "GET /wp-includes/js/hoverIntent.min.js?ver=1.10.2 HTTP/1.1" 200 668 "https://chill-x.co/?_g=388418" "Mozilla/5.0 (X11; Linux x86_64) AppleWebKit/537.36 (KHTML, like Gecko) Chrome/141.0.7390.122 Safari/537.36"
66.249.87.65 - - [31/Dec/2025:13:17:58 +0000] "GET /wp-content/plugins/lastudio-element-kit/assets/js/addons/n-tabs.min.js?ver=1.5.4.1 HTTP/1.1" 200 2948 "https://chill-x.co/?_g=388418" "Mozilla/5.0 (X11; Linux x86_64) AppleWebKit/537.36 (KHTML, like Gecko) Chrome/141.0.7390.122 Safari/537.36"
66.249.87.65 - - [31/Dec/2025:13:17:58 +0000] "GET /wp-content/plugins/woocommerce/assets/js/frontend/add-to-cart.min.js?ver=9.9.5 HTTP/1.1" 200 1978 "https://chill-x.co/?_g=388418" "Mozilla/5.0 (X11; Linux x86_64) AppleWebKit/537.36 (KHTML, like Gecko) Chrome/141.0.7390.122 Safari/537.36"
64.31.25.146 - - [31/Dec/2025:13:12:48 +0000] "POST /wp-cron.php?doing_wp_cron=1767186768.5294370651245117187500 HTTP/1.1" 403 1242 "-" "WordPress/6.9; https://chill-x.co"
207.46.13.78 - - [31/Dec/2025:13:12:47 +0000] "GET /?_g=900329 HTTP/2" 200 57610 "-" "Mozilla/5.0 AppleWebKit/537.36 (KHTML, like Gecko; compatible; bingbot/2.0; +http://www.bing.com/bingbot.htm) Chrome/116.0.1938.76 Safari/537.36"
208.110.64.178 - - [31/Dec/2025:13:13:05 +0000] "GET /wp-includes/wpb459c2/edit.php HTTP/1.1" 404 49642 "https://chill-x.co/wp-includes/wpb459c2/edit.php" "Mozilla/5.0 (Windows NT 10.0; Win64; x64) AppleWebKit/537.36 (KHTML, like Gecko) Chrome/58.0.3029.110 Safari/537.3"
66.249.87.66 - - [31/Dec/2025:13:17:13 +0000] "GET /wp-content/plugins/elementor/assets/css/conditionals/e-swiper.min.css?ver=3.29.2 HTTP/1.1" 200 699 "https://chill-x.co/?_g=388418" "Mozilla/5.0 (X11; Linux x86_64) AppleWebKit/537.36 (KHTML, like Gecko) Chrome/141.0.7390.122 Safari/537.36"
66.249.87.65 - - [31/Dec/2025:13:17:14 +0000] "GET /wp-content/plugins/elementor/assets/lib/swiper/v8/css/swiper.min.css?ver=8.4.5 HTTP/1.1" 200 4248 "https://chill-x.co/?_g=388418" "Mozilla/5.0 (X11; Linux x86_64) AppleWebKit/537.36 (KHTML, like Gecko) Chrome/141.0.7390.122 Safari/537.36"
66.249.87.67 - - [31/Dec/2025:13:17:15 +0000] "GET /wp-content/uploads/2024/04/LOGO3-01.svg HTTP/1.1" 200 1055 "https://chill-x.co/?_g=388418" "Mozilla/5.0 (X11; Linux x86_64) AppleWebKit/537.36 (KHTML, like Gecko) Chrome/141.0.7390.122 Safari/537.36"
66.249.87.67 - - [31/Dec/2025:13:17:16 +0000] "GET /wp-content/uploads/2024/04/LOGO3TRANS-01.svg HTTP/1.1" 200 1068 "https://chill-x.co/?_g=388418" "Mozilla/5.0 (X11; Linux x86_64) AppleWebKit/537.36 (KHTML, like Gecko) Chrome/141.0.7390.122 Safari/537.36"
66.249.87.67 - - [31/Dec/2025:13:17:16 +0000] "GET /wp-includes/js/dist/hooks.min.js?ver=dd5603f07f9220ed27f1 HTTP/1.1" 200 1852 "https://chill-x.co/?_g=388418" "Mozilla/5.0 (X11; Linux x86_64) AppleWebKit/537.36 (KHTML, like Gecko) Chrome/141.0.7390.122 Safari/537.36"
66.249.87.67 - - [31/Dec/2025:13:17:17 +0000] "GET /wp-content/plugins/elementor/assets/lib/animations/styles/slideInUp.min.css?ver=3.29.2 HTTP/1.1" 200 146 "https://chill-x.co/?_g=388418" "Mozilla/5.0 (X11; Linux x86_64) AppleWebKit/537.36 (KHTML, like Gecko) Chrome/141.0.7390.122 Safari/537.36"
66.249.87.65 - - [31/Dec/2025:13:17:17 +0000] "GET /wp-content/plugins/lastudio-element-kit/assets/css/addons/subscribe-form.css?ver=1.5.4.1 HTTP/1.1" 200 554 "https://chill-x.co/?_g=388418" "Mozilla/5.0 (X11; Linux x86_64) AppleWebKit/537.36 (KHTML, like Gecko) Chrome/141.0.7390.122 Safari/537.36"
66.249.87.65 - - [31/Dec/2025:13:17:18 +0000] "GET /wp-content/themes/akali/assets/js/lib/featherlight.min.js?ver=1.0.2 HTTP/1.1" 200 4191 "https://chill-x.co/?_g=388418" "Mozilla/5.0 (X11; Linux x86_64) AppleWebKit/537.36 (KHTML, like Gecko) Chrome/141.0.7390.122 Safari/537.36"
208.110.64.178 - - [31/Dec/2025:13:26:40 +0000] "GET /wp-includes/wpb459c2/edit.php HTTP/1.1" 404 49643 "https://chill-x.co/wp-includes/wpb459c2/edit.php" "Mozilla/5.0 (Windows NT 10.0; Win64; x64) AppleWebKit/537.36 (KHTML, like Gecko) Chrome/58.0.3029.110 Safari/537.3"
64.31.25.146 - - [31/Dec/2025:13:26:43 +0000] "POST /wp-cron.php?doing_wp_cron=1767187603.4924540519714355468750 HTTP/1.1" 403 1242 "-" "WordPress/6.9; https://chill-x.co"
208.110.64.178 - - [31/Dec/2025:13:26:42 +0000] "GET /wp-includes/wpb459c2/edit.php HTTP/1.1" 404 49644 "https://chill-x.co/wp-includes/wpb459c2/edit.php" "Mozilla/5.0 (Windows NT 10.0; Win64; x64) AppleWebKit/537.36 (KHTML, like Gecko) Chrome/58.0.3029.110 Safari/537.3"
207.46.13.18 - - [31/Dec/2025:13:26:48 +0000] "GET /?_g=1280299 HTTP/2" 200 57608 "-" "Mozilla/5.0 AppleWebKit/537.36 (KHTML, like Gecko; compatible; bingbot/2.0; +http://www.bing.com/bingbot.htm) Chrome/116.0.1938.76 Safari/537.36"
207.46.13.116 - - [31/Dec/2025:13:27:17 +0000] "GET /?_g=1019883 HTTP/2" 200 57607 "-" "Mozilla/5.0 AppleWebKit/537.36 (KHTML, like Gecko; compatible; bingbot/2.0; +http://www.bing.com/bingbot.htm) Chrome/116.0.1938.76 Safari/537.36"
64.31.25.146 - - [31/Dec/2025:13:30:13 +0000] "POST /wp-cron.php?doing_wp_cron=1767187813.3855469226837158203125 HTTP/1.1" 403 1242 "-" "WordPress/6.9; https://chill-x.co"
64.31.25.146 - - [31/Dec/2025:13:31:18 +0000] "POST /wp-cron.php?doing_wp_cron=1767187878.4530611038208007812500 HTTP/1.1" 403 1242 "-" "WordPress/6.9; https://chill-x.co"
157.55.39.195 - - [31/Dec/2025:13:31:17 +0000] "GET /?_g=448854 HTTP/2" 200 57613 "-" "Mozilla/5.0 AppleWebKit/537.36 (KHTML, like Gecko; compatible; bingbot/2.0; +http://www.bing.com/bingbot.htm) Chrome/116.0.1938.76 Safari/537.36"
66.249.69.163 - - [31/Dec/2025:13:31:36 +0000] "GET /?_g=907320 HTTP/1.1" 200 57623 "-" "Mozilla/5.0 (Linux; Android 6.0.1; Nexus 5X Build/MMB29P) AppleWebKit/537.36 (KHTML, like Gecko) Chrome/141.0.7390.122 Mobile Safari/537.36 (compatible; Googlebot/2.1; +http://www.google.com/bot.html)"
64.31.25.146 - - [31/Dec/2025:13:32:53 +0000] "POST /wp-cron.php?doing_wp_cron=1767187973.2236139774322509765625 HTTP/1.1" 403 1242 "-" "WordPress/6.9; https://chill-x.co"
64.31.25.146 - - [31/Dec/2025:13:34:29 +0000] "POST /wp-cron.php?doing_wp_cron=1767188069.3470690250396728515625 HTTP/1.1" 403 1242 "-" "WordPress/6.9; https://chill-x.co"
208.110.64.178 - - [31/Dec/2025:13:34:28 +0000] "GET /wp-includes/wpb459c2/edit.php HTTP/1.1" 404 49644 "https://chill-x.co/wp-includes/wpb459c2/edit.php" "Mozilla/5.0 (Windows NT 10.0; Win64; x64) AppleWebKit/537.36 (KHTML, like Gecko) Chrome/58.0.3029.110 Safari/537.3"
52.167.144.166 - - [31/Dec/2025:13:35:28 +0000] "GET /?_g=552140 HTTP/2" 200 57611 "-" "Mozilla/5.0 AppleWebKit/537.36 (KHTML, like Gecko; compatible; bingbot/2.0; +http://www.bing.com/bingbot.htm) Chrome/116.0.1938.76 Safari/537.36"
66.249.69.163 - - [31/Dec/2025:13:38:31 +0000] "GET /?_g=461427 HTTP/1.1" 200 57621 "-" "Mozilla/5.0 (Linux; Android 6.0.1; Nexus 5X Build/MMB29P) AppleWebKit/537.36 (KHTML, like Gecko) Chrome/141.0.7390.122 Mobile Safari/537.36 (compatible; Googlebot/2.1; +http://www.google.com/bot.html)"
66.249.69.163 - - [31/Dec/2025:13:39:21 +0000] "GET /?_g=1248250 HTTP/1.1" 200 57607 "-" "Mozilla/5.0 (Linux; Android 6.0.1; Nexus 5X Build/MMB29P) AppleWebKit/537.36 (KHTML, like Gecko) Chrome/141.0.7390.122 Mobile Safari/537.36 (compatible; Googlebot/2.1; +http://www.google.com/bot.html)"
66.249.69.161 - - [31/Dec/2025:13:39:31 +0000] "GET /?_g=223782 HTTP/1.1" 200 57609 "-" "Mozilla/5.0 (Linux; Android 6.0.1; Nexus 5X Build/MMB29P) AppleWebKit/537.36 (KHTML, like Gecko) Chrome/141.0.7390.122 Mobile Safari/537.36 (compatible; Googlebot/2.1; +http://www.google.com/bot.html)"
64.31.25.146 - - [31/Dec/2025:13:39:37 +0000] "POST /wp-cron.php?doing_wp_cron=1767188377.9579110145568847656250 HTTP/1.1" 403 1242 "-" "WordPress/6.9; https://chill-x.co"
207.46.13.116 - - [31/Dec/2025:13:41:52 +0000] "GET /?_g=397596 HTTP/2" 200 57613 "-" "Mozilla/5.0 AppleWebKit/537.36 (KHTML, like Gecko; compatible; bingbot/2.0; +http://www.bing.com/bingbot.htm) Chrome/116.0.1938.76 Safari/537.36"
64.31.25.146 - - [31/Dec/2025:13:44:42 +0000] "POST /wp-cron.php?doing_wp_cron=1767188682.9670820236206054687500 HTTP/1.1" 403 1242 "-" "WordPress/6.9; https://chill-x.co"
64.31.25.146 - - [31/Dec/2025:13:48:59 +0000] "POST /wp-cron.php?doing_wp_cron=1767188939.2724819183349609375000 HTTP/1.1" 403 1242 "-" "WordPress/6.9; https://chill-x.co"
157.55.39.194 - - [31/Dec/2025:13:48:58 +0000] "GET /425194275.shtml HTTP/2" 404 49632 "-" "Mozilla/5.0 AppleWebKit/537.36 (KHTML, like Gecko; compatible; bingbot/2.0; +http://www.bing.com/bingbot.htm) Chrome/116.0.1938.76 Safari/537.36"
207.46.13.111 - - [31/Dec/2025:13:50:40 +0000] "GET /?_g=1250034 HTTP/2" 200 57607 "-" "Mozilla/5.0 AppleWebKit/537.36 (KHTML, like Gecko; compatible; bingbot/2.0; +http://www.bing.com/bingbot.htm) Chrome/116.0.1938.76 Safari/537.36"
64.31.25.146 - - [31/Dec/2025:13:54:08 +0000] "POST /wp-cron.php?doing_wp_cron=1767189248.4389851093292236328125 HTTP/1.1" 403 1242 "-" "WordPress/6.9; https://chill-x.co"
204.12.208.18 - - [31/Dec/2025:13:30:12 +0000] "GET /wp-includes/wpb459c2/edit.php HTTP/1.1" 404 55506 "https://chill-x.co/wp-includes/wpb459c2/edit.php" "Mozilla/5.0 (Windows; U; Windows NT 5.1; en-US) AppleWebKit/534.16 (KHTML, like Gecko) Chrome/10.0.648.151 Safari/534.16"
66.249.69.162 - - [31/Dec/2025:13:31:35 +0000] "GET /?_g=1276056 HTTP/1.1" 200 57606 "-" "Mozilla/5.0 (Linux; Android 6.0.1; Nexus 5X Build/MMB29P) AppleWebKit/537.36 (KHTML, like Gecko) Chrome/141.0.7390.122 Mobile Safari/537.36 (compatible; Googlebot/2.1; +http://www.google.com/bot.html)"
66.249.69.163 - - [31/Dec/2025:13:32:52 +0000] "GET /?_g=1198405 HTTP/1.1" 200 57606 "-" "Mozilla/5.0 (Linux; Android 6.0.1; Nexus 5X Build/MMB29P) AppleWebKit/537.36 (KHTML, like Gecko) Chrome/141.0.7390.122 Mobile Safari/537.36 (compatible; Googlebot/2.1; +http://www.google.com/bot.html)"
66.249.69.162 - - [31/Dec/2025:13:34:46 +0000] "GET /?_g=1074995 HTTP/1.1" 200 57607 "-" "Mozilla/5.0 (Linux; Android 6.0.1; Nexus 5X Build/MMB29P) AppleWebKit/537.36 (KHTML, like Gecko) Chrome/141.0.7390.122 Mobile Safari/537.36 (compatible; Googlebot/2.1; +http://www.google.com/bot.html)"
64.31.25.146 - - [31/Dec/2025:13:38:34 +0000] "POST /wp-cron.php?doing_wp_cron=1767188314.6519589424133300781250 HTTP/1.1" 403 1242 "-" "WordPress/6.9; https://chill-x.co"
66.249.69.161 - - [31/Dec/2025:13:39:37 +0000] "GET /?_g=771898 HTTP/1.1" 200 57622 "-" "Mozilla/5.0 (Linux; Android 6.0.1; Nexus 5X Build/MMB29P) AppleWebKit/537.36 (KHTML, like Gecko) Chrome/141.0.7390.122 Mobile Safari/537.36 (compatible; Googlebot/2.1; +http://www.google.com/bot.html)"
204.12.252.98 - - [31/Dec/2025:13:40:28 +0000] "GET /wp-includes/wpb459c2/edit.php HTTP/1.1" 404 49642 "https://chill-x.co/wp-includes/wpb459c2/edit.php" "Mozilla/5.0 (Windows NT 10.0; Win64; x64) AppleWebKit/537.36 (KHTML, like Gecko) Chrome/58.0.3029.110 Safari/537.3"
64.31.25.146 - - [31/Dec/2025:13:41:53 +0000] "POST /wp-cron.php?doing_wp_cron=1767188513.0763111114501953125000 HTTP/1.1" 403 1242 "-" "WordPress/6.9; https://chill-x.co"
57.141.6.11 - - [31/Dec/2025:13:44:42 +0000] "GET /wp-json/oembed/1.0/embed?url=https%3A%2F%2Fchill-x.co%2F2024%2F05%2F15%2Fmake-luxury-accessible%2F HTTP/2" 200 2392 "-" "meta-externalagent/1.1 (+https://developers.facebook.com/docs/sharing/webmasters/crawler)"
64.31.25.146 - - [31/Dec/2025:13:50:41 +0000] "POST /wp-cron.php?doing_wp_cron=1767189041.6923749446868896484375 HTTP/1.1" 403 1242 "-" "WordPress/6.9; https://chill-x.co"
207.46.13.141 - - [31/Dec/2025:13:54:05 +0000] "GET /?_g=440582 HTTP/2" 200 57613 "-" "Mozilla/5.0 AppleWebKit/537.36 (KHTML, like Gecko; compatible; bingbot/2.0; +http://www.bing.com/bingbot.htm) Chrome/116.0.1938.76 Safari/537.36"
64.31.25.146 - - [31/Dec/2025:14:03:20 +0000] "POST /wp-cron.php?doing_wp_cron=1767189800.9321510791778564453125 HTTP/1.1" 403 1242 "-" "WordPress/6.9; https://chill-x.co"
40.77.167.9 - - [31/Dec/2025:14:03:20 +0000] "GET /?_g=102079 HTTP/2" 200 57609 "-" "Mozilla/5.0 AppleWebKit/537.36 (KHTML, like Gecko; compatible; bingbot/2.0; +http://www.bing.com/bingbot.htm) Chrome/116.0.1938.76 Safari/537.36"
64.31.25.146 - - [31/Dec/2025:14:11:58 +0000] "POST /wp-cron.php?doing_wp_cron=1767190318.0696749687194824218750 HTTP/1.1" 403 1242 "-" "WordPress/6.9; https://chill-x.co"
208.110.64.178 - - [31/Dec/2025:14:23:40 +0000] "GET /wp-includes/wpb459c2/edit.php HTTP/1.1" 404 49642 "https://chill-x.co/wp-includes/wpb459c2/edit.php" "Mozilla/5.0 (Windows NT 10.0; Win64; x64) AppleWebKit/537.36 (KHTML, like Gecko) Chrome/58.0.3029.110 Safari/537.3"
66.249.87.66 - - [31/Dec/2025:14:24:34 +0000] "GET /wp-content/plugins/contact-form-7/includes/css/styles.css?ver=6.1 HTTP/1.1" 200 899 "https://chill-x.co/?_g=785410" "Mozilla/5.0 (X11; Linux x86_64) AppleWebKit/537.36 (KHTML, like Gecko) Chrome/141.0.7390.122 Safari/537.36"
66.249.87.66 - - [31/Dec/2025:14:24:35 +0000] "GET /wp-content/plugins/woocommerce/assets/css/brands.css?ver=9.9.5 HTTP/1.1" 200 579 "https://chill-x.co/?_g=785410" "Mozilla/5.0 (X11; Linux x86_64) AppleWebKit/537.36 (KHTML, like Gecko) Chrome/141.0.7390.122 Safari/537.36"
66.249.87.66 - - [31/Dec/2025:14:24:35 +0000] "GET /wp-content/themes/akali/style.min.css?ver=1.0.2 HTTP/1.1" 200 25228 "https://chill-x.co/?_g=785410" "Mozilla/5.0 (X11; Linux x86_64) AppleWebKit/537.36 (KHTML, like Gecko) Chrome/141.0.7390.122 Safari/537.36"
66.249.87.65 - - [31/Dec/2025:14:24:38 +0000] "GET /wp-content/plugins/lastudio-element-kit/assets/css/lastudio-kit-woocommerce.css?ver=1.5.4.1 HTTP/1.1" 200 7193 "https://chill-x.co/?_g=785410" "Mozilla/5.0 (X11; Linux x86_64) AppleWebKit/537.36 (KHTML, like Gecko) Chrome/141.0.7390.122 Safari/537.36"
66.249.87.65 - - [31/Dec/2025:14:24:38 +0000] "GET /wp-content/uploads/elementor/css/custom-frontend.min.css?ver=1762484930 HTTP/1.1" 200 6487 "https://chill-x.co/?_g=785410" "Mozilla/5.0 (X11; Linux x86_64) AppleWebKit/537.36 (KHTML, like Gecko) Chrome/141.0.7390.122 Safari/537.36"
66.249.87.65 - - [31/Dec/2025:14:24:39 +0000] "GET /wp-content/uploads/elementor/css/post-9.css?ver=1762484931 HTTP/1.1" 200 962 "https://chill-x.co/?_g=785410" "Mozilla/5.0 (X11; Linux x86_64) AppleWebKit/537.36 (KHTML, like Gecko) Chrome/141.0.7390.122 Safari/537.36"
66.249.87.65 - - [31/Dec/2025:14:24:40 +0000] "GET /wp-content/plugins/elementor/assets/css/widget-image.min.css?ver=3.29.2 HTTP/1.1" 200 119 "https://chill-x.co/?_g=785410" "Mozilla/5.0 (X11; Linux x86_64) AppleWebKit/537.36 (KHTML, like Gecko) Chrome/141.0.7390.122 Safari/537.36"
66.249.87.65 - - [31/Dec/2025:14:24:42 +0000] "GET /wp-content/plugins/lastudio-element-kit/assets/css/addons/banner-list.min.css?ver=1.5.4.1 HTTP/1.1" 200 969 "https://chill-x.co/?_g=785410" "Mozilla/5.0 (X11; Linux x86_64) AppleWebKit/537.36 (KHTML, like Gecko) Chrome/141.0.7390.122 Safari/537.36"
66.249.87.65 - - [31/Dec/2025:14:24:43 +0000] "GET /wp-content/plugins/elementor/assets/css/widget-heading.min.css?ver=3.29.2 HTTP/1.1" 200 154 "https://chill-x.co/?_g=785410" "Mozilla/5.0 (X11; Linux x86_64) AppleWebKit/537.36 (KHTML, like Gecko) Chrome/141.0.7390.122 Safari/537.36"
66.249.87.65 - - [31/Dec/2025:14:24:43 +0000] "GET /wp-content/plugins/woocommerce/assets/css/select2.css?ver=9.9.5 HTTP/1.1" 200 1737 "https://chill-x.co/?_g=785410" "Mozilla/5.0 (X11; Linux x86_64) AppleWebKit/537.36 (KHTML, like Gecko) Chrome/141.0.7390.122 Safari/537.36"
66.249.87.65 - - [31/Dec/2025:14:24:44 +0000] "GET /wp-content/plugins/lastudio-element-kit/assets/css/addons/testimonials.min.css?ver=1.5.4.1 HTTP/1.1" 200 1399 "https://chill-x.co/?_g=785410" "Mozilla/5.0 (X11; Linux x86_64) AppleWebKit/537.36 (KHTML, like Gecko) Chrome/141.0.7390.122 Safari/537.36"
66.249.87.65 - - [31/Dec/2025:14:24:44 +0000] "GET /wp-content/plugins/elementor/assets/css/conditionals/e-swiper.min.css?ver=3.29.2 HTTP/1.1" 200 699 "https://chill-x.co/?_g=785410" "Mozilla/5.0 (X11; Linux x86_64) AppleWebKit/537.36 (KHTML, like Gecko) Chrome/141.0.7390.122 Safari/537.36"
66.249.87.65 - - [31/Dec/2025:14:24:45 +0000] "GET /wp-content/plugins/elementor/assets/css/widget-spacer.min.css?ver=3.29.2 HTTP/1.1" 200 315 "https://chill-x.co/?_g=785410" "Mozilla/5.0 (X11; Linux x86_64) AppleWebKit/537.36 (KHTML, like Gecko) Chrome/141.0.7390.122 Safari/537.36"
66.249.87.65 - - [31/Dec/2025:14:24:45 +0000] "GET /wp-content/uploads/elementor/css/post-2070.css?ver=1762484933 HTTP/1.1" 200 7228 "https://chill-x.co/?_g=785410" "Mozilla/5.0 (X11; Linux x86_64) AppleWebKit/537.36 (KHTML, like Gecko) Chrome/141.0.7390.122 Safari/537.36"
66.249.87.65 - - [31/Dec/2025:14:24:46 +0000] "GET /wp-content/plugins/lastudio-element-kit/assets/css/lastudio-kit-base.min.css?ver=1.5.4.1 HTTP/1.1" 200 21857 "https://chill-x.co/?_g=785410" "Mozilla/5.0 (X11; Linux x86_64) AppleWebKit/537.36 (KHTML, like Gecko) Chrome/141.0.7390.122 Safari/537.36"
66.249.87.65 - - [31/Dec/2025:14:24:47 +0000] "GET /wp-content/plugins/lastudio-element-kit/assets/css/addons/posts.min.css?ver=1.5.4.1 HTTP/1.1" 200 1447 "https://chill-x.co/?_g=785410" "Mozilla/5.0 (X11; Linux x86_64) AppleWebKit/537.36 (KHTML, like Gecko) Chrome/141.0.7390.122 Safari/537.36"
66.249.87.65 - - [31/Dec/2025:14:24:47 +0000] "GET /wp-content/uploads/elementor/css/post-256.css?ver=1762484933 HTTP/1.1" 200 463 "https://chill-x.co/?_g=785410" "Mozilla/5.0 (X11; Linux x86_64) AppleWebKit/537.36 (KHTML, like Gecko) Chrome/141.0.7390.122 Safari/537.36"
66.249.87.65 - - [31/Dec/2025:14:24:48 +0000] "GET /wp-content/plugins/elementor/assets/css/widget-divider.min.css?ver=3.29.2 HTTP/1.1" 200 705 "https://chill-x.co/?_g=785410" "Mozilla/5.0 (X11; Linux x86_64) AppleWebKit/537.36 (KHTML, like Gecko) Chrome/141.0.7390.122 Safari/537.36"
66.249.87.65 - - [31/Dec/2025:14:24:49 +0000] "GET /wp-content/uploads/elementor/css/post-189.css?ver=1762484933 HTTP/1.1" 200 1600 "https://chill-x.co/?_g=785410" "Mozilla/5.0 (X11; Linux x86_64) AppleWebKit/537.36 (KHTML, like Gecko) Chrome/141.0.7390.122 Safari/537.36"
66.249.87.65 - - [31/Dec/2025:14:24:50 +0000] "GET /wp-content/plugins/elementor/assets/lib/swiper/v8/css/swiper.min.css?ver=8.4.5 HTTP/1.1" 200 4248 "https://chill-x.co/?_g=785410" "Mozilla/5.0 (X11; Linux x86_64) AppleWebKit/537.36 (KHTML, like Gecko) Chrome/141.0.7390.122 Safari/537.36"
66.249.87.65 - - [31/Dec/2025:14:24:50 +0000] "GET /wp-content/plugins/lastudio-element-kit/assets/css/addons/search.min.css?ver=1.5.4.1 HTTP/1.1" 200 778 "https://chill-x.co/?_g=785410" "Mozilla/5.0 (X11; Linux x86_64) AppleWebKit/537.36 (KHTML, like Gecko) Chrome/141.0.7390.122 Safari/537.36"
66.249.87.65 - - [31/Dec/2025:14:24:52 +0000] "GET /wp-content/plugins/woocommerce/assets/js/js-cookie/js.cookie.min.js?ver=2.1.4-wc.9.9.5 HTTP/1.1" 200 1494 "https://chill-x.co/?_g=785410" "Mozilla/5.0 (X11; Linux x86_64) AppleWebKit/537.36 (KHTML, like Gecko) Chrome/141.0.7390.122 Safari/537.36"
66.249.87.65 - - [31/Dec/2025:14:24:53 +0000] "GET /wp-content/plugins/woocommerce/assets/client/blocks/wc-blocks.css?ver=wc-9.9.5 HTTP/1.1" 200 2356 "https://chill-x.co/?_g=785410" "Mozilla/5.0 (X11; Linux x86_64) AppleWebKit/537.36 (KHTML, like Gecko) Chrome/141.0.7390.122 Safari/537.36"
66.249.87.65 - - [31/Dec/2025:14:24:53 +0000] "GET /wp-includes/js/jquery/jquery-migrate.min.js?ver=3.4.1 HTTP/1.1" 200 4678 "https://chill-x.co/?_g=785410" "Mozilla/5.0 (X11; Linux x86_64) AppleWebKit/537.36 (KHTML, like Gecko) Chrome/141.0.7390.122 Safari/537.36"
66.249.87.65 - - [31/Dec/2025:14:24:54 +0000] "GET /wp-content/uploads/elementor/css/custom-apple-webkit.min.css?ver=1762484930 HTTP/1.1" 200 472 "https://chill-x.co/?_g=785410" "Mozilla/5.0 (X11; Linux x86_64) AppleWebKit/537.36 (KHTML, like Gecko) Chrome/141.0.7390.122 Safari/537.36"
66.249.87.65 - - [31/Dec/2025:14:24:54 +0000] "GET /wp-content/uploads/2025/06/akali-m1-s7-bg-a.jpg HTTP/1.1" 200 39991 "https://chill-x.co/?_g=785410" "Mozilla/5.0 (X11; Linux x86_64) AppleWebKit/537.36 (KHTML, like Gecko) Chrome/141.0.7390.122 Safari/537.36"
66.249.87.65 - - [31/Dec/2025:14:24:55 +0000] "GET /wp-content/plugins/lastudio-element-kit/includes/modules/popup/assets/css/popup.min.css?ver=1.5.4.1 HTTP/1.1" 200 325 "https://chill-x.co/?_g=785410" "Mozilla/5.0 (X11; Linux x86_64) AppleWebKit/537.36 (KHTML, like Gecko) Chrome/141.0.7390.122 Safari/537.36"
66.249.87.65 - - [31/Dec/2025:14:24:55 +0000] "GET /wp-content/plugins/lastudio-element-kit/assets/css/addons/subscribe-form.css?ver=1.5.4.1 HTTP/1.1" 200 554 "https://chill-x.co/?_g=785410" "Mozilla/5.0 (X11; Linux x86_64) AppleWebKit/537.36 (KHTML, like Gecko) Chrome/141.0.7390.122 Safari/537.36"
66.249.87.65 - - [31/Dec/2025:14:24:56 +0000] "GET /wp-content/plugins/elementor/assets/lib/animations/styles/slideInUp.min.css?ver=3.29.2 HTTP/1.1" 200 146 "https://chill-x.co/?_g=785410" "Mozilla/5.0 (X11; Linux x86_64) AppleWebKit/537.36 (KHTML, like Gecko) Chrome/141.0.7390.122 Safari/537.36"
66.249.87.65 - - [31/Dec/2025:14:24:58 +0000] "GET /wp-includes/js/dist/hooks.min.js?ver=dd5603f07f9220ed27f1 HTTP/1.1" 200 1852 "https://chill-x.co/?_g=785410" "Mozilla/5.0 (X11; Linux x86_64) AppleWebKit/537.36 (KHTML, like Gecko) Chrome/141.0.7390.122 Safari/537.36"
66.249.87.65 - - [31/Dec/2025:14:24:59 +0000] "GET /wp-content/uploads/2024/04/LOGO3-01.svg HTTP/1.1" 200 1055 "https://chill-x.co/?_g=785410" "Mozilla/5.0 (X11; Linux x86_64) AppleWebKit/537.36 (KHTML, like Gecko) Chrome/141.0.7390.122 Safari/537.36"
66.249.87.65 - - [31/Dec/2025:14:25:00 +0000] "GET /wp-content/plugins/elementor/assets/lib/animations/styles/fadeInUp.min.css?ver=3.29.2 HTTP/1.1" 200 130 "https://chill-x.co/?_g=785410" "Mozilla/5.0 (X11; Linux x86_64) AppleWebKit/537.36 (KHTML, like Gecko) Chrome/141.0.7390.122 Safari/537.36"
66.249.87.65 - - [31/Dec/2025:14:25:03 +0000] "GET /wp-content/plugins/contact-form-7/includes/swv/js/index.js?ver=6.1 HTTP/1.1" 200 4105 "https://chill-x.co/?_g=785410" "Mozilla/5.0 (X11; Linux x86_64) AppleWebKit/537.36 (KHTML, like Gecko) Chrome/141.0.7390.122 Safari/537.36"
66.249.87.65 - - [31/Dec/2025:14:25:04 +0000] "GET /wp-content/uploads/2024/04/LOGO3TRANS-01.svg HTTP/1.1" 200 1068 "https://chill-x.co/?_g=785410" "Mozilla/5.0 (X11; Linux x86_64) AppleWebKit/537.36 (KHTML, like Gecko) Chrome/141.0.7390.122 Safari/537.36"
66.249.87.65 - - [31/Dec/2025:14:25:04 +0000] "GET /wp-content/plugins/contact-form-7/includes/js/index.js?ver=6.1 HTTP/1.1" 200 4745 "https://chill-x.co/?_g=785410" "Mozilla/5.0 (X11; Linux x86_64) AppleWebKit/537.36 (KHTML, like Gecko) Chrome/141.0.7390.122 Safari/537.36"
66.249.87.65 - - [31/Dec/2025:14:25:05 +0000] "GET /wp-content/plugins/elementor/assets/js/webpack.runtime.min.js?ver=3.29.2 HTTP/1.1" 200 3055 "https://chill-x.co/?_g=785410" "Mozilla/5.0 (X11; Linux x86_64) AppleWebKit/537.36 (KHTML, like Gecko) Chrome/141.0.7390.122 Safari/537.36"
66.249.87.65 - - [31/Dec/2025:14:25:05 +0000] "GET /wp-content/plugins/elementor/assets/js/frontend-modules.min.js?ver=3.29.2 HTTP/1.1" 200 15147 "https://chill-x.co/?_g=785410" "Mozilla/5.0 (X11; Linux x86_64) AppleWebKit/537.36 (KHTML, like Gecko) Chrome/141.0.7390.122 Safari/537.36"
66.249.87.65 - - [31/Dec/2025:14:25:06 +0000] "GET /wp-includes/js/jquery/ui/core.min.js?ver=1.13.3 HTTP/1.1" 200 6812 "https://chill-x.co/?_g=785410" "Mozilla/5.0 (X11; Linux x86_64) AppleWebKit/537.36 (KHTML, like Gecko) Chrome/141.0.7390.122 Safari/537.36"
66.249.87.65 - - [31/Dec/2025:14:25:07 +0000] "GET /wp-content/plugins/elementor/assets/js/frontend.min.js?ver=3.29.2 HTTP/1.1" 200 10971 "https://chill-x.co/?_g=785410" "Mozilla/5.0 (X11; Linux x86_64) AppleWebKit/537.36 (KHTML, like Gecko) Chrome/141.0.7390.122 Safari/537.36"
66.249.87.65 - - [31/Dec/2025:14:25:07 +0000] "GET /wp-content/plugins/woocommerce/assets/js/sourcebuster/sourcebuster.min.js?ver=9.9.5 HTTP/1.1" 200 5309 "https://chill-x.co/?_g=785410" "Mozilla/5.0 (X11; Linux x86_64) AppleWebKit/537.36 (KHTML, like Gecko) Chrome/141.0.7390.122 Safari/537.36"
66.249.87.65 - - [31/Dec/2025:14:25:08 +0000] "GET /wp-content/plugins/woocommerce/assets/js/frontend/order-attribution.min.js?ver=9.9.5 HTTP/1.1" 200 1738 "https://chill-x.co/?_g=785410" "Mozilla/5.0 (X11; Linux x86_64) AppleWebKit/537.36 (KHTML, like Gecko) Chrome/141.0.7390.122 Safari/537.36"
66.249.87.65 - - [31/Dec/2025:14:25:09 +0000] "GET /wp-content/themes/akali/assets/js/lib/featherlight.min.js?ver=1.0.2 HTTP/1.1" 200 4191 "https://chill-x.co/?_g=785410" "Mozilla/5.0 (X11; Linux x86_64) AppleWebKit/537.36 (KHTML, like Gecko) Chrome/141.0.7390.122 Safari/537.36"
66.249.87.65 - - [31/Dec/2025:14:25:09 +0000] "GET /wp-content/themes/akali/assets/js/lib/woocommerce.min.js?ver=1.0.2 HTTP/1.1" 200 8826 "https://chill-x.co/?_g=785410" "Mozilla/5.0 (X11; Linux x86_64) AppleWebKit/537.36 (KHTML, like Gecko) Chrome/141.0.7390.122 Safari/537.36"
64.31.25.146 - - [31/Dec/2025:14:33:12 +0000] "POST /wp-cron.php?doing_wp_cron=1767191592.9268710613250732421875 HTTP/1.1" 403 1242 "-" "WordPress/6.9; https://chill-x.co"
64.31.25.146 - - [31/Dec/2025:13:57:28 +0000] "POST /wp-cron.php?doing_wp_cron=1767189448.1184220314025878906250 HTTP/1.1" 403 1242 "-" "WordPress/6.9; https://chill-x.co"
208.110.64.178 - - [31/Dec/2025:13:57:27 +0000] "GET /wp-includes/wpb459c2/edit.php HTTP/1.1" 404 49644 "https://chill-x.co/wp-includes/wpb459c2/edit.php" "Mozilla/5.0 (Windows NT 10.0; Win64; x64) AppleWebKit/537.36 (KHTML, like Gecko) Chrome/58.0.3029.110 Safari/537.3"
204.12.252.98 - - [31/Dec/2025:14:11:53 +0000] "GET /wp-includes/wpb459c2/edit.php HTTP/1.1" 404 49643 "https://chill-x.co/wp-includes/wpb459c2/edit.php" "Mozilla/5.0 (Windows NT 10.0; Win64; x64) AppleWebKit/537.36 (KHTML, like Gecko) Chrome/58.0.3029.110 Safari/537.3"
204.12.252.98 - - [31/Dec/2025:14:11:51 +0000] "GET /wp-includes/wpb459c2/edit.php HTTP/1.1" 404 49643 "https://chill-x.co/wp-includes/wpb459c2/edit.php" "Mozilla/5.0 (Windows NT 10.0; Win64; x64) AppleWebKit/537.36 (KHTML, like Gecko) Chrome/58.0.3029.110 Safari/537.3"
64.31.25.146 - - [31/Dec/2025:14:16:04 +0000] "POST /wp-cron.php?doing_wp_cron=1767190564.6514000892639160156250 HTTP/1.1" 403 1242 "-" "WordPress/6.9; https://chill-x.co"
54.86.115.253 - - [31/Dec/2025:14:16:02 +0000] "GET / HTTP/1.1" 200 65851 "-" "RecordedFuture Global Inventory Crawler"
64.31.25.146 - - [31/Dec/2025:14:23:06 +0000] "POST /wp-cron.php?doing_wp_cron=1767190986.4336199760437011718750 HTTP/1.1" 403 1242 "-" "WordPress/6.9; https://chill-x.co"
66.249.87.66 - - [31/Dec/2025:14:23:05 +0000] "GET /?_g=785410 HTTP/1.1" 200 57613 "-" "Mozilla/5.0 (X11; Linux x86_64) AppleWebKit/537.36 (KHTML, like Gecko) Chrome/141.0.7390.122 Safari/537.36"
66.249.87.67 - - [31/Dec/2025:14:24:36 +0000] "GET /wp-content/plugins/revslider/public/css/sr7.css?ver=6.7.34 HTTP/1.1" 200 1392 "https://chill-x.co/?_g=785410" "Mozilla/5.0 (X11; Linux x86_64) AppleWebKit/537.36 (KHTML, like Gecko) Chrome/141.0.7390.122 Safari/537.36"
66.249.87.66 - - [31/Dec/2025:14:24:40 +0000] "GET /wp-content/plugins/elementor/assets/css/conditionals/shapes.min.css?ver=3.29.2 HTTP/1.1" 200 221 "https://chill-x.co/?_g=785410" "Mozilla/5.0 (X11; Linux x86_64) AppleWebKit/537.36 (KHTML, like Gecko) Chrome/141.0.7390.122 Safari/537.36"
66.249.87.66 - - [31/Dec/2025:14:24:41 +0000] "GET /wp-content/plugins/lastudio-element-kit/assets/css/addons/slides.min.css?ver=1.5.4.1 HTTP/1.1" 200 962 "https://chill-x.co/?_g=785410" "Mozilla/5.0 (X11; Linux x86_64) AppleWebKit/537.36 (KHTML, like Gecko) Chrome/141.0.7390.122 Safari/537.36"
66.249.87.66 - - [31/Dec/2025:14:24:41 +0000] "GET /wp-content/uploads/elementor/css/post-2026.css?ver=1762484934 HTTP/1.1" 200 930 "https://chill-x.co/?_g=785410" "Mozilla/5.0 (X11; Linux x86_64) AppleWebKit/537.36 (KHTML, like Gecko) Chrome/141.0.7390.122 Safari/537.36"
66.249.87.66 - - [31/Dec/2025:14:24:42 +0000] "GET /wp-includes/js/jquery/jquery.min.js?ver=3.7.1 HTTP/1.1" 200 29744 "https://chill-x.co/?_g=785410" "Mozilla/5.0 (X11; Linux x86_64) AppleWebKit/537.36 (KHTML, like Gecko) Chrome/141.0.7390.122 Safari/537.36"
207.46.13.160 - - [31/Dec/2025:14:33:11 +0000] "GET /?_g=404258 HTTP/2" 200 57610 "-" "Mozilla/5.0 AppleWebKit/537.36 (KHTML, like Gecko; compatible; bingbot/2.0; +http://www.bing.com/bingbot.htm) Chrome/116.0.1938.76 Safari/537.36"
157.55.39.194 - - [31/Dec/2025:14:38:38 +0000] "GET /?_g=901205 HTTP/2" 200 57613 "-" "Mozilla/5.0 AppleWebKit/537.36 (KHTML, like Gecko; compatible; bingbot/2.0; +http://www.bing.com/bingbot.htm) Chrome/116.0.1938.76 Safari/537.36"
208.110.64.178 - - [31/Dec/2025:14:41:47 +0000] "GET /wp-includes/wpb459c2/edit.php HTTP/1.1" 404 49644 "https://chill-x.co/wp-includes/wpb459c2/edit.php" "Mozilla/5.0 (Windows NT 10.0; Win64; x64) AppleWebKit/537.36 (KHTML, like Gecko) Chrome/58.0.3029.110 Safari/537.3"
64.31.25.146 - - [31/Dec/2025:14:45:24 +0000] "POST /wp-cron.php?doing_wp_cron=1767192324.4764049053192138671875 HTTP/1.1" 403 1242 "-" "WordPress/6.9; https://chill-x.co"
157.55.39.55 - - [31/Dec/2025:14:45:23 +0000] "GET /?_g=47003 HTTP/2" 200 57609 "-" "Mozilla/5.0 AppleWebKit/537.36 (KHTML, like Gecko; compatible; bingbot/2.0; +http://www.bing.com/bingbot.htm) Chrome/116.0.1938.76 Safari/537.36"
64.31.25.146 - - [31/Dec/2025:14:46:41 +0000] "POST /wp-cron.php?doing_wp_cron=1767192401.0845088958740234375000 HTTP/1.1" 403 1242 "-" "WordPress/6.9; https://chill-x.co"
207.46.13.155 - - [31/Dec/2025:14:46:40 +0000] "GET /?_g=1275029 HTTP/2" 200 57609 "-" "Mozilla/5.0 AppleWebKit/537.36 (KHTML, like Gecko; compatible; bingbot/2.0; +http://www.bing.com/bingbot.htm) Chrome/116.0.1938.76 Safari/537.36"
207.46.13.153 - - [31/Dec/2025:14:51:47 +0000] "GET /?_g=994575 HTTP/2" 200 57611 "-" "Mozilla/5.0 AppleWebKit/537.36 (KHTML, like Gecko; compatible; bingbot/2.0; +http://www.bing.com/bingbot.htm) Chrome/116.0.1938.76 Safari/537.36"
64.31.25.146 - - [31/Dec/2025:14:54:24 +0000] "POST /wp-cron.php?doing_wp_cron=1767192864.7400529384613037109375 HTTP/1.1" 403 1242 "-" "WordPress/6.9; https://chill-x.co"
208.110.64.178 - - [31/Dec/2025:14:54:24 +0000] "GET /wp-includes/wpb459c2/edit.php HTTP/1.1" 404 49644 "https://chill-x.co/wp-includes/wpb459c2/edit.php" "Mozilla/5.0 (Windows NT 10.0; Win64; x64) AppleWebKit/537.36 (KHTML, like Gecko) Chrome/58.0.3029.110 Safari/537.3"
64.31.25.146 - - [31/Dec/2025:14:38:00 +0000] "POST /wp-cron.php?doing_wp_cron=1767191880.6393659114837646484375 HTTP/1.1" 403 1242 "-" "WordPress/6.9; https://chill-x.co"
208.110.64.178 - - [31/Dec/2025:14:37:58 +0000] "GET /wp-includes/wpb459c2/edit.php HTTP/1.1" 404 49644 "https://chill-x.co/wp-includes/wpb459c2/edit.php" "Mozilla/5.0 (Windows NT 10.0; Win64; x64) AppleWebKit/537.36 (KHTML, like Gecko) Chrome/58.0.3029.110 Safari/537.3"
208.110.64.178 - - [31/Dec/2025:14:38:00 +0000] "GET /wp-includes/wpb459c2/edit.php HTTP/1.1" 404 49642 "https://chill-x.co/wp-includes/wpb459c2/edit.php" "Mozilla/5.0 (Windows NT 10.0; Win64; x64) AppleWebKit/537.36 (KHTML, like Gecko) Chrome/58.0.3029.110 Safari/537.3"
64.31.25.146 - - [31/Dec/2025:14:41:48 +0000] "POST /wp-cron.php?doing_wp_cron=1767192108.5588350296020507812500 HTTP/1.1" 403 1242 "-" "WordPress/6.9; https://chill-x.co"
64.31.25.146 - - [31/Dec/2025:14:51:48 +0000] "POST /wp-cron.php?doing_wp_cron=1767192708.2190289497375488281250 HTTP/1.1" 403 1242 "-" "WordPress/6.9; https://chill-x.co"
101.99.88.90 - - [31/Dec/2025:15:01:51 +0000] "GET /wp-includes/wpb459c2/edit.php HTTP/1.1" 406 779 "-" "-"
64.31.25.146 - - [31/Dec/2025:15:09:44 +0000] "POST /wp-cron.php?doing_wp_cron=1767193784.0931088924407958984375 HTTP/1.1" 403 1242 "-" "WordPress/6.9; https://chill-x.co"
157.55.39.57 - - [31/Dec/2025:15:09:43 +0000] "GET /?_g=319717 HTTP/2" 200 57612 "-" "Mozilla/5.0 AppleWebKit/537.36 (KHTML, like Gecko; compatible; bingbot/2.0; +http://www.bing.com/bingbot.htm) Chrome/116.0.1938.76 Safari/537.36"
207.46.13.102 - - [31/Dec/2025:15:11:54 +0000] "GET /88776537.html HTTP/2" 301 0 "-" "Mozilla/5.0 AppleWebKit/537.36 (KHTML, like Gecko; compatible; bingbot/2.0; +http://www.bing.com/bingbot.htm) Chrome/116.0.1938.76 Safari/537.36"
64.31.25.146 - - [31/Dec/2025:15:14:25 +0000] "POST /wp-cron.php?doing_wp_cron=1767194065.6867868900299072265625 HTTP/1.1" 403 1242 "-" "WordPress/6.9; https://chill-x.co"
204.12.208.18 - - [31/Dec/2025:15:14:25 +0000] "GET /wp-includes/wpb459c2/edit.php HTTP/1.1" 404 55506 "https://chill-x.co/wp-includes/wpb459c2/edit.php" "Mozilla/4.0 (compatible; MSIE 8.0; Windows NT 5.1; Trident/4.0; EasyBits GO v1.0; InfoPath.1; .NET CLR 2.0.50727; .NET CLR 3.0.4506.2152; .NET CLR 3.5.30729)"
208.110.64.178 - - [31/Dec/2025:15:16:00 +0000] "GET /wp-includes/wpb459c2/edit.php HTTP/1.1" 404 49644 "https://chill-x.co/wp-includes/wpb459c2/edit.php" "Mozilla/5.0 (Windows NT 10.0; Win64; x64) AppleWebKit/537.36 (KHTML, like Gecko) Chrome/58.0.3029.110 Safari/537.3"
64.31.25.146 - - [31/Dec/2025:15:18:23 +0000] "POST /wp-cron.php?doing_wp_cron=1767194303.2377059459686279296875 HTTP/1.1" 403 1242 "-" "WordPress/6.9; https://chill-x.co"
66.249.69.162 - - [31/Dec/2025:15:30:33 +0000] "GET /?_g=1063071 HTTP/1.1" 200 57606 "-" "Mozilla/5.0 (Linux; Android 6.0.1; Nexus 5X Build/MMB29P) AppleWebKit/537.36 (KHTML, like Gecko) Chrome/141.0.7390.122 Mobile Safari/537.36 (compatible; Googlebot/2.1; +http://www.google.com/bot.html)"
66.249.69.162 - - [31/Dec/2025:15:30:40 +0000] "GET /wp-content/plugins/woocommerce/assets/css/select2.css?ver=9.9.5 HTTP/1.1" 200 1737 "https://chill-x.co/?_g=1063071" "Mozilla/5.0 (Linux; Android 6.0.1; Nexus 5X Build/MMB29P) AppleWebKit/537.36 (KHTML, like Gecko) Chrome/141.0.7390.122 Mobile Safari/537.36 (compatible; Googlebot/2.1; +http://www.google.com/bot.html)"
66.249.69.162 - - [31/Dec/2025:15:30:41 +0000] "GET /wp-content/plugins/contact-form-7/includes/js/index.js?ver=6.1 HTTP/1.1" 200 4745 "https://chill-x.co/?_g=1063071" "Mozilla/5.0 (Linux; Android 6.0.1; Nexus 5X Build/MMB29P) AppleWebKit/537.36 (KHTML, like Gecko) Chrome/141.0.7390.122 Mobile Safari/537.36 (compatible; Googlebot/2.1; +http://www.google.com/bot.html)"
157.55.39.55 - - [31/Dec/2025:15:35:30 +0000] "GET /?_g=276149 HTTP/2" 200 57609 "-" "Mozilla/5.0 AppleWebKit/537.36 (KHTML, like Gecko; compatible; bingbot/2.0; +http://www.bing.com/bingbot.htm) Chrome/116.0.1938.76 Safari/537.36"
157.55.39.8 - - [31/Dec/2025:15:42:19 +0000] "GET /?_g=105813 HTTP/2" 200 57613 "-" "Mozilla/5.0 AppleWebKit/537.36 (KHTML, like Gecko; compatible; bingbot/2.0; +http://www.bing.com/bingbot.htm) Chrome/116.0.1938.76 Safari/537.36"
64.31.25.146 - - [31/Dec/2025:15:43:22 +0000] "POST /wp-cron.php?doing_wp_cron=1767195802.5228629112243652343750 HTTP/1.1" 403 1242 "-" "WordPress/6.9; https://chill-x.co"
208.110.64.178 - - [31/Dec/2025:15:46:44 +0000] "GET /wp-includes/wpb459c2/edit.php HTTP/1.1" 404 49644 "https://chill-x.co/wp-includes/wpb459c2/edit.php" "Mozilla/5.0 (Windows NT 10.0; Win64; x64) AppleWebKit/537.36 (KHTML, like Gecko) Chrome/58.0.3029.110 Safari/537.3"
64.31.25.146 - - [31/Dec/2025:15:46:47 +0000] "POST /wp-cron.php?doing_wp_cron=1767196007.3847699165344238281250 HTTP/1.1" 403 1242 "-" "WordPress/6.9; https://chill-x.co"
208.110.64.178 - - [31/Dec/2025:15:46:46 +0000] "GET /wp-includes/wpb459c2/edit.php HTTP/1.1" 404 49644 "https://chill-x.co/wp-includes/wpb459c2/edit.php" "Mozilla/5.0 (Windows NT 10.0; Win64; x64) AppleWebKit/537.36 (KHTML, like Gecko) Chrome/58.0.3029.110 Safari/537.3"
64.31.25.146 - - [31/Dec/2025:15:00:14 +0000] "POST /wp-cron.php?doing_wp_cron=1767193214.5433690547943115234375 HTTP/1.1" 403 1242 "-" "WordPress/6.9; https://chill-x.co"
40.77.167.158 - - [31/Dec/2025:15:00:13 +0000] "GET /?_g=826968 HTTP/2" 200 57610 "-" "Mozilla/5.0 AppleWebKit/537.36 (KHTML, like Gecko; compatible; bingbot/2.0; +http://www.bing.com/bingbot.htm) Chrome/116.0.1938.76 Safari/537.36"
101.99.88.90 - - [31/Dec/2025:15:01:48 +0000] "GET / HTTP/1.1" 200 247545 "-" "Mozilla/5.0 (compatible; Googlebot/2.1; +http://www.google.com/bot.html)"
64.31.25.146 - - [31/Dec/2025:15:03:47 +0000] "POST /wp-cron.php?doing_wp_cron=1767193427.8340361118316650390625 HTTP/1.1" 403 1242 "-" "WordPress/6.9; https://chill-x.co"
157.55.39.49 - - [31/Dec/2025:15:03:47 +0000] "GET /?_g=238242 HTTP/2" 200 57609 "-" "Mozilla/5.0 AppleWebKit/537.36 (KHTML, like Gecko; compatible; bingbot/2.0; +http://www.bing.com/bingbot.htm) Chrome/116.0.1938.76 Safari/537.36"
64.31.25.146 - - [31/Dec/2025:15:11:54 +0000] "POST /wp-cron.php?doing_wp_cron=1767193914.7121798992156982421875 HTTP/1.1" 403 1242 "-" "WordPress/6.9; https://chill-x.co"
64.31.25.146 - - [31/Dec/2025:15:16:00 +0000] "POST /wp-cron.php?doing_wp_cron=1767194160.7701499462127685546875 HTTP/1.1" 403 1242 "-" "WordPress/6.9; https://chill-x.co"
40.77.167.23 - - [31/Dec/2025:15:18:22 +0000] "GET /?_g=879980 HTTP/2" 200 57611 "-" "Mozilla/5.0 AppleWebKit/537.36 (KHTML, like Gecko; compatible; bingbot/2.0; +http://www.bing.com/bingbot.htm) Chrome/116.0.1938.76 Safari/537.36"
64.31.25.146 - - [31/Dec/2025:15:30:34 +0000] "POST /wp-cron.php?doing_wp_cron=1767195034.5443511009216308593750 HTTP/1.1" 403 1242 "-" "WordPress/6.9; https://chill-x.co"
157.55.39.203 - - [31/Dec/2025:15:31:00 +0000] "GET /?_g=715728 HTTP/2" 200 57613 "-" "Mozilla/5.0 AppleWebKit/537.36 (KHTML, like Gecko; compatible; bingbot/2.0; +http://www.bing.com/bingbot.htm) Chrome/116.0.1938.76 Safari/537.36"
64.31.25.146 - - [31/Dec/2025:15:35:31 +0000] "POST /wp-cron.php?doing_wp_cron=1767195331.1297819614410400390625 HTTP/1.1" 403 1242 "-" "WordPress/6.9; https://chill-x.co"
208.110.64.178 - - [31/Dec/2025:15:36:03 +0000] "GET /wp-includes/wpb459c2/edit.php HTTP/1.1" 404 49642 "https://chill-x.co/wp-includes/wpb459c2/edit.php" "Mozilla/5.0 (Windows NT 10.0; Win64; x64) AppleWebKit/537.36 (KHTML, like Gecko) Chrome/58.0.3029.110 Safari/537.3"
64.31.25.146 - - [31/Dec/2025:15:36:58 +0000] "POST /wp-cron.php?doing_wp_cron=1767195418.1730289459228515625000 HTTP/1.1" 403 1242 "-" "WordPress/6.9; https://chill-x.co"
157.55.39.8 - - [31/Dec/2025:15:36:57 +0000] "GET /?_g=1052064 HTTP/2" 200 57607 "-" "Mozilla/5.0 AppleWebKit/537.36 (KHTML, like Gecko; compatible; bingbot/2.0; +http://www.bing.com/bingbot.htm) Chrome/116.0.1938.76 Safari/537.36"
64.31.25.146 - - [31/Dec/2025:15:42:20 +0000] "POST /wp-cron.php?doing_wp_cron=1767195740.3495070934295654296875 HTTP/1.1" 403 1242 "-" "WordPress/6.9; https://chill-x.co"
157.55.39.200 - - [31/Dec/2025:15:43:21 +0000] "GET /?_g=1317115 HTTP/2" 200 57608 "-" "Mozilla/5.0 AppleWebKit/537.36 (KHTML, like Gecko; compatible; bingbot/2.0; +http://www.bing.com/bingbot.htm) Chrome/116.0.1938.76 Safari/537.36"
64.31.25.146 - - [31/Dec/2025:15:46:47 +0000] "POST /wp-cron.php?doing_wp_cron=1767196007.2279040813446044921875 HTTP/1.1" 403 1242 "-" "WordPress/6.9; https://chill-x.co"
64.31.25.146 - - [31/Dec/2025:15:49:59 +0000] "POST /wp-cron.php?doing_wp_cron=1767196199.0361049175262451171875 HTTP/1.1" 403 1242 "-" "WordPress/6.9; https://chill-x.co"
204.12.252.98 - - [31/Dec/2025:16:05:19 +0000] "GET /wp-includes/wpb459c2/edit.php HTTP/1.1" 404 49644 "https://chill-x.co/wp-includes/wpb459c2/edit.php" "Mozilla/5.0 (Windows NT 10.0; Win64; x64) AppleWebKit/537.36 (KHTML, like Gecko) Chrome/58.0.3029.110 Safari/537.3"
52.167.144.197 - - [31/Dec/2025:16:06:01 +0000] "GET /?_g=21672 HTTP/2" 200 57619 "-" "Mozilla/5.0 AppleWebKit/537.36 (KHTML, like Gecko; compatible; bingbot/2.0; +http://www.bing.com/bingbot.htm) Chrome/116.0.1938.76 Safari/537.36"
207.46.13.141 - - [31/Dec/2025:15:47:19 +0000] "GET /?_g=948814 HTTP/2" 200 57613 "-" "Mozilla/5.0 AppleWebKit/537.36 (KHTML, like Gecko; compatible; bingbot/2.0; +http://www.bing.com/bingbot.htm) Chrome/116.0.1938.76 Safari/537.36"
207.46.13.141 - - [31/Dec/2025:15:49:58 +0000] "GET /search.php?sitemap454.xml HTTP/2" 404 49635 "-" "Mozilla/5.0 AppleWebKit/537.36 (KHTML, like Gecko; compatible; bingbot/2.0; +http://www.bing.com/bingbot.htm) Chrome/116.0.1938.76 Safari/537.36"
64.31.25.146 - - [31/Dec/2025:15:56:01 +0000] "POST /wp-cron.php?doing_wp_cron=1767196561.1083769798278808593750 HTTP/1.1" 403 1242 "-" "WordPress/6.9; https://chill-x.co"
205.210.31.131 - - [31/Dec/2025:15:56:00 +0000] "GET / HTTP/1.1" 200 247545 "-" "Hello from Palo Alto Networks, find out more about our scans in https://docs-cortex.paloaltonetworks.com/r/1/Cortex-Xpanse/Scanning-activity"
207.46.13.54 - - [31/Dec/2025:15:56:49 +0000] "GET /?_g=342637 HTTP/2" 200 57612 "-" "Mozilla/5.0 AppleWebKit/537.36 (KHTML, like Gecko; compatible; bingbot/2.0; +http://www.bing.com/bingbot.htm) Chrome/116.0.1938.76 Safari/537.36"
64.31.25.146 - - [31/Dec/2025:16:05:19 +0000] "POST /wp-cron.php?doing_wp_cron=1767197119.7979919910430908203125 HTTP/1.1" 403 1242 "-" "WordPress/6.9; https://chill-x.co"
64.31.25.146 - - [31/Dec/2025:16:07:12 +0000] "POST /wp-cron.php?doing_wp_cron=1767197232.2512109279632568359375 HTTP/1.1" 403 1242 "-" "WordPress/6.9; https://chill-x.co"
64.31.25.146 - - [31/Dec/2025:16:11:47 +0000] "POST /wp-cron.php?doing_wp_cron=1767197507.3782160282135009765625 HTTP/1.1" 403 1242 "-" "WordPress/6.9; https://chill-x.co"
64.31.25.146 - - [31/Dec/2025:16:14:51 +0000] "POST /wp-cron.php?doing_wp_cron=1767197691.2888309955596923828125 HTTP/1.1" 403 1242 "-" "WordPress/6.9; https://chill-x.co"
207.46.13.102 - - [31/Dec/2025:16:14:50 +0000] "GET /?_g=117126 HTTP/2" 200 57610 "-" "Mozilla/5.0 AppleWebKit/537.36 (KHTML, like Gecko; compatible; bingbot/2.0; +http://www.bing.com/bingbot.htm) Chrome/116.0.1938.76 Safari/537.36"
52.167.144.142 - - [31/Dec/2025:16:18:27 +0000] "GET /429043483.shtml HTTP/2" 404 49632 "-" "Mozilla/5.0 AppleWebKit/537.36 (KHTML, like Gecko; compatible; bingbot/2.0; +http://www.bing.com/bingbot.htm) Chrome/116.0.1938.76 Safari/537.36"
64.31.25.146 - - [31/Dec/2025:16:28:58 +0000] "POST /wp-cron.php?doing_wp_cron=1767198538.1704480648040771484375 HTTP/1.1" 403 1242 "-" "WordPress/6.9; https://chill-x.co"
208.110.64.178 - - [31/Dec/2025:16:29:09 +0000] "GET /wp-includes/wpb459c2/edit.php HTTP/1.1" 404 49642 "https://chill-x.co/wp-includes/wpb459c2/edit.php" "Mozilla/5.0 (Windows NT 10.0; Win64; x64) AppleWebKit/537.36 (KHTML, like Gecko) Chrome/58.0.3029.110 Safari/537.3"
207.46.13.92 - - [31/Dec/2025:16:43:08 +0000] "GET /?_g=478842 HTTP/2" 200 57613 "-" "Mozilla/5.0 AppleWebKit/537.36 (KHTML, like Gecko; compatible; bingbot/2.0; +http://www.bing.com/bingbot.htm) Chrome/116.0.1938.76 Safari/537.36"
66.249.69.161 - - [31/Dec/2025:16:45:17 +0000] "GET /?_g=821692 HTTP/1.1" 200 57609 "-" "Mozilla/5.0 (Linux; Android 6.0.1; Nexus 5X Build/MMB29P) AppleWebKit/537.36 (KHTML, like Gecko) Chrome/141.0.7390.122 Mobile Safari/537.36 (compatible; Googlebot/2.1; +http://www.google.com/bot.html)"
64.31.25.146 - - [31/Dec/2025:16:56:26 +0000] "POST /wp-cron.php?doing_wp_cron=1767200186.3594970703125000000000 HTTP/1.1" 403 1242 "-" "WordPress/6.9; https://chill-x.co"
64.31.25.146 - - [31/Dec/2025:16:59:56 +0000] "POST /wp-cron.php?doing_wp_cron=1767200396.9705679416656494140625 HTTP/1.1" 403 1242 "-" "WordPress/6.9; https://chill-x.co"
52.167.144.233 - - [31/Dec/2025:16:59:56 +0000] "GET /?_g=479865 HTTP/2" 200 57613 "-" "Mozilla/5.0 AppleWebKit/537.36 (KHTML, like Gecko; compatible; bingbot/2.0; +http://www.bing.com/bingbot.htm) Chrome/116.0.1938.76 Safari/537.36"
52.167.144.136 - - [31/Dec/2025:17:00:26 +0000] "GET /440690030.shtml HTTP/2" 404 49628 "-" "Mozilla/5.0 AppleWebKit/537.36 (KHTML, like Gecko; compatible; bingbot/2.0; +http://www.bing.com/bingbot.htm) Chrome/116.0.1938.76 Safari/537.36"
