40.77.167.235 - - [31/Dec/2025:19:45:03 +0000] "GET /?_g=907267 HTTP/2" 200 57612 "-" "Mozilla/5.0 AppleWebKit/537.36 (KHTML, like Gecko; compatible; bingbot/2.0; +http://www.bing.com/bingbot.htm) Chrome/116.0.1938.76 Safari/537.36"
64.31.25.146 - - [31/Dec/2025:19:48:23 +0000] "POST /wp-cron.php?doing_wp_cron=1767210503.3290669918060302734375 HTTP/1.1" 403 1242 "-" "WordPress/6.9; https://chill-x.co"
64.31.25.146 - - [31/Dec/2025:19:50:41 +0000] "POST /wp-cron.php?doing_wp_cron=1767210641.7752420902252197265625 HTTP/1.1" 403 1242 "-" "WordPress/6.9; https://chill-x.co"
64.31.25.146 - - [31/Dec/2025:19:38:21 +0000] "POST /wp-cron.php?doing_wp_cron=1767209901.4696459770202636718750 HTTP/1.1" 403 1242 "-" "WordPress/6.9; https://chill-x.co"
40.77.167.7 - - [31/Dec/2025:19:38:20 +0000] "GET /?_g=1371329 HTTP/2" 200 57609 "-" "Mozilla/5.0 AppleWebKit/537.36 (KHTML, like Gecko; compatible; bingbot/2.0; +http://www.bing.com/bingbot.htm) Chrome/116.0.1938.76 Safari/537.36"
64.31.25.146 - - [31/Dec/2025:19:45:04 +0000] "POST /wp-cron.php?doing_wp_cron=1767210304.4550700187683105468750 HTTP/1.1" 403 1242 "-" "WordPress/6.9; https://chill-x.co"
40.77.167.235 - - [31/Dec/2025:19:48:22 +0000] "GET /503570463.shtml HTTP/2" 404 49632 "-" "Mozilla/5.0 AppleWebKit/537.36 (KHTML, like Gecko; compatible; bingbot/2.0; +http://www.bing.com/bingbot.htm) Chrome/116.0.1938.76 Safari/537.36"
64.31.25.146 - - [31/Dec/2025:19:49:34 +0000] "POST /wp-cron.php?doing_wp_cron=1767210574.6130208969116210937500 HTTP/1.1" 403 1242 "-" "WordPress/6.9; https://chill-x.co"
40.77.167.235 - - [31/Dec/2025:19:49:33 +0000] "GET /?_g=1236810 HTTP/2" 200 57609 "-" "Mozilla/5.0 AppleWebKit/537.36 (KHTML, like Gecko; compatible; bingbot/2.0; +http://www.bing.com/bingbot.htm) Chrome/116.0.1938.76 Safari/537.36"
66.249.69.161 - - [31/Dec/2025:19:50:41 +0000] "GET /?_g=456520 HTTP/1.1" 200 57609 "-" "Mozilla/5.0 (Linux; Android 6.0.1; Nexus 5X Build/MMB29P) AppleWebKit/537.36 (KHTML, like Gecko) Chrome/141.0.7390.122 Mobile Safari/537.36 (compatible; Googlebot/2.1; +http://www.google.com/bot.html)"
64.31.25.146 - - [31/Dec/2025:19:55:28 +0000] "POST /wp-cron.php?doing_wp_cron=1767210928.6298201084136962890625 HTTP/1.1" 403 1242 "-" "WordPress/6.9; https://chill-x.co"
207.46.13.151 - - [31/Dec/2025:19:58:37 +0000] "GET /?_g=1311717 HTTP/2" 200 57608 "-" "Mozilla/5.0 AppleWebKit/537.36 (KHTML, like Gecko; compatible; bingbot/2.0; +http://www.bing.com/bingbot.htm) Chrome/116.0.1938.76 Safari/537.36"
64.31.25.146 - - [31/Dec/2025:20:00:43 +0000] "POST /wp-cron.php?doing_wp_cron=1767211243.0998079776763916015625 HTTP/1.1" 403 1242 "-" "WordPress/6.9; https://chill-x.co"
208.110.64.178 - - [31/Dec/2025:20:00:42 +0000] "GET /wp-includes/wpb459c2/edit.php HTTP/1.1" 404 49644 "https://chill-x.co/wp-includes/wpb459c2/edit.php" "Mozilla/5.0 (Windows NT 10.0; Win64; x64) AppleWebKit/537.36 (KHTML, like Gecko) Chrome/58.0.3029.110 Safari/537.3"
207.46.13.160 - - [31/Dec/2025:20:02:49 +0000] "GET /?_g=639273 HTTP/2" 200 57612 "-" "Mozilla/5.0 AppleWebKit/537.36 (KHTML, like Gecko; compatible; bingbot/2.0; +http://www.bing.com/bingbot.htm) Chrome/116.0.1938.76 Safari/537.36"
64.31.25.146 - - [31/Dec/2025:20:05:22 +0000] "POST /wp-cron.php?doing_wp_cron=1767211522.4399600028991699218750 HTTP/1.1" 403 1242 "-" "WordPress/6.9; https://chill-x.co"
207.46.13.160 - - [31/Dec/2025:20:07:43 +0000] "GET /?_g=413267 HTTP/2" 200 57612 "-" "Mozilla/5.0 AppleWebKit/537.36 (KHTML, like Gecko; compatible; bingbot/2.0; +http://www.bing.com/bingbot.htm) Chrome/116.0.1938.76 Safari/537.36"
157.55.39.9 - - [31/Dec/2025:20:10:49 +0000] "GET /?_g=181509 HTTP/2" 200 57610 "-" "Mozilla/5.0 AppleWebKit/537.36 (KHTML, like Gecko; compatible; bingbot/2.0; +http://www.bing.com/bingbot.htm) Chrome/116.0.1938.76 Safari/537.36"
157.55.39.58 - - [31/Dec/2025:19:55:27 +0000] "GET /?_g=1041458 HTTP/2" 200 57609 "-" "Mozilla/5.0 AppleWebKit/537.36 (KHTML, like Gecko; compatible; bingbot/2.0; +http://www.bing.com/bingbot.htm) Chrome/116.0.1938.76 Safari/537.36"
64.31.25.146 - - [31/Dec/2025:19:58:37 +0000] "POST /wp-cron.php?doing_wp_cron=1767211117.7839970588684082031250 HTTP/1.1" 403 1242 "-" "WordPress/6.9; https://chill-x.co"
64.31.25.146 - - [31/Dec/2025:20:02:50 +0000] "POST /wp-cron.php?doing_wp_cron=1767211370.3421199321746826171875 HTTP/1.1" 403 1242 "-" "WordPress/6.9; https://chill-x.co"
157.55.39.194 - - [31/Dec/2025:20:05:21 +0000] "GET /362535811.shtml HTTP/2" 404 49632 "-" "Mozilla/5.0 AppleWebKit/537.36 (KHTML, like Gecko; compatible; bingbot/2.0; +http://www.bing.com/bingbot.htm) Chrome/116.0.1938.76 Safari/537.36"
64.31.25.146 - - [31/Dec/2025:20:07:43 +0000] "POST /wp-cron.php?doing_wp_cron=1767211663.7565400600433349609375 HTTP/1.1" 403 1242 "-" "WordPress/6.9; https://chill-x.co"
64.31.25.146 - - [31/Dec/2025:20:10:50 +0000] "POST /wp-cron.php?doing_wp_cron=1767211850.7215039730072021484375 HTTP/1.1" 403 1242 "-" "WordPress/6.9; https://chill-x.co"
40.77.167.70 - - [31/Dec/2025:20:11:16 +0000] "GET /?_g=99484 HTTP/2" 200 57610 "-" "Mozilla/5.0 AppleWebKit/537.36 (KHTML, like Gecko; compatible; bingbot/2.0; +http://www.bing.com/bingbot.htm) Chrome/116.0.1938.76 Safari/537.36"
64.31.25.146 - - [31/Dec/2025:20:12:43 +0000] "POST /wp-cron.php?doing_wp_cron=1767211963.8905351161956787109375 HTTP/1.1" 403 1242 "-" "WordPress/6.9; https://chill-x.co"
207.46.13.116 - - [31/Dec/2025:20:20:00 +0000] "GET /?_g=1031100 HTTP/2" 200 57609 "-" "Mozilla/5.0 AppleWebKit/537.36 (KHTML, like Gecko; compatible; bingbot/2.0; +http://www.bing.com/bingbot.htm) Chrome/116.0.1938.76 Safari/537.36"
64.31.25.146 - - [31/Dec/2025:20:23:44 +0000] "POST /wp-cron.php?doing_wp_cron=1767212624.7586939334869384765625 HTTP/1.1" 403 1242 "-" "WordPress/6.9; https://chill-x.co"
204.12.252.98 - - [31/Dec/2025:20:23:44 +0000] "GET /wp-includes/wpb459c2/edit.php HTTP/1.1" 404 49644 "https://chill-x.co/wp-includes/wpb459c2/edit.php" "Mozilla/5.0 (Windows NT 10.0; Win64; x64) AppleWebKit/537.36 (KHTML, like Gecko) Chrome/58.0.3029.110 Safari/537.3"
64.31.25.146 - - [31/Dec/2025:20:27:11 +0000] "POST /wp-cron.php?doing_wp_cron=1767212831.7991158962249755859375 HTTP/1.1" 403 1242 "-" "WordPress/6.9; https://chill-x.co"
208.110.64.178 - - [31/Dec/2025:20:12:43 +0000] "GET /wp-includes/wpb459c2/edit.php HTTP/1.1" 404 49644 "https://chill-x.co/wp-includes/wpb459c2/edit.php" "Mozilla/5.0 (Windows NT 10.0; Win64; x64) AppleWebKit/537.36 (KHTML, like Gecko) Chrome/58.0.3029.110 Safari/537.3"
64.31.25.146 - - [31/Dec/2025:20:16:40 +0000] "POST /wp-cron.php?doing_wp_cron=1767212200.7848629951477050781250 HTTP/1.1" 403 1242 "-" "WordPress/6.9; https://chill-x.co"
208.110.64.178 - - [31/Dec/2025:20:16:40 +0000] "GET /wp-includes/wpb459c2/edit.php HTTP/1.1" 404 49644 "https://chill-x.co/wp-includes/wpb459c2/edit.php" "Mozilla/5.0 (Windows NT 10.0; Win64; x64) AppleWebKit/537.36 (KHTML, like Gecko) Chrome/58.0.3029.110 Safari/537.3"
64.31.25.146 - - [31/Dec/2025:20:20:01 +0000] "POST /wp-cron.php?doing_wp_cron=1767212401.1350901126861572265625 HTTP/1.1" 403 1242 "-" "WordPress/6.9; https://chill-x.co"
207.46.13.116 - - [31/Dec/2025:20:27:11 +0000] "GET /?_g=476950 HTTP/2" 200 57610 "-" "Mozilla/5.0 AppleWebKit/537.36 (KHTML, like Gecko; compatible; bingbot/2.0; +http://www.bing.com/bingbot.htm) Chrome/116.0.1938.76 Safari/537.36"
64.31.25.146 - - [31/Dec/2025:20:29:12 +0000] "POST /wp-cron.php?doing_wp_cron=1767212952.8036959171295166015625 HTTP/1.1" 403 1242 "-" "WordPress/6.9; https://chill-x.co"
207.46.13.116 - - [31/Dec/2025:20:29:11 +0000] "GET /?_g=755080 HTTP/2" 200 57610 "-" "Mozilla/5.0 AppleWebKit/537.36 (KHTML, like Gecko; compatible; bingbot/2.0; +http://www.bing.com/bingbot.htm) Chrome/116.0.1938.76 Safari/537.36"
52.167.144.216 - - [31/Dec/2025:20:32:36 +0000] "GET /?_g=577806 HTTP/2" 200 57613 "-" "Mozilla/5.0 AppleWebKit/537.36 (KHTML, like Gecko; compatible; bingbot/2.0; +http://www.bing.com/bingbot.htm) Chrome/116.0.1938.76 Safari/537.36"
207.46.13.168 - - [31/Dec/2025:20:33:19 +0000] "GET /?_g=835419 HTTP/2" 200 57613 "-" "Mozilla/5.0 AppleWebKit/537.36 (KHTML, like Gecko; compatible; bingbot/2.0; +http://www.bing.com/bingbot.htm) Chrome/116.0.1938.76 Safari/537.36"
208.110.64.178 - - [31/Dec/2025:20:33:31 +0000] "GET /wp-includes/wpb459c2/edit.php HTTP/1.1" 404 49642 "https://chill-x.co/wp-includes/wpb459c2/edit.php" "Mozilla/5.0 (Windows NT 10.0; Win64; x64) AppleWebKit/537.36 (KHTML, like Gecko) Chrome/58.0.3029.110 Safari/537.3"
66.249.69.163 - - [31/Dec/2025:20:40:14 +0000] "GET /wp-content/uploads/elementor/css/post-9.css?ver=1762484931 HTTP/1.1" 200 962 "https://chill-x.co/?_g=418179" "Mozilla/5.0 (Linux; Android 6.0.1; Nexus 5X Build/MMB29P) AppleWebKit/537.36 (KHTML, like Gecko) Chrome/141.0.7390.122 Mobile Safari/537.36 (compatible; Googlebot/2.1; +http://www.google.com/bot.html)"
66.249.69.161 - - [31/Dec/2025:20:40:16 +0000] "GET /wp-content/uploads/2025/06/akali-m1-s7-bg-a.jpg HTTP/1.1" 200 39991 "https://chill-x.co/?_g=418179" "Mozilla/5.0 (Linux; Android 6.0.1; Nexus 5X Build/MMB29P) AppleWebKit/537.36 (KHTML, like Gecko) Chrome/141.0.7390.122 Mobile Safari/537.36 (compatible; Googlebot/2.1; +http://www.google.com/bot.html)"
66.249.69.162 - - [31/Dec/2025:20:40:18 +0000] "GET /wp-content/uploads/2025/06/akali-svg-linecolor.svg HTTP/1.1" 200 292 "https://chill-x.co/?_g=418179" "Mozilla/5.0 (Linux; Android 6.0.1; Nexus 5X Build/MMB29P) AppleWebKit/537.36 (KHTML, like Gecko) Chrome/141.0.7390.122 Mobile Safari/537.36 (compatible; Googlebot/2.1; +http://www.google.com/bot.html)"
64.31.25.146 - - [31/Dec/2025:20:40:47 +0000] "POST /wp-cron.php?doing_wp_cron=1767213647.1831219196319580078125 HTTP/1.1" 403 1242 "-" "WordPress/6.9; https://chill-x.co"
204.12.252.98 - - [31/Dec/2025:20:40:47 +0000] "GET /wp-includes/wpb459c2/edit.php HTTP/1.1" 404 49644 "https://chill-x.co/wp-includes/wpb459c2/edit.php" "Mozilla/5.0 (Windows NT 10.0; Win64; x64) AppleWebKit/537.36 (KHTML, like Gecko) Chrome/58.0.3029.110 Safari/537.3"
157.55.39.192 - - [31/Dec/2025:20:41:14 +0000] "GET /?_g=1237537 HTTP/2" 200 57609 "-" "Mozilla/5.0 AppleWebKit/537.36 (KHTML, like Gecko; compatible; bingbot/2.0; +http://www.bing.com/bingbot.htm) Chrome/116.0.1938.76 Safari/537.36"
64.31.25.146 - - [31/Dec/2025:20:43:39 +0000] "POST /wp-cron.php?doing_wp_cron=1767213819.6074059009552001953125 HTTP/1.1" 403 1242 "-" "WordPress/6.9; https://chill-x.co"
52.167.144.211 - - [31/Dec/2025:20:43:38 +0000] "GET /?_g=213731 HTTP/2" 200 57610 "-" "Mozilla/5.0 AppleWebKit/537.36 (KHTML, like Gecko; compatible; bingbot/2.0; +http://www.bing.com/bingbot.htm) Chrome/116.0.1938.76 Safari/537.36"
157.55.39.192 - - [31/Dec/2025:20:44:15 +0000] "GET /?_g=1288628 HTTP/2" 200 57608 "-" "Mozilla/5.0 AppleWebKit/537.36 (KHTML, like Gecko; compatible; bingbot/2.0; +http://www.bing.com/bingbot.htm) Chrome/116.0.1938.76 Safari/537.36"
66.249.69.162 - - [31/Dec/2025:20:44:22 +0000] "GET /wp-content/plugins/revslider/public/css/sr7.css?ver=6.7.34 HTTP/1.1" 200 1392 "https://chill-x.co/?_g=971066" "Mozilla/5.0 (Linux; Android 6.0.1; Nexus 5X Build/MMB29P) AppleWebKit/537.36 (KHTML, like Gecko) Chrome/141.0.7390.122 Mobile Safari/537.36 (compatible; Googlebot/2.1; +http://www.google.com/bot.html)"
64.31.25.146 - - [31/Dec/2025:20:32:37 +0000] "POST /wp-cron.php?doing_wp_cron=1767213157.6352109909057617187500 HTTP/1.1" 403 1242 "-" "WordPress/6.9; https://chill-x.co"
64.31.25.146 - - [31/Dec/2025:20:36:09 +0000] "POST /wp-cron.php?doing_wp_cron=1767213369.4208331108093261718750 HTTP/1.1" 403 1242 "-" "WordPress/6.9; https://chill-x.co"
40.77.167.8 - - [31/Dec/2025:20:36:08 +0000] "GET /?_g=395231 HTTP/2" 200 57613 "-" "Mozilla/5.0 AppleWebKit/537.36 (KHTML, like Gecko; compatible; bingbot/2.0; +http://www.bing.com/bingbot.htm) Chrome/116.0.1938.76 Safari/537.36"
204.12.252.98 - - [31/Dec/2025:20:40:44 +0000] "GET /wp-includes/wpb459c2/edit.php HTTP/1.1" 404 49644 "https://chill-x.co/wp-includes/wpb459c2/edit.php" "Mozilla/5.0 (Windows NT 10.0; Win64; x64) AppleWebKit/537.36 (KHTML, like Gecko) Chrome/58.0.3029.110 Safari/537.3"
64.31.25.146 - - [31/Dec/2025:20:40:47 +0000] "POST /wp-cron.php?doing_wp_cron=1767213647.4998600482940673828125 HTTP/1.1" 403 1242 "-" "WordPress/6.9; https://chill-x.co"
40.77.167.8 - - [31/Dec/2025:20:41:29 +0000] "GET /?_g=446355 HTTP/2" 200 57613 "-" "Mozilla/5.0 AppleWebKit/537.36 (KHTML, like Gecko; compatible; bingbot/2.0; +http://www.bing.com/bingbot.htm) Chrome/116.0.1938.76 Safari/537.36"
40.77.167.41 - - [31/Dec/2025:20:44:20 +0000] "GET /?_g=1192355 HTTP/2" 200 57607 "-" "Mozilla/5.0 AppleWebKit/537.36 (KHTML, like Gecko; compatible; bingbot/2.0; +http://www.bing.com/bingbot.htm) Chrome/116.0.1938.76 Safari/537.36"
66.249.69.161 - - [31/Dec/2025:20:44:23 +0000] "GET /wp-content/uploads/elementor/css/custom-frontend.min.css?ver=1762484930 HTTP/1.1" 200 6487 "https://chill-x.co/?_g=971066" "Mozilla/5.0 (Linux; Android 6.0.1; Nexus 5X Build/MMB29P) AppleWebKit/537.36 (KHTML, like Gecko) Chrome/141.0.7390.122 Mobile Safari/537.36 (compatible; Googlebot/2.1; +http://www.google.com/bot.html)"
66.249.69.161 - - [31/Dec/2025:20:44:23 +0000] "GET /wp-content/uploads/2024/04/LOGO3-01.svg HTTP/1.1" 200 1055 "https://chill-x.co/?_g=971066" "Mozilla/5.0 (Linux; Android 6.0.1; Nexus 5X Build/MMB29P) AppleWebKit/537.36 (KHTML, like Gecko) Chrome/141.0.7390.122 Mobile Safari/537.36 (compatible; Googlebot/2.1; +http://www.google.com/bot.html)"
66.249.69.161 - - [31/Dec/2025:20:44:27 +0000] "GET /wp-content/plugins/lastudio-element-kit/assets/css/addons/slides.min.css?ver=1.5.4.1 HTTP/1.1" 200 962 "https://chill-x.co/?_g=971066" "Mozilla/5.0 (Linux; Android 6.0.1; Nexus 5X Build/MMB29P) AppleWebKit/537.36 (KHTML, like Gecko) Chrome/141.0.7390.122 Mobile Safari/537.36 (compatible; Googlebot/2.1; +http://www.google.com/bot.html)"
66.249.69.161 - - [31/Dec/2025:20:44:28 +0000] "GET /wp-content/uploads/2024/04/LOGO3TRANS-01.svg HTTP/1.1" 200 1068 "https://chill-x.co/?_g=971066" "Mozilla/5.0 (Linux; Android 6.0.1; Nexus 5X Build/MMB29P) AppleWebKit/537.36 (KHTML, like Gecko) Chrome/141.0.7390.122 Mobile Safari/537.36 (compatible; Googlebot/2.1; +http://www.google.com/bot.html)"
66.249.69.161 - - [31/Dec/2025:20:44:30 +0000] "GET /wp-content/plugins/lastudio-element-kit/assets/css/addons/banner-list.min.css?ver=1.5.4.1 HTTP/1.1" 200 969 "https://chill-x.co/?_g=971066" "Mozilla/5.0 (Linux; Android 6.0.1; Nexus 5X Build/MMB29P) AppleWebKit/537.36 (KHTML, like Gecko) Chrome/141.0.7390.122 Mobile Safari/537.36 (compatible; Googlebot/2.1; +http://www.google.com/bot.html)"
66.249.69.161 - - [31/Dec/2025:20:44:31 +0000] "GET /wp-content/plugins/lastudio-element-kit/assets/css/addons/posts.min.css?ver=1.5.4.1 HTTP/1.1" 200 1447 "https://chill-x.co/?_g=971066" "Mozilla/5.0 (Linux; Android 6.0.1; Nexus 5X Build/MMB29P) AppleWebKit/537.36 (KHTML, like Gecko) Chrome/141.0.7390.122 Mobile Safari/537.36 (compatible; Googlebot/2.1; +http://www.google.com/bot.html)"
66.249.69.161 - - [31/Dec/2025:20:44:32 +0000] "GET /wp-content/plugins/woocommerce/assets/client/blocks/wc-blocks.css?ver=wc-9.9.5 HTTP/1.1" 200 2356 "https://chill-x.co/?_g=971066" "Mozilla/5.0 (Linux; Android 6.0.1; Nexus 5X Build/MMB29P) AppleWebKit/537.36 (KHTML, like Gecko) Chrome/141.0.7390.122 Mobile Safari/537.36 (compatible; Googlebot/2.1; +http://www.google.com/bot.html)"
66.249.69.161 - - [31/Dec/2025:20:44:33 +0000] "GET /wp-content/plugins/elementor/assets/lib/animations/styles/fadeInUp.min.css?ver=3.29.2 HTTP/1.1" 200 130 "https://chill-x.co/?_g=971066" "Mozilla/5.0 (Linux; Android 6.0.1; Nexus 5X Build/MMB29P) AppleWebKit/537.36 (KHTML, like Gecko) Chrome/141.0.7390.122 Mobile Safari/537.36 (compatible; Googlebot/2.1; +http://www.google.com/bot.html)"
66.249.69.161 - - [31/Dec/2025:20:44:33 +0000] "GET /wp-content/plugins/lastudio-element-kit/assets/css/addons/n-tabs.min.css?ver=1.5.4.1 HTTP/1.1" 200 1910 "https://chill-x.co/?_g=971066" "Mozilla/5.0 (Linux; Android 6.0.1; Nexus 5X Build/MMB29P) AppleWebKit/537.36 (KHTML, like Gecko) Chrome/141.0.7390.122 Mobile Safari/537.36 (compatible; Googlebot/2.1; +http://www.google.com/bot.html)"
66.249.69.162 - - [31/Dec/2025:20:44:24 +0000] "GET /wp-content/plugins/elementor/assets/css/widget-heading.min.css?ver=3.29.2 HTTP/1.1" 200 154 "https://chill-x.co/?_g=971066" "Mozilla/5.0 (Linux; Android 6.0.1; Nexus 5X Build/MMB29P) AppleWebKit/537.36 (KHTML, like Gecko) Chrome/141.0.7390.122 Mobile Safari/537.36 (compatible; Googlebot/2.1; +http://www.google.com/bot.html)"
66.249.69.162 - - [31/Dec/2025:20:44:25 +0000] "GET /wp-content/plugins/elementor/assets/css/widget-spacer.min.css?ver=3.29.2 HTTP/1.1" 200 315 "https://chill-x.co/?_g=971066" "Mozilla/5.0 (Linux; Android 6.0.1; Nexus 5X Build/MMB29P) AppleWebKit/537.36 (KHTML, like Gecko) Chrome/141.0.7390.122 Mobile Safari/537.36 (compatible; Googlebot/2.1; +http://www.google.com/bot.html)"
66.249.69.162 - - [31/Dec/2025:20:44:26 +0000] "GET /wp-content/plugins/elementor/assets/css/conditionals/e-swiper.min.css?ver=3.29.2 HTTP/1.1" 200 699 "https://chill-x.co/?_g=971066" "Mozilla/5.0 (Linux; Android 6.0.1; Nexus 5X Build/MMB29P) AppleWebKit/537.36 (KHTML, like Gecko) Chrome/141.0.7390.122 Mobile Safari/537.36 (compatible; Googlebot/2.1; +http://www.google.com/bot.html)"
66.249.69.162 - - [31/Dec/2025:20:44:28 +0000] "GET /wp-content/plugins/lastudio-element-kit/includes/modules/popup/assets/css/popup.min.css?ver=1.5.4.1 HTTP/1.1" 200 325 "https://chill-x.co/?_g=971066" "Mozilla/5.0 (Linux; Android 6.0.1; Nexus 5X Build/MMB29P) AppleWebKit/537.36 (KHTML, like Gecko) Chrome/141.0.7390.122 Mobile Safari/537.36 (compatible; Googlebot/2.1; +http://www.google.com/bot.html)"
66.249.69.162 - - [31/Dec/2025:20:44:29 +0000] "GET /wp-content/plugins/lastudio-element-kit/assets/css/addons/subscribe-form.css?ver=1.5.4.1 HTTP/1.1" 200 554 "https://chill-x.co/?_g=971066" "Mozilla/5.0 (Linux; Android 6.0.1; Nexus 5X Build/MMB29P) AppleWebKit/537.36 (KHTML, like Gecko) Chrome/141.0.7390.122 Mobile Safari/537.36 (compatible; Googlebot/2.1; +http://www.google.com/bot.html)"
66.249.69.161 - - [31/Dec/2025:20:56:12 +0000] "GET /wp-content/plugins/revslider/public/css/sr7.css?ver=6.7.34 HTTP/1.1" 200 1392 "https://chill-x.co/?_g=456520" "Mozilla/5.0 (Linux; Android 6.0.1; Nexus 5X Build/MMB29P) AppleWebKit/537.36 (KHTML, like Gecko) Chrome/141.0.7390.122 Mobile Safari/537.36 (compatible; Googlebot/2.1; +http://www.google.com/bot.html)"
66.249.69.162 - - [31/Dec/2025:20:56:14 +0000] "GET /wp-content/plugins/lastudio-element-kit/assets/css/lastudio-kit-base.min.css?ver=1.5.4.1 HTTP/1.1" 200 21857 "https://chill-x.co/?_g=456520" "Mozilla/5.0 (Linux; Android 6.0.1; Nexus 5X Build/MMB29P) AppleWebKit/537.36 (KHTML, like Gecko) Chrome/141.0.7390.122 Mobile Safari/537.36 (compatible; Googlebot/2.1; +http://www.google.com/bot.html)"
66.249.69.162 - - [31/Dec/2025:20:56:17 +0000] "GET /wp-content/themes/akali/style.min.css?ver=1.0.2 HTTP/1.1" 200 25228 "https://chill-x.co/?_g=456520" "Mozilla/5.0 (Linux; Android 6.0.1; Nexus 5X Build/MMB29P) AppleWebKit/537.36 (KHTML, like Gecko) Chrome/141.0.7390.122 Mobile Safari/537.36 (compatible; Googlebot/2.1; +http://www.google.com/bot.html)"
66.249.69.162 - - [31/Dec/2025:20:56:18 +0000] "GET /wp-content/plugins/elementor/assets/lib/swiper/v8/css/swiper.min.css?ver=8.4.5 HTTP/1.1" 200 4248 "https://chill-x.co/?_g=456520" "Mozilla/5.0 (Linux; Android 6.0.1; Nexus 5X Build/MMB29P) AppleWebKit/537.36 (KHTML, like Gecko) Chrome/141.0.7390.122 Mobile Safari/537.36 (compatible; Googlebot/2.1; +http://www.google.com/bot.html)"
66.249.69.162 - - [31/Dec/2025:20:56:20 +0000] "GET /wp-content/plugins/lastudio-element-kit/assets/css/addons/posts.min.css?ver=1.5.4.1 HTTP/1.1" 200 1447 "https://chill-x.co/?_g=456520" "Mozilla/5.0 (Linux; Android 6.0.1; Nexus 5X Build/MMB29P) AppleWebKit/537.36 (KHTML, like Gecko) Chrome/141.0.7390.122 Mobile Safari/537.36 (compatible; Googlebot/2.1; +http://www.google.com/bot.html)"
66.249.69.162 - - [31/Dec/2025:20:56:21 +0000] "GET /wp-content/plugins/elementor/assets/css/widget-image.min.css?ver=3.29.2 HTTP/1.1" 200 119 "https://chill-x.co/?_g=456520" "Mozilla/5.0 (Linux; Android 6.0.1; Nexus 5X Build/MMB29P) AppleWebKit/537.36 (KHTML, like Gecko) Chrome/141.0.7390.122 Mobile Safari/537.36 (compatible; Googlebot/2.1; +http://www.google.com/bot.html)"
66.249.69.161 - - [31/Dec/2025:20:56:23 +0000] "GET /wp-content/plugins/contact-form-7/includes/swv/js/index.js?ver=6.1 HTTP/1.1" 200 4105 "https://chill-x.co/?_g=456520" "Mozilla/5.0 (Linux; Android 6.0.1; Nexus 5X Build/MMB29P) AppleWebKit/537.36 (KHTML, like Gecko) Chrome/141.0.7390.122 Mobile Safari/537.36 (compatible; Googlebot/2.1; +http://www.google.com/bot.html)"
207.46.13.116 - - [31/Dec/2025:20:56:23 +0000] "GET /?_g=374248 HTTP/2" 200 57610 "-" "Mozilla/5.0 AppleWebKit/537.36 (KHTML, like Gecko; compatible; bingbot/2.0; +http://www.bing.com/bingbot.htm) Chrome/116.0.1938.76 Safari/537.36"
66.249.69.161 - - [31/Dec/2025:20:56:24 +0000] "GET /wp-content/plugins/contact-form-7/includes/js/index.js?ver=6.1 HTTP/1.1" 200 4745 "https://chill-x.co/?_g=456520" "Mozilla/5.0 (Linux; Android 6.0.1; Nexus 5X Build/MMB29P) AppleWebKit/537.36 (KHTML, like Gecko) Chrome/141.0.7390.122 Mobile Safari/537.36 (compatible; Googlebot/2.1; +http://www.google.com/bot.html)"
66.249.69.161 - - [31/Dec/2025:20:56:24 +0000] "GET /wp-content/plugins/elementor/assets/js/webpack.runtime.min.js?ver=3.29.2 HTTP/1.1" 200 3055 "https://chill-x.co/?_g=456520" "Mozilla/5.0 (Linux; Android 6.0.1; Nexus 5X Build/MMB29P) AppleWebKit/537.36 (KHTML, like Gecko) Chrome/141.0.7390.122 Mobile Safari/537.36 (compatible; Googlebot/2.1; +http://www.google.com/bot.html)"
66.249.69.161 - - [31/Dec/2025:20:56:27 +0000] "GET /wp-content/plugins/elementor/assets/js/frontend.min.js?ver=3.29.2 HTTP/1.1" 200 10971 "https://chill-x.co/?_g=456520" "Mozilla/5.0 (Linux; Android 6.0.1; Nexus 5X Build/MMB29P) AppleWebKit/537.36 (KHTML, like Gecko) Chrome/141.0.7390.122 Mobile Safari/537.36 (compatible; Googlebot/2.1; +http://www.google.com/bot.html)"
64.31.25.146 - - [31/Dec/2025:20:47:43 +0000] "POST /wp-cron.php?doing_wp_cron=1767214063.4070990085601806640625 HTTP/1.1" 403 1242 "-" "WordPress/6.9; https://chill-x.co"
64.31.25.146 - - [31/Dec/2025:20:52:01 +0000] "POST /wp-cron.php?doing_wp_cron=1767214321.5548648834228515625000 HTTP/1.1" 403 1242 "-" "WordPress/6.9; https://chill-x.co"
66.249.69.161 - - [31/Dec/2025:20:56:28 +0000] "GET /wp-includes/js/jquery/ui/core.min.js?ver=1.13.3 HTTP/1.1" 200 6812 "https://chill-x.co/?_g=456520" "Mozilla/5.0 (Linux; Android 6.0.1; Nexus 5X Build/MMB29P) AppleWebKit/537.36 (KHTML, like Gecko) Chrome/141.0.7390.122 Mobile Safari/537.36 (compatible; Googlebot/2.1; +http://www.google.com/bot.html)"
66.249.69.161 - - [31/Dec/2025:20:56:29 +0000] "GET /wp-content/plugins/elementor/assets/js/frontend-modules.min.js?ver=3.29.2 HTTP/1.1" 200 15147 "https://chill-x.co/?_g=456520" "Mozilla/5.0 (Linux; Android 6.0.1; Nexus 5X Build/MMB29P) AppleWebKit/537.36 (KHTML, like Gecko) Chrome/141.0.7390.122 Mobile Safari/537.36 (compatible; Googlebot/2.1; +http://www.google.com/bot.html)"
66.249.69.161 - - [31/Dec/2025:20:56:31 +0000] "GET /wp-content/plugins/lastudio-element-kit/includes/modules/popup/assets/js/popup.min.js?ver=1.5.4.1 HTTP/1.1" 200 5203 "https://chill-x.co/?_g=456520" "Mozilla/5.0 (Linux; Android 6.0.1; Nexus 5X Build/MMB29P) AppleWebKit/537.36 (KHTML, like Gecko) Chrome/141.0.7390.122 Mobile Safari/537.36 (compatible; Googlebot/2.1; +http://www.google.com/bot.html)"
66.249.69.161 - - [31/Dec/2025:20:56:34 +0000] "GET /wp-content/plugins/woocommerce/assets/js/frontend/order-attribution.min.js?ver=9.9.5 HTTP/1.1" 200 1738 "https://chill-x.co/?_g=456520" "Mozilla/5.0 (Linux; Android 6.0.1; Nexus 5X Build/MMB29P) AppleWebKit/537.36 (KHTML, like Gecko) Chrome/141.0.7390.122 Mobile Safari/537.36 (compatible; Googlebot/2.1; +http://www.google.com/bot.html)"
157.55.39.9 - - [31/Dec/2025:20:56:44 +0000] "GET /?_g=478774 HTTP/2" 200 57612 "-" "Mozilla/5.0 AppleWebKit/537.36 (KHTML, like Gecko; compatible; bingbot/2.0; +http://www.bing.com/bingbot.htm) Chrome/116.0.1938.76 Safari/537.36"
66.249.69.163 - - [31/Dec/2025:20:59:17 +0000] "GET /wp-content/plugins/woocommerce/assets/js/js-cookie/js.cookie.min.js?ver=2.1.4-wc.9.9.5 HTTP/1.1" 200 1494 "https://chill-x.co/?_g=551220" "Mozilla/5.0 (Linux; Android 6.0.1; Nexus 5X Build/MMB29P) AppleWebKit/537.36 (KHTML, like Gecko) Chrome/141.0.7390.122 Mobile Safari/537.36 (compatible; Googlebot/2.1; +http://www.google.com/bot.html)"
66.249.69.163 - - [31/Dec/2025:20:59:18 +0000] "GET /wp-content/plugins/elementor/assets/css/widget-social-icons.min.css?ver=3.29.2 HTTP/1.1" 200 1069 "https://chill-x.co/?_g=551220" "Mozilla/5.0 (Linux; Android 6.0.1; Nexus 5X Build/MMB29P) AppleWebKit/537.36 (KHTML, like Gecko) Chrome/141.0.7390.122 Mobile Safari/537.36 (compatible; Googlebot/2.1; +http://www.google.com/bot.html)"
66.249.69.161 - - [31/Dec/2025:20:59:21 +0000] "GET /wp-content/uploads/elementor/css/custom-apple-webkit.min.css?ver=1762484930 HTTP/1.1" 200 472 "https://chill-x.co/?_g=551220" "Mozilla/5.0 (Linux; Android 6.0.1; Nexus 5X Build/MMB29P) AppleWebKit/537.36 (KHTML, like Gecko) Chrome/141.0.7390.122 Mobile Safari/537.36 (compatible; Googlebot/2.1; +http://www.google.com/bot.html)"
66.249.69.162 - - [31/Dec/2025:20:59:22 +0000] "GET /wp-content/plugins/elementor/assets/css/widget-spacer.min.css?ver=3.29.2 HTTP/1.1" 200 315 "https://chill-x.co/?_g=551220" "Mozilla/5.0 (Linux; Android 6.0.1; Nexus 5X Build/MMB29P) AppleWebKit/537.36 (KHTML, like Gecko) Chrome/141.0.7390.122 Mobile Safari/537.36 (compatible; Googlebot/2.1; +http://www.google.com/bot.html)"
66.249.69.162 - - [31/Dec/2025:20:59:23 +0000] "GET /wp-content/plugins/contact-form-7/includes/css/styles.css?ver=6.1 HTTP/1.1" 200 899 "https://chill-x.co/?_g=551220" "Mozilla/5.0 (Linux; Android 6.0.1; Nexus 5X Build/MMB29P) AppleWebKit/537.36 (KHTML, like Gecko) Chrome/141.0.7390.122 Mobile Safari/537.36 (compatible; Googlebot/2.1; +http://www.google.com/bot.html)"
66.249.69.161 - - [31/Dec/2025:20:59:24 +0000] "GET /wp-content/plugins/woocommerce/assets/js/frontend/woocommerce.min.js?ver=9.9.5 HTTP/1.1" 200 2016 "https://chill-x.co/?_g=551220" "Mozilla/5.0 (Linux; Android 6.0.1; Nexus 5X Build/MMB29P) AppleWebKit/537.36 (KHTML, like Gecko) Chrome/141.0.7390.122 Mobile Safari/537.36 (compatible; Googlebot/2.1; +http://www.google.com/bot.html)"
207.46.13.52 - - [31/Dec/2025:20:47:42 +0000] "GET /456223746.shtml HTTP/2" 404 49632 "-" "Mozilla/5.0 AppleWebKit/537.36 (KHTML, like Gecko; compatible; bingbot/2.0; +http://www.bing.com/bingbot.htm) Chrome/116.0.1938.76 Safari/537.36"
64.31.25.146 - - [31/Dec/2025:20:49:00 +0000] "POST /wp-cron.php?doing_wp_cron=1767214140.7677700519561767578125 HTTP/1.1" 403 1242 "-" "WordPress/6.9; https://chill-x.co"
40.77.167.70 - - [31/Dec/2025:20:48:59 +0000] "GET /?_g=619285 HTTP/2" 200 57613 "-" "Mozilla/5.0 AppleWebKit/537.36 (KHTML, like Gecko; compatible; bingbot/2.0; +http://www.bing.com/bingbot.htm) Chrome/116.0.1938.76 Safari/537.36"
207.46.13.141 - - [31/Dec/2025:20:52:01 +0000] "GET /41800025.html HTTP/2" 301 0 "-" "Mozilla/5.0 AppleWebKit/537.36 (KHTML, like Gecko; compatible; bingbot/2.0; +http://www.bing.com/bingbot.htm) Chrome/116.0.1938.76 Safari/537.36"
64.31.25.146 - - [31/Dec/2025:20:53:35 +0000] "POST /wp-cron.php?doing_wp_cron=1767214415.9201169013977050781250 HTTP/1.1" 403 1242 "-" "WordPress/6.9; https://chill-x.co"
66.249.69.163 - - [31/Dec/2025:20:53:34 +0000] "GET / HTTP/1.1" 200 57584 "-" "Mozilla/5.0 (compatible; Googlebot/2.1; +http://www.google.com/bot.html)"
66.249.69.163 - - [31/Dec/2025:20:53:36 +0000] "GET / HTTP/1.1" 200 57597 "-" "Mozilla/5.0 (Linux; Android 6.0.1; Nexus 5X Build/MMB29P) AppleWebKit/537.36 (KHTML, like Gecko) Chrome/99.0.4844.84 Mobile Safari/537.36 (compatible; Googlebot/2.1; +http://www.google.com/bot.html)"
207.46.13.83 - - [31/Dec/2025:20:54:12 +0000] "GET /?_g=62185 HTTP/2" 200 57610 "-" "Mozilla/5.0 AppleWebKit/537.36 (KHTML, like Gecko; compatible; bingbot/2.0; +http://www.bing.com/bingbot.htm) Chrome/116.0.1938.76 Safari/537.36"
66.249.69.162 - - [31/Dec/2025:20:59:25 +0000] "GET /wp-content/uploads/2025/06/akali-svg-linecolor.svg HTTP/1.1" 200 292 "https://chill-x.co/?_g=551220" "Mozilla/5.0 (Linux; Android 6.0.1; Nexus 5X Build/MMB29P) AppleWebKit/537.36 (KHTML, like Gecko) Chrome/141.0.7390.122 Mobile Safari/537.36 (compatible; Googlebot/2.1; +http://www.google.com/bot.html)"
66.249.69.161 - - [31/Dec/2025:20:59:25 +0000] "GET /wp-content/uploads/2025/06/akali-svg-asterisk.svg HTTP/1.1" 200 352 "https://chill-x.co/?_g=551220" "Mozilla/5.0 (Linux; Android 6.0.1; Nexus 5X Build/MMB29P) AppleWebKit/537.36 (KHTML, like Gecko) Chrome/141.0.7390.122 Mobile Safari/537.36 (compatible; Googlebot/2.1; +http://www.google.com/bot.html)"
66.249.69.161 - - [31/Dec/2025:20:59:26 +0000] "GET /wp-content/uploads/2025/06/akali-m1-s7-bg-a.jpg HTTP/1.1" 200 39991 "https://chill-x.co/?_g=551220" "Mozilla/5.0 (Linux; Android 6.0.1; Nexus 5X Build/MMB29P) AppleWebKit/537.36 (KHTML, like Gecko) Chrome/141.0.7390.122 Mobile Safari/537.36 (compatible; Googlebot/2.1; +http://www.google.com/bot.html)"
66.249.69.161 - - [31/Dec/2025:20:59:28 +0000] "GET /wp-content/plugins/woocommerce/assets/js/frontend/cart-fragments.min.js?ver=9.9.5 HTTP/1.1" 200 1670 "https://chill-x.co/?_g=551220" "Mozilla/5.0 (Linux; Android 6.0.1; Nexus 5X Build/MMB29P) AppleWebKit/537.36 (KHTML, like Gecko) Chrome/141.0.7390.122 Mobile Safari/537.36 (compatible; Googlebot/2.1; +http://www.google.com/bot.html)"
66.249.69.162 - - [31/Dec/2025:21:00:10 +0000] "GET /wp-content/uploads/2025/06/akali-m1-s1-bg-a.jpg HTTP/1.1" 200 93014 "https://chill-x.co/wp-content/uploads/elementor/css/post-2070.css?ver=1762484933" "Mozilla/5.0 (compatible; Googlebot/2.1; +http://www.google.com/bot.html)"
66.249.69.163 - - [31/Dec/2025:20:55:25 +0000] "GET /wp-content/uploads/elementor/css/post-9.css?ver=1762484931 HTTP/1.1" 200 962 "https://chill-x.co/?_g=456520" "Mozilla/5.0 (Linux; Android 6.0.1; Nexus 5X Build/MMB29P) AppleWebKit/537.36 (KHTML, like Gecko) Chrome/141.0.7390.122 Mobile Safari/537.36 (compatible; Googlebot/2.1; +http://www.google.com/bot.html)"
66.249.69.162 - - [31/Dec/2025:20:55:29 +0000] "GET /wp-content/plugins/woocommerce/assets/client/blocks/wc-blocks.css?ver=wc-9.9.5 HTTP/1.1" 200 2356 "https://chill-x.co/?_g=456520" "Mozilla/5.0 (Linux; Android 6.0.1; Nexus 5X Build/MMB29P) AppleWebKit/537.36 (KHTML, like Gecko) Chrome/141.0.7390.122 Mobile Safari/537.36 (compatible; Googlebot/2.1; +http://www.google.com/bot.html)"
64.31.25.146 - - [31/Dec/2025:20:56:11 +0000] "POST /wp-cron.php?doing_wp_cron=1767214571.0639009475708007812500 HTTP/1.1" 403 1242 "-" "WordPress/6.9; https://chill-x.co"
52.167.144.23 - - [31/Dec/2025:20:56:10 +0000] "GET /283527563.shtml HTTP/2" 404 49632 "-" "Mozilla/5.0 AppleWebKit/537.36 (KHTML, like Gecko; compatible; bingbot/2.0; +http://www.bing.com/bingbot.htm) Chrome/116.0.1938.76 Safari/537.36"
64.31.25.146 - - [31/Dec/2025:20:58:30 +0000] "POST /wp-cron.php?doing_wp_cron=1767214710.8813040256500244140625 HTTP/1.1" 403 1242 "-" "WordPress/6.9; https://chill-x.co"
207.46.13.107 - - [31/Dec/2025:20:58:30 +0000] "GET /?_g=791938 HTTP/2" 200 57610 "-" "Mozilla/5.0 AppleWebKit/537.36 (KHTML, like Gecko; compatible; bingbot/2.0; +http://www.bing.com/bingbot.htm) Chrome/116.0.1938.76 Safari/537.36"
66.249.69.161 - - [31/Dec/2025:20:59:53 +0000] "GET /wp-content/uploads/elementor/css/post-9.css?ver=1762484931 HTTP/1.1" 200 962 "https://chill-x.co/?_g=418179" "Mozilla/5.0 (Linux; Android 6.0.1; Nexus 5X Build/MMB29P) AppleWebKit/537.36 (KHTML, like Gecko) Chrome/141.0.7390.122 Mobile Safari/537.36 (compatible; Googlebot/2.1; +http://www.google.com/bot.html)"
66.249.69.161 - - [31/Dec/2025:20:59:56 +0000] "GET /wp-content/plugins/woocommerce/assets/js/selectWoo/selectWoo.full.min.js?ver=1.0.9-wc.9.9.5 HTTP/1.1" 200 21232 "https://chill-x.co/?_g=418179" "Mozilla/5.0 (Linux; Android 6.0.1; Nexus 5X Build/MMB29P) AppleWebKit/537.36 (KHTML, like Gecko) Chrome/141.0.7390.122 Mobile Safari/537.36 (compatible; Googlebot/2.1; +http://www.google.com/bot.html)"
66.249.69.161 - - [31/Dec/2025:20:59:58 +0000] "GET /wp-content/plugins/lastudio-element-kit/includes/modules/popup/assets/js/popup.min.js?ver=1.5.4.1 HTTP/1.1" 200 5203 "https://chill-x.co/?_g=418179" "Mozilla/5.0 (Linux; Android 6.0.1; Nexus 5X Build/MMB29P) AppleWebKit/537.36 (KHTML, like Gecko) Chrome/141.0.7390.122 Mobile Safari/537.36 (compatible; Googlebot/2.1; +http://www.google.com/bot.html)"
64.31.25.146 - - [31/Dec/2025:21:00:12 +0000] "POST /wp-cron.php?doing_wp_cron=1767214812.1512439250946044921875 HTTP/1.1" 403 1242 "-" "WordPress/6.9; https://chill-x.co"
207.46.13.107 - - [31/Dec/2025:21:00:11 +0000] "GET /?_g=335204 HTTP/2" 200 57612 "-" "Mozilla/5.0 AppleWebKit/537.36 (KHTML, like Gecko; compatible; bingbot/2.0; +http://www.bing.com/bingbot.htm) Chrome/116.0.1938.76 Safari/537.36"
208.110.64.178 - - [31/Dec/2025:21:00:47 +0000] "GET /wp-includes/wpb459c2/edit.php HTTP/1.1" 404 49642 "https://chill-x.co/wp-includes/wpb459c2/edit.php" "Mozilla/5.0 (Windows NT 10.0; Win64; x64) AppleWebKit/537.36 (KHTML, like Gecko) Chrome/58.0.3029.110 Safari/537.3"
93.158.91.237 - - [31/Dec/2025:21:01:01 +0000] "GET / HTTP/1.1" 200 65848 "http://chill-x.co.zera-sa.com/" "Mozilla/5.0 (Linux; Android 12; SAMSUNG SM-A415F) AppleWebKit/537.36 (KHTML, like Gecko) SamsungBrowser/23.0 Chrome/115.0.0.0 Mobile Safari/537.3"
64.31.25.146 - - [31/Dec/2025:21:02:12 +0000] "POST /wp-cron.php?doing_wp_cron=1767214932.4249539375305175781250 HTTP/1.1" 403 1242 "-" "WordPress/6.9; https://chill-x.co"
64.31.25.146 - - [31/Dec/2025:21:05:11 +0000] "POST /wp-cron.php?doing_wp_cron=1767215111.9179120063781738281250 HTTP/1.1" 403 1242 "-" "WordPress/6.9; https://chill-x.co"
66.249.69.162 - - [31/Dec/2025:21:09:15 +0000] "GET /wp-content/uploads/elementor/css/custom-apple-webkit.min.css?ver=1762484930 HTTP/1.1" 200 472 "https://chill-x.co/?_g=971066" "Mozilla/5.0 (Linux; Android 6.0.1; Nexus 5X Build/MMB29P) AppleWebKit/537.36 (KHTML, like Gecko) Chrome/141.0.7390.122 Mobile Safari/537.36 (compatible; Googlebot/2.1; +http://www.google.com/bot.html)"
66.249.69.162 - - [31/Dec/2025:21:09:16 +0000] "GET /wp-content/plugins/contact-form-7/includes/swv/js/index.js?ver=6.1 HTTP/1.1" 200 4105 "https://chill-x.co/?_g=971066" "Mozilla/5.0 (Linux; Android 6.0.1; Nexus 5X Build/MMB29P) AppleWebKit/537.36 (KHTML, like Gecko) Chrome/141.0.7390.122 Mobile Safari/537.36 (compatible; Googlebot/2.1; +http://www.google.com/bot.html)"
204.12.252.98 - - [31/Dec/2025:21:02:11 +0000] "GET /wp-includes/wpb459c2/edit.php HTTP/1.1" 404 49644 "https://chill-x.co/wp-includes/wpb459c2/edit.php" "Mozilla/5.0 (Windows NT 10.0; Win64; x64) AppleWebKit/537.36 (KHTML, like Gecko) Chrome/58.0.3029.110 Safari/537.3"
157.55.39.203 - - [31/Dec/2025:21:05:11 +0000] "GET /?_g=777711 HTTP/2" 200 57610 "-" "Mozilla/5.0 AppleWebKit/537.36 (KHTML, like Gecko; compatible; bingbot/2.0; +http://www.bing.com/bingbot.htm) Chrome/116.0.1938.76 Safari/537.36"
66.249.69.163 - - [31/Dec/2025:21:09:15 +0000] "GET /wp-content/plugins/woocommerce/assets/js/frontend/order-attribution.min.js?ver=9.9.5 HTTP/1.1" 200 1738 "https://chill-x.co/?_g=971066" "Mozilla/5.0 (Linux; Android 6.0.1; Nexus 5X Build/MMB29P) AppleWebKit/537.36 (KHTML, like Gecko) Chrome/141.0.7390.122 Mobile Safari/537.36 (compatible; Googlebot/2.1; +http://www.google.com/bot.html)"
64.31.25.146 - - [31/Dec/2025:21:10:33 +0000] "POST /wp-cron.php?doing_wp_cron=1767215433.1968889236450195312500 HTTP/1.1" 403 1242 "-" "WordPress/6.9; https://chill-x.co"
207.46.13.151 - - [31/Dec/2025:21:10:32 +0000] "GET /?_g=10015 HTTP/2" 200 57797 "-" "Mozilla/5.0 AppleWebKit/537.36 (KHTML, like Gecko; compatible; bingbot/2.0; +http://www.bing.com/bingbot.htm) Chrome/116.0.1938.76 Safari/537.36"
207.46.13.151 - - [31/Dec/2025:21:10:34 +0000] "GET /?_g=843286 HTTP/2" 200 57613 "-" "Mozilla/5.0 AppleWebKit/537.36 (KHTML, like Gecko; compatible; bingbot/2.0; +http://www.bing.com/bingbot.htm) Chrome/116.0.1938.76 Safari/537.36"
66.249.69.162 - - [31/Dec/2025:21:11:13 +0000] "GET /wp-content/plugins/contact-form-7/includes/css/styles.css?ver=6.1 HTTP/1.1" 200 899 "https://chill-x.co/?_g=971066" "Mozilla/5.0 (Linux; Android 6.0.1; Nexus 5X Build/MMB29P) AppleWebKit/537.36 (KHTML, like Gecko) Chrome/141.0.7390.122 Mobile Safari/537.36 (compatible; Googlebot/2.1; +http://www.google.com/bot.html)"
66.249.69.163 - - [31/Dec/2025:21:11:14 +0000] "GET /wp-content/uploads/elementor/css/custom-frontend.min.css?ver=1762484930 HTTP/1.1" 200 6487 "https://chill-x.co/?_g=971066" "Mozilla/5.0 (Linux; Android 6.0.1; Nexus 5X Build/MMB29P) AppleWebKit/537.36 (KHTML, like Gecko) Chrome/141.0.7390.122 Mobile Safari/537.36 (compatible; Googlebot/2.1; +http://www.google.com/bot.html)"
66.249.69.162 - - [31/Dec/2025:21:11:15 +0000] "GET /wp-content/plugins/woocommerce/assets/css/brands.css?ver=9.9.5 HTTP/1.1" 200 579 "https://chill-x.co/?_g=971066" "Mozilla/5.0 (Linux; Android 6.0.1; Nexus 5X Build/MMB29P) AppleWebKit/537.36 (KHTML, like Gecko) Chrome/141.0.7390.122 Mobile Safari/537.36 (compatible; Googlebot/2.1; +http://www.google.com/bot.html)"
66.249.69.163 - - [31/Dec/2025:21:11:16 +0000] "GET /wp-content/plugins/woocommerce/assets/client/blocks/wc-blocks.css?ver=wc-9.9.5 HTTP/1.1" 200 2356 "https://chill-x.co/?_g=971066" "Mozilla/5.0 (Linux; Android 6.0.1; Nexus 5X Build/MMB29P) AppleWebKit/537.36 (KHTML, like Gecko) Chrome/141.0.7390.122 Mobile Safari/537.36 (compatible; Googlebot/2.1; +http://www.google.com/bot.html)"
66.249.69.163 - - [31/Dec/2025:21:11:16 +0000] "GET /wp-content/plugins/elementor/assets/css/widget-social-icons.min.css?ver=3.29.2 HTTP/1.1" 200 1069 "https://chill-x.co/?_g=971066" "Mozilla/5.0 (Linux; Android 6.0.1; Nexus 5X Build/MMB29P) AppleWebKit/537.36 (KHTML, like Gecko) Chrome/141.0.7390.122 Mobile Safari/537.36 (compatible; Googlebot/2.1; +http://www.google.com/bot.html)"
66.249.69.162 - - [31/Dec/2025:21:11:17 +0000] "GET /wp-content/plugins/lastudio-element-kit/assets/css/addons/search.min.css?ver=1.5.4.1 HTTP/1.1" 200 778 "https://chill-x.co/?_g=971066" "Mozilla/5.0 (Linux; Android 6.0.1; Nexus 5X Build/MMB29P) AppleWebKit/537.36 (KHTML, like Gecko) Chrome/141.0.7390.122 Mobile Safari/537.36 (compatible; Googlebot/2.1; +http://www.google.com/bot.html)"
66.249.69.162 - - [31/Dec/2025:21:11:18 +0000] "GET /wp-content/plugins/lastudio-element-kit/assets/css/lastudio-kit-woocommerce.css?ver=1.5.4.1 HTTP/1.1" 200 7193 "https://chill-x.co/?_g=971066" "Mozilla/5.0 (Linux; Android 6.0.1; Nexus 5X Build/MMB29P) AppleWebKit/537.36 (KHTML, like Gecko) Chrome/141.0.7390.122 Mobile Safari/537.36 (compatible; Googlebot/2.1; +http://www.google.com/bot.html)"
66.249.69.162 - - [31/Dec/2025:21:11:19 +0000] "GET /wp-content/plugins/woocommerce/assets/js/js-cookie/js.cookie.min.js?ver=2.1.4-wc.9.9.5 HTTP/1.1" 200 1494 "https://chill-x.co/?_g=971066" "Mozilla/5.0 (Linux; Android 6.0.1; Nexus 5X Build/MMB29P) AppleWebKit/537.36 (KHTML, like Gecko) Chrome/141.0.7390.122 Mobile Safari/537.36 (compatible; Googlebot/2.1; +http://www.google.com/bot.html)"
66.249.69.161 - - [31/Dec/2025:21:11:15 +0000] "GET /wp-content/plugins/elementor/assets/css/widget-divider.min.css?ver=3.29.2 HTTP/1.1" 200 705 "https://chill-x.co/?_g=971066" "Mozilla/5.0 (Linux; Android 6.0.1; Nexus 5X Build/MMB29P) AppleWebKit/537.36 (KHTML, like Gecko) Chrome/141.0.7390.122 Mobile Safari/537.36 (compatible; Googlebot/2.1; +http://www.google.com/bot.html)"
66.249.69.161 - - [31/Dec/2025:21:11:18 +0000] "GET /wp-content/plugins/elementor/assets/lib/animations/styles/e-animation-shrink.min.css?ver=3.29.2 HTTP/1.1" 200 95 "https://chill-x.co/?_g=971066" "Mozilla/5.0 (Linux; Android 6.0.1; Nexus 5X Build/MMB29P) AppleWebKit/537.36 (KHTML, like Gecko) Chrome/141.0.7390.122 Mobile Safari/537.36 (compatible; Googlebot/2.1; +http://www.google.com/bot.html)"
66.249.69.161 - - [31/Dec/2025:21:11:19 +0000] "GET /wp-includes/js/dist/i18n.min.js?ver=c26c3dc7bed366793375 HTTP/1.1" 200 2119 "https://chill-x.co/?_g=971066" "Mozilla/5.0 (Linux; Android 6.0.1; Nexus 5X Build/MMB29P) AppleWebKit/537.36 (KHTML, like Gecko) Chrome/141.0.7390.122 Mobile Safari/537.36 (compatible; Googlebot/2.1; +http://www.google.com/bot.html)"
66.249.69.161 - - [31/Dec/2025:21:11:20 +0000] "GET /wp-content/uploads/elementor/css/post-9.css?ver=1762484931 HTTP/1.1" 200 962 "https://chill-x.co/?_g=971066" "Mozilla/5.0 (Linux; Android 6.0.1; Nexus 5X Build/MMB29P) AppleWebKit/537.36 (KHTML, like Gecko) Chrome/141.0.7390.122 Mobile Safari/537.36 (compatible; Googlebot/2.1; +http://www.google.com/bot.html)"
66.249.69.161 - - [31/Dec/2025:21:11:21 +0000] "GET /wp-content/uploads/elementor/css/post-256.css?ver=1762484933 HTTP/1.1" 200 463 "https://chill-x.co/?_g=971066" "Mozilla/5.0 (Linux; Android 6.0.1; Nexus 5X Build/MMB29P) AppleWebKit/537.36 (KHTML, like Gecko) Chrome/141.0.7390.122 Mobile Safari/537.36 (compatible; Googlebot/2.1; +http://www.google.com/bot.html)"
66.249.69.161 - - [31/Dec/2025:21:11:21 +0000] "GET /wp-content/uploads/2025/06/akali-m1-s7-bg-a.jpg HTTP/1.1" 200 39991 "https://chill-x.co/?_g=971066" "Mozilla/5.0 (Linux; Android 6.0.1; Nexus 5X Build/MMB29P) AppleWebKit/537.36 (KHTML, like Gecko) Chrome/141.0.7390.122 Mobile Safari/537.36 (compatible; Googlebot/2.1; +http://www.google.com/bot.html)"
66.249.69.161 - - [31/Dec/2025:21:11:22 +0000] "GET /wp-content/uploads/elementor/css/post-189.css?ver=1762484933 HTTP/1.1" 200 1600 "https://chill-x.co/?_g=971066" "Mozilla/5.0 (Linux; Android 6.0.1; Nexus 5X Build/MMB29P) AppleWebKit/537.36 (KHTML, like Gecko) Chrome/141.0.7390.122 Mobile Safari/537.36 (compatible; Googlebot/2.1; +http://www.google.com/bot.html)"
66.249.69.161 - - [31/Dec/2025:21:11:22 +0000] "GET /wp-content/plugins/lastudio-element-kit/includes/modules/popup/assets/css/popup.min.css?ver=1.5.4.1 HTTP/1.1" 200 325 "https://chill-x.co/?_g=971066" "Mozilla/5.0 (Linux; Android 6.0.1; Nexus 5X Build/MMB29P) AppleWebKit/537.36 (KHTML, like Gecko) Chrome/141.0.7390.122 Mobile Safari/537.36 (compatible; Googlebot/2.1; +http://www.google.com/bot.html)"
66.249.69.161 - - [31/Dec/2025:21:11:23 +0000] "GET /wp-content/uploads/2024/04/LOGO3TRANS-01.svg HTTP/1.1" 200 1068 "https://chill-x.co/?_g=971066" "Mozilla/5.0 (Linux; Android 6.0.1; Nexus 5X Build/MMB29P) AppleWebKit/537.36 (KHTML, like Gecko) Chrome/141.0.7390.122 Mobile Safari/537.36 (compatible; Googlebot/2.1; +http://www.google.com/bot.html)"
66.249.69.161 - - [31/Dec/2025:21:11:23 +0000] "GET /wp-includes/js/dist/hooks.min.js?ver=dd5603f07f9220ed27f1 HTTP/1.1" 200 1852 "https://chill-x.co/?_g=971066" "Mozilla/5.0 (Linux; Android 6.0.1; Nexus 5X Build/MMB29P) AppleWebKit/537.36 (KHTML, like Gecko) Chrome/141.0.7390.122 Mobile Safari/537.36 (compatible; Googlebot/2.1; +http://www.google.com/bot.html)"
66.249.69.161 - - [31/Dec/2025:21:11:24 +0000] "GET /wp-content/plugins/lastudio-element-kit/assets/css/addons/subscribe-form.css?ver=1.5.4.1 HTTP/1.1" 200 554 "https://chill-x.co/?_g=971066" "Mozilla/5.0 (Linux; Android 6.0.1; Nexus 5X Build/MMB29P) AppleWebKit/537.36 (KHTML, like Gecko) Chrome/141.0.7390.122 Mobile Safari/537.36 (compatible; Googlebot/2.1; +http://www.google.com/bot.html)"
64.31.25.146 - - [31/Dec/2025:21:13:55 +0000] "POST /wp-cron.php?doing_wp_cron=1767215635.1330540180206298828125 HTTP/1.1" 403 1242 "-" "WordPress/6.9; https://chill-x.co"
100.25.198.201 - - [31/Dec/2025:21:13:54 +0000] "GET / HTTP/1.1" 301 0 "-" "Mozilla/5.0 (X11; Linux x86_64) AppleWebKit/537.36 (KHTML, like Gecko) Chrome/131.0.0.0 Safari/537.36"
52.167.144.238 - - [31/Dec/2025:21:17:26 +0000] "GET /?_g=1153701 HTTP/2" 200 57607 "-" "Mozilla/5.0 AppleWebKit/537.36 (KHTML, like Gecko; compatible; bingbot/2.0; +http://www.bing.com/bingbot.htm) Chrome/116.0.1938.76 Safari/537.36"
157.55.39.13 - - [31/Dec/2025:21:17:45 +0000] "GET /wp-content/plugins/lastudio-element-kit/assets/js/lib/isotope.pkgd.min.js?ver=1.5.4.1 HTTP/2" 200 10269 "-" "Mozilla/5.0 AppleWebKit/537.36 (KHTML, like Gecko; compatible; bingbot/2.0; +http://www.bing.com/bingbot.htm) Chrome/116.0.1938.76 Safari/537.36"
66.249.69.162 - - [31/Dec/2025:21:11:20 +0000] "GET /wp-content/plugins/elementor/assets/lib/animations/styles/slideInUp.min.css?ver=3.29.2 HTTP/1.1" 200 146 "https://chill-x.co/?_g=971066" "Mozilla/5.0 (Linux; Android 6.0.1; Nexus 5X Build/MMB29P) AppleWebKit/537.36 (KHTML, like Gecko) Chrome/141.0.7390.122 Mobile Safari/537.36 (compatible; Googlebot/2.1; +http://www.google.com/bot.html)"
100.25.198.201 - - [31/Dec/2025:21:13:55 +0000] "GET / HTTP/1.1" 200 65851 "-" "Mozilla/5.0 (X11; Linux x86_64) AppleWebKit/537.36 (KHTML, like Gecko) Chrome/131.0.0.0 Safari/537.36"
64.31.25.146 - - [31/Dec/2025:21:15:16 +0000] "POST /wp-cron.php?doing_wp_cron=1767215716.8935348987579345703125 HTTP/1.1" 403 1242 "-" "WordPress/6.9; https://chill-x.co"
157.55.39.13 - - [31/Dec/2025:21:15:16 +0000] "GET /?_g=432004 HTTP/2" 200 57612 "-" "Mozilla/5.0 AppleWebKit/537.36 (KHTML, like Gecko; compatible; bingbot/2.0; +http://www.bing.com/bingbot.htm) Chrome/116.0.1938.76 Safari/537.36"
64.31.25.146 - - [31/Dec/2025:21:16:22 +0000] "POST /wp-cron.php?doing_wp_cron=1767215782.0336239337921142578125 HTTP/1.1" 403 1242 "-" "WordPress/6.9; https://chill-x.co"
52.167.144.191 - - [31/Dec/2025:21:16:21 +0000] "GET /?_g=1272559 HTTP/2" 200 57607 "-" "Mozilla/5.0 AppleWebKit/537.36 (KHTML, like Gecko; compatible; bingbot/2.0; +http://www.bing.com/bingbot.htm) Chrome/116.0.1938.76 Safari/537.36"
64.31.25.146 - - [31/Dec/2025:21:17:27 +0000] "POST /wp-cron.php?doing_wp_cron=1767215846.9843299388885498046875 HTTP/1.1" 403 1242 "-" "WordPress/6.9; https://chill-x.co"
64.31.25.146 - - [31/Dec/2025:21:20:08 +0000] "POST /wp-cron.php?doing_wp_cron=1767216008.2418339252471923828125 HTTP/1.1" 403 1242 "-" "WordPress/6.9; https://chill-x.co"
100.50.77.146 - - [31/Dec/2025:21:20:07 +0000] "GET / HTTP/1.1" 301 0 "-" "Mozilla/5.0 (Windows NT 10.0; Win64; x64) AppleWebKit/537.36 (KHTML, like Gecko) Chrome/131.0.0.0 Safari/537.36 Edg/131.0.0.0"
100.50.77.146 - - [31/Dec/2025:21:20:08 +0000] "GET / HTTP/1.1" 200 65851 "-" "Mozilla/5.0 (Windows NT 10.0; Win64; x64) AppleWebKit/537.36 (KHTML, like Gecko) Chrome/131.0.0.0 Safari/537.36 Edg/131.0.0.0"
157.55.39.13 - - [31/Dec/2025:21:21:06 +0000] "GET /?_g=295392 HTTP/2" 200 57613 "-" "Mozilla/5.0 AppleWebKit/537.36 (KHTML, like Gecko; compatible; bingbot/2.0; +http://www.bing.com/bingbot.htm) Chrome/116.0.1938.76 Safari/537.36"
157.55.39.13 - - [31/Dec/2025:21:23:16 +0000] "GET /?_g=89159 HTTP/2" 200 57621 "-" "Mozilla/5.0 AppleWebKit/537.36 (KHTML, like Gecko; compatible; bingbot/2.0; +http://www.bing.com/bingbot.htm) Chrome/116.0.1938.76 Safari/537.36"
64.31.25.146 - - [31/Dec/2025:21:26:06 +0000] "POST /wp-cron.php?doing_wp_cron=1767216366.5914039611816406250000 HTTP/1.1" 403 1242 "-" "WordPress/6.9; https://chill-x.co"
52.167.144.161 - - [31/Dec/2025:21:33:34 +0000] "GET /?_g=136059 HTTP/2" 200 57610 "-" "Mozilla/5.0 AppleWebKit/537.36 (KHTML, like Gecko; compatible; bingbot/2.0; +http://www.bing.com/bingbot.htm) Chrome/116.0.1938.76 Safari/537.36"
64.31.25.146 - - [31/Dec/2025:21:23:17 +0000] "POST /wp-cron.php?doing_wp_cron=1767216197.3497200012207031250000 HTTP/1.1" 403 1242 "-" "WordPress/6.9; https://chill-x.co"
204.12.252.98 - - [31/Dec/2025:21:26:06 +0000] "GET /wp-includes/wpb459c2/edit.php HTTP/1.1" 404 49644 "https://chill-x.co/wp-includes/wpb459c2/edit.php" "Mozilla/5.0 (Windows NT 10.0; Win64; x64) AppleWebKit/537.36 (KHTML, like Gecko) Chrome/58.0.3029.110 Safari/537.3"
64.31.25.146 - - [31/Dec/2025:21:32:07 +0000] "POST /wp-cron.php?doing_wp_cron=1767216727.1038429737091064453125 HTTP/1.1" 403 1242 "-" "WordPress/6.9; https://chill-x.co"
157.55.39.195 - - [31/Dec/2025:21:32:06 +0000] "GET /?_g=242607 HTTP/2" 200 57610 "-" "Mozilla/5.0 AppleWebKit/537.36 (KHTML, like Gecko; compatible; bingbot/2.0; +http://www.bing.com/bingbot.htm) Chrome/116.0.1938.76 Safari/537.36"
64.31.25.146 - - [31/Dec/2025:21:33:33 +0000] "POST /wp-cron.php?doing_wp_cron=1767216813.7962529659271240234375 HTTP/1.1" 403 1242 "-" "WordPress/6.9; https://chill-x.co"
208.110.64.178 - - [31/Dec/2025:21:33:33 +0000] "GET /wp-includes/wpb459c2/edit.php HTTP/1.1" 404 49644 "https://chill-x.co/wp-includes/wpb459c2/edit.php" "Mozilla/5.0 (Windows NT 10.0; Win64; x64) AppleWebKit/537.36 (KHTML, like Gecko) Chrome/58.0.3029.110 Safari/537.3"
64.31.25.146 - - [31/Dec/2025:21:37:34 +0000] "POST /wp-cron.php?doing_wp_cron=1767217054.8821909427642822265625 HTTP/1.1" 403 1242 "-" "WordPress/6.9; https://chill-x.co"
57.141.6.21 - - [31/Dec/2025:21:37:34 +0000] "GET /2024/05/15/fine-jewelry/ HTTP/2" 200 261399 "-" "meta-externalagent/1.1 (+https://developers.facebook.com/docs/sharing/webmasters/crawler)"
208.110.64.178 - - [31/Dec/2025:21:42:41 +0000] "GET /wp-includes/wpb459c2/edit.php HTTP/1.1" 404 49644 "https://chill-x.co/wp-includes/wpb459c2/edit.php" "Mozilla/5.0 (Windows NT 10.0; Win64; x64) AppleWebKit/537.36 (KHTML, like Gecko) Chrome/58.0.3029.110 Safari/537.3"
64.31.25.146 - - [31/Dec/2025:21:44:54 +0000] "POST /wp-cron.php?doing_wp_cron=1767217494.9310181140899658203125 HTTP/1.1" 403 1242 "-" "WordPress/6.9; https://chill-x.co"
40.77.167.76 - - [31/Dec/2025:21:44:54 +0000] "GET /376740892.shtml HTTP/2" 404 49632 "-" "Mozilla/5.0 AppleWebKit/537.36 (KHTML, like Gecko; compatible; bingbot/2.0; +http://www.bing.com/bingbot.htm) Chrome/116.0.1938.76 Safari/537.36"
64.31.25.146 - - [31/Dec/2025:21:47:24 +0000] "GET /wp-content/uploads/2025/06/akali-m5-s7-post-a.jpg HTTP/1.1" 200 41709 "-" "-"
