207.46.13.14 - - [01/Jan/2026:05:05:46 +0000] "GET /?_g=536460 HTTP/2" 200 57613 "-" "Mozilla/5.0 AppleWebKit/537.36 (KHTML, like Gecko; compatible; bingbot/2.0; +http://www.bing.com/bingbot.htm) Chrome/116.0.1938.76 Safari/537.36"
66.249.69.162 - - [01/Jan/2026:05:06:29 +0000] "GET /308726000.shtml HTTP/1.1" 404 49628 "-" "Mozilla/5.0 (Linux; Android 6.0.1; Nexus 5X Build/MMB29P) AppleWebKit/537.36 (KHTML, like Gecko) Chrome/141.0.7390.122 Mobile Safari/537.36 (compatible; Googlebot/2.1; +http://www.google.com/bot.html)"
64.31.25.146 - - [01/Jan/2026:05:06:30 +0000] "POST /wp-cron.php?doing_wp_cron=1767243990.4740800857543945312500 HTTP/1.1" 403 1242 "-" "WordPress/6.9; https://chill-x.co"
64.31.25.146 - - [01/Jan/2026:05:17:21 +0000] "POST /wp-cron.php?doing_wp_cron=1767244641.6727080345153808593750 HTTP/1.1" 403 1242 "-" "WordPress/6.9; https://chill-x.co"
157.55.39.58 - - [01/Jan/2026:05:17:17 +0000] "GET /?_g=401633 HTTP/2" 200 57613 "-" "Mozilla/5.0 AppleWebKit/537.36 (KHTML, like Gecko; compatible; bingbot/2.0; +http://www.bing.com/bingbot.htm) Chrome/116.0.1938.76 Safari/537.36"
64.31.25.146 - - [01/Jan/2026:05:20:13 +0000] "POST /wp-cron.php?doing_wp_cron=1767244813.1674950122833251953125 HTTP/1.1" 403 1242 "-" "WordPress/6.9; https://chill-x.co"
40.77.167.7 - - [01/Jan/2026:05:21:07 +0000] "GET /?_g=46084 HTTP/2" 200 57620 "-" "Mozilla/5.0 AppleWebKit/537.36 (KHTML, like Gecko; compatible; bingbot/2.0; +http://www.bing.com/bingbot.htm) Chrome/116.0.1938.76 Safari/537.36"
64.31.25.146 - - [01/Jan/2026:05:24:26 +0000] "POST /wp-cron.php?doing_wp_cron=1767245066.9568550586700439453125 HTTP/1.1" 403 1242 "-" "WordPress/6.9; https://chill-x.co"
157.55.39.195 - - [01/Jan/2026:05:24:23 +0000] "GET /?_g=1055078 HTTP/2" 200 57607 "-" "Mozilla/5.0 AppleWebKit/537.36 (KHTML, like Gecko; compatible; bingbot/2.0; +http://www.bing.com/bingbot.htm) Chrome/116.0.1938.76 Safari/537.36"
68.183.85.233 - - [01/Jan/2026:05:29:24 +0000] "GET / HTTP/1.1" 301 0 "-" "Mozilla/5.0 (X11; Linux x86_64) AppleWebKit/537.36 (KHTML, like Gecko) Chrome/139.0.0.0 Safari/537.36"
64.31.25.146 - - [01/Jan/2026:05:13:53 +0000] "POST /wp-cron.php?doing_wp_cron=1767244433.6446170806884765625000 HTTP/1.1" 403 1242 "-" "WordPress/6.9; https://chill-x.co"
40.77.167.52 - - [01/Jan/2026:05:13:50 +0000] "GET /?_g=1289223 HTTP/2" 200 57606 "-" "Mozilla/5.0 AppleWebKit/537.36 (KHTML, like Gecko; compatible; bingbot/2.0; +http://www.bing.com/bingbot.htm) Chrome/116.0.1938.76 Safari/537.36"
207.46.13.141 - - [01/Jan/2026:05:20:10 +0000] "GET /?_g=1317693 HTTP/2" 200 57609 "-" "Mozilla/5.0 AppleWebKit/537.36 (KHTML, like Gecko; compatible; bingbot/2.0; +http://www.bing.com/bingbot.htm) Chrome/116.0.1938.76 Safari/537.36"
64.31.25.146 - - [01/Jan/2026:05:21:14 +0000] "POST /wp-cron.php?doing_wp_cron=1767244873.9804949760437011718750 HTTP/1.1" 403 1242 "-" "WordPress/6.9; https://chill-x.co"
207.46.13.102 - - [01/Jan/2026:05:21:13 +0000] "GET /?_g=1102964 HTTP/2" 200 57607 "-" "Mozilla/5.0 AppleWebKit/537.36 (KHTML, like Gecko; compatible; bingbot/2.0; +http://www.bing.com/bingbot.htm) Chrome/116.0.1938.76 Safari/537.36"
68.183.85.233 - - [01/Jan/2026:05:29:31 +0000] "GET /favicon.ico HTTP/1.1" 404 1251 "https://chill-x.co.zera-sa.com/" "Mozilla/5.0 (X11; Linux x86_64) AppleWebKit/537.36 (KHTML, like Gecko) Chrome/139.0.0.0 Safari/537.36"
157.55.39.197 - - [01/Jan/2026:05:32:16 +0000] "GET /?_g=611704 HTTP/2" 200 57613 "-" "Mozilla/5.0 AppleWebKit/537.36 (KHTML, like Gecko; compatible; bingbot/2.0; +http://www.bing.com/bingbot.htm) Chrome/116.0.1938.76 Safari/537.36"
64.31.25.146 - - [01/Jan/2026:05:35:42 +0000] "POST /wp-cron.php?doing_wp_cron=1767245742.8127210140228271484375 HTTP/1.1" 403 1242 "-" "WordPress/6.9; https://chill-x.co"
64.31.25.146 - - [01/Jan/2026:05:45:40 +0000] "POST /wp-cron.php?doing_wp_cron=1767246340.0051820278167724609375 HTTP/1.1" 403 1242 "-" "WordPress/6.9; https://chill-x.co"
64.31.25.146 - - [01/Jan/2026:05:32:19 +0000] "POST /wp-cron.php?doing_wp_cron=1767245539.1253108978271484375000 HTTP/1.1" 403 1242 "-" "WordPress/6.9; https://chill-x.co"
40.77.167.77 - - [01/Jan/2026:05:35:39 +0000] "GET /?_g=310070 HTTP/2" 200 57612 "-" "Mozilla/5.0 AppleWebKit/537.36 (KHTML, like Gecko; compatible; bingbot/2.0; +http://www.bing.com/bingbot.htm) Chrome/116.0.1938.76 Safari/537.36"
207.46.13.18 - - [01/Jan/2026:05:35:56 +0000] "GET /?_g=773377 HTTP/2" 200 57611 "-" "Mozilla/5.0 AppleWebKit/537.36 (KHTML, like Gecko; compatible; bingbot/2.0; +http://www.bing.com/bingbot.htm) Chrome/116.0.1938.76 Safari/537.36"
64.31.25.146 - - [01/Jan/2026:05:45:40 +0000] "POST /wp-cron.php?doing_wp_cron=1767246340.0043311119079589843750 HTTP/1.1" 403 1242 "-" "WordPress/6.9; https://chill-x.co"
204.12.252.98 - - [01/Jan/2026:05:45:36 +0000] "GET /wp-includes/wpb459c2/edit.php HTTP/1.1" 404 49647 "https://chill-x.co/wp-includes/wpb459c2/edit.php" "Mozilla/5.0 (Windows NT 10.0; Win64; x64) AppleWebKit/537.36 (KHTML, like Gecko) Chrome/58.0.3029.110 Safari/537.3"
204.12.252.98 - - [01/Jan/2026:05:45:38 +0000] "GET /wp-includes/wpb459c2/edit.php HTTP/1.1" 404 49647 "https://chill-x.co/wp-includes/wpb459c2/edit.php" "Mozilla/5.0 (Windows NT 10.0; Win64; x64) AppleWebKit/537.36 (KHTML, like Gecko) Chrome/58.0.3029.110 Safari/537.3"
64.31.25.146 - - [01/Jan/2026:05:54:20 +0000] "POST /wp-cron.php?doing_wp_cron=1767246860.7021660804748535156250 HTTP/1.1" 403 1242 "-" "WordPress/6.9; https://chill-x.co"
64.31.25.146 - - [01/Jan/2026:05:55:36 +0000] "POST /wp-cron.php?doing_wp_cron=1767246936.7487080097198486328125 HTTP/1.1" 403 1242 "-" "WordPress/6.9; https://chill-x.co"
207.46.13.107 - - [01/Jan/2026:05:54:17 +0000] "GET /?_g=1300794 HTTP/2" 200 57607 "-" "Mozilla/5.0 AppleWebKit/537.36 (KHTML, like Gecko; compatible; bingbot/2.0; +http://www.bing.com/bingbot.htm) Chrome/116.0.1938.76 Safari/537.36"
207.46.13.168 - - [01/Jan/2026:05:55:35 +0000] "GET /?_g=730231 HTTP/2" 200 57611 "-" "Mozilla/5.0 AppleWebKit/537.36 (KHTML, like Gecko; compatible; bingbot/2.0; +http://www.bing.com/bingbot.htm) Chrome/116.0.1938.76 Safari/537.36"
64.31.25.146 - - [01/Jan/2026:05:52:41 +0000] "POST /wp-cron.php?doing_wp_cron=1767246761.0184960365295410156250 HTTP/1.1" 403 1242 "-" "WordPress/6.9; https://chill-x.co"
52.167.144.156 - - [01/Jan/2026:05:59:56 +0000] "GET /?_g=651555 HTTP/2" 200 57609 "-" "Mozilla/5.0 AppleWebKit/537.36 (KHTML, like Gecko; compatible; bingbot/2.0; +http://www.bing.com/bingbot.htm) Chrome/116.0.1938.76 Safari/537.36"
207.46.13.51 - - [01/Jan/2026:06:02:43 +0000] "GET /?_g=907612 HTTP/2" 200 57610 "-" "Mozilla/5.0 AppleWebKit/537.36 (KHTML, like Gecko; compatible; bingbot/2.0; +http://www.bing.com/bingbot.htm) Chrome/116.0.1938.76 Safari/537.36"
64.31.25.146 - - [01/Jan/2026:05:59:59 +0000] "POST /wp-cron.php?doing_wp_cron=1767247199.2154591083526611328125 HTTP/1.1" 403 1242 "-" "WordPress/6.9; https://chill-x.co"
40.77.167.59 - - [01/Jan/2026:06:00:41 +0000] "GET /?_g=877899 HTTP/2" 200 57613 "-" "Mozilla/5.0 AppleWebKit/537.36 (KHTML, like Gecko; compatible; bingbot/2.0; +http://www.bing.com/bingbot.htm) Chrome/116.0.1938.76 Safari/537.36"
64.31.25.146 - - [01/Jan/2026:06:02:08 +0000] "POST /wp-cron.php?doing_wp_cron=1767247328.8829259872436523437500 HTTP/1.1" 403 1242 "-" "WordPress/6.9; https://chill-x.co"
207.46.13.168 - - [01/Jan/2026:06:02:08 +0000] "GET /?_g=551047 HTTP/2" 200 57613 "-" "Mozilla/5.0 AppleWebKit/537.36 (KHTML, like Gecko; compatible; bingbot/2.0; +http://www.bing.com/bingbot.htm) Chrome/116.0.1938.76 Safari/537.36"
64.31.25.146 - - [01/Jan/2026:06:11:05 +0000] "POST /wp-cron.php?doing_wp_cron=1767247865.5444579124450683593750 HTTP/1.1" 403 1242 "-" "WordPress/6.9; https://chill-x.co"
207.46.13.130 - - [01/Jan/2026:06:14:12 +0000] "GET /?_g=638110 HTTP/2" 200 57613 "-" "Mozilla/5.0 AppleWebKit/537.36 (KHTML, like Gecko; compatible; bingbot/2.0; +http://www.bing.com/bingbot.htm) Chrome/116.0.1938.76 Safari/537.36"
207.46.13.130 - - [01/Jan/2026:06:14:15 +0000] "GET /?sitemap906.xml HTTP/2" 301 0 "-" "Mozilla/5.0 AppleWebKit/537.36 (KHTML, like Gecko; compatible; bingbot/2.0; +http://www.bing.com/bingbot.htm) Chrome/116.0.1938.76 Safari/537.36"
207.46.13.130 - - [01/Jan/2026:06:14:16 +0000] "GET /?sitemap906_xml HTTP/2" 200 57614 "-" "Mozilla/5.0 AppleWebKit/537.36 (KHTML, like Gecko; compatible; bingbot/2.0; +http://www.bing.com/bingbot.htm) Chrome/116.0.1938.76 Safari/537.36"
207.46.13.130 - - [01/Jan/2026:06:11:01 +0000] "GET /?_g=1347110 HTTP/2" 200 57607 "-" "Mozilla/5.0 AppleWebKit/537.36 (KHTML, like Gecko; compatible; bingbot/2.0; +http://www.bing.com/bingbot.htm) Chrome/116.0.1938.76 Safari/537.36"
64.31.25.146 - - [01/Jan/2026:06:14:15 +0000] "POST /wp-cron.php?doing_wp_cron=1767248055.0676350593566894531250 HTTP/1.1" 403 1242 "-" "WordPress/6.9; https://chill-x.co"
40.77.167.79 - - [01/Jan/2026:06:18:52 +0000] "GET /44902473.shtml HTTP/2" 404 49634 "-" "Mozilla/5.0 AppleWebKit/537.36 (KHTML, like Gecko; compatible; bingbot/2.0; +http://www.bing.com/bingbot.htm) Chrome/116.0.1938.76 Safari/537.36"
64.31.25.146 - - [01/Jan/2026:06:18:53 +0000] "POST /wp-cron.php?doing_wp_cron=1767248333.4241080284118652343750 HTTP/1.1" 403 1242 "-" "WordPress/6.9; https://chill-x.co"
207.46.13.116 - - [01/Jan/2026:06:19:10 +0000] "GET /?_g=1192680 HTTP/2" 200 57608 "-" "Mozilla/5.0 AppleWebKit/537.36 (KHTML, like Gecko; compatible; bingbot/2.0; +http://www.bing.com/bingbot.htm) Chrome/116.0.1938.76 Safari/537.36"
64.31.25.146 - - [01/Jan/2026:06:24:14 +0000] "POST /wp-cron.php?doing_wp_cron=1767248654.4643239974975585937500 HTTP/1.1" 403 1242 "-" "WordPress/6.9; https://chill-x.co"
64.31.25.146 - - [01/Jan/2026:06:32:20 +0000] "POST /wp-cron.php?doing_wp_cron=1767249140.8731610774993896484375 HTTP/1.1" 403 1242 "-" "WordPress/6.9; https://chill-x.co"
207.46.13.168 - - [01/Jan/2026:06:34:15 +0000] "GET /?_g=418042 HTTP/2" 200 57611 "-" "Mozilla/5.0 AppleWebKit/537.36 (KHTML, like Gecko; compatible; bingbot/2.0; +http://www.bing.com/bingbot.htm) Chrome/116.0.1938.76 Safari/537.36"
64.31.25.146 - - [01/Jan/2026:06:35:55 +0000] "POST /wp-cron.php?doing_wp_cron=1767249355.0571169853210449218750 HTTP/1.1" 403 1242 "-" "WordPress/6.9; https://chill-x.co"
157.55.39.11 - - [01/Jan/2026:06:35:54 +0000] "GET /?_g=1330612 HTTP/2" 200 57607 "-" "Mozilla/5.0 AppleWebKit/537.36 (KHTML, like Gecko; compatible; bingbot/2.0; +http://www.bing.com/bingbot.htm) Chrome/116.0.1938.76 Safari/537.36"
207.46.13.168 - - [01/Jan/2026:06:24:13 +0000] "GET /?_g=832646 HTTP/2" 200 57613 "-" "Mozilla/5.0 AppleWebKit/537.36 (KHTML, like Gecko; compatible; bingbot/2.0; +http://www.bing.com/bingbot.htm) Chrome/116.0.1938.76 Safari/537.36"
207.46.13.168 - - [01/Jan/2026:06:24:23 +0000] "GET /?_g=1337120 HTTP/2" 200 57608 "-" "Mozilla/5.0 AppleWebKit/537.36 (KHTML, like Gecko; compatible; bingbot/2.0; +http://www.bing.com/bingbot.htm) Chrome/116.0.1938.76 Safari/537.36"
64.31.25.146 - - [01/Jan/2026:06:25:24 +0000] "POST /wp-cron.php?doing_wp_cron=1767248724.0247800350189208984375 HTTP/1.1" 403 1242 "-" "WordPress/6.9; https://chill-x.co"
40.77.167.32 - - [01/Jan/2026:06:25:23 +0000] "GET /84386401.shtml HTTP/2" 404 49632 "-" "Mozilla/5.0 AppleWebKit/537.36 (KHTML, like Gecko; compatible; bingbot/2.0; +http://www.bing.com/bingbot.htm) Chrome/116.0.1938.76 Safari/537.36"
157.55.39.8 - - [01/Jan/2026:06:32:19 +0000] "GET /?_g=950927 HTTP/2" 200 57610 "-" "Mozilla/5.0 AppleWebKit/537.36 (KHTML, like Gecko; compatible; bingbot/2.0; +http://www.bing.com/bingbot.htm) Chrome/116.0.1938.76 Safari/537.36"
40.77.167.43 - - [01/Jan/2026:06:36:09 +0000] "GET /?_g=65755 HTTP/2" 200 57609 "-" "Mozilla/5.0 AppleWebKit/537.36 (KHTML, like Gecko; compatible; bingbot/2.0; +http://www.bing.com/bingbot.htm) Chrome/116.0.1938.76 Safari/537.36"
64.31.25.146 - - [01/Jan/2026:06:39:26 +0000] "POST /wp-cron.php?doing_wp_cron=1767249566.6127619743347167968750 HTTP/1.1" 403 1242 "-" "WordPress/6.9; https://chill-x.co"
52.167.144.193 - - [01/Jan/2026:06:39:26 +0000] "GET /112679501.shtml HTTP/2" 404 49636 "-" "Mozilla/5.0 AppleWebKit/537.36 (KHTML, like Gecko; compatible; bingbot/2.0; +http://www.bing.com/bingbot.htm) Chrome/116.0.1938.76 Safari/537.36"
157.55.39.10 - - [01/Jan/2026:06:40:34 +0000] "GET /?_g=84677 HTTP/2" 200 57609 "-" "Mozilla/5.0 AppleWebKit/537.36 (KHTML, like Gecko; compatible; bingbot/2.0; +http://www.bing.com/bingbot.htm) Chrome/116.0.1938.76 Safari/537.36"
64.31.25.146 - - [01/Jan/2026:06:48:45 +0000] "POST /wp-cron.php?doing_wp_cron=1767250125.7720019817352294921875 HTTP/1.1" 403 1242 "-" "WordPress/6.9; https://chill-x.co"
207.46.13.150 - - [01/Jan/2026:06:52:27 +0000] "GET /?_g=1267094 HTTP/2" 200 57609 "-" "Mozilla/5.0 AppleWebKit/537.36 (KHTML, like Gecko; compatible; bingbot/2.0; +http://www.bing.com/bingbot.htm) Chrome/116.0.1938.76 Safari/537.36"
207.46.13.150 - - [01/Jan/2026:06:52:37 +0000] "GET /274089860.shtml HTTP/2" 404 49632 "-" "Mozilla/5.0 AppleWebKit/537.36 (KHTML, like Gecko; compatible; bingbot/2.0; +http://www.bing.com/bingbot.htm) Chrome/116.0.1938.76 Safari/537.36"
157.55.39.57 - - [01/Jan/2026:06:52:42 +0000] "GET /?sitemap474.xml HTTP/2" 301 0 "-" "Mozilla/5.0 AppleWebKit/537.36 (KHTML, like Gecko; compatible; bingbot/2.0; +http://www.bing.com/bingbot.htm) Chrome/116.0.1938.76 Safari/537.36"
157.55.39.57 - - [01/Jan/2026:06:52:43 +0000] "GET /?sitemap474_xml HTTP/2" 200 57615 "-" "Mozilla/5.0 AppleWebKit/537.36 (KHTML, like Gecko; compatible; bingbot/2.0; +http://www.bing.com/bingbot.htm) Chrome/116.0.1938.76 Safari/537.36"
64.31.25.146 - - [01/Jan/2026:06:52:28 +0000] "POST /wp-cron.php?doing_wp_cron=1767250348.2796859741210937500000 HTTP/1.1" 403 1242 "-" "WordPress/6.9; https://chill-x.co"
64.31.25.146 - - [01/Jan/2026:06:40:35 +0000] "POST /wp-cron.php?doing_wp_cron=1767249635.6001489162445068359375 HTTP/1.1" 403 1242 "-" "WordPress/6.9; https://chill-x.co"
64.31.25.146 - - [01/Jan/2026:06:47:42 +0000] "POST /wp-cron.php?doing_wp_cron=1767250062.2059099674224853515625 HTTP/1.1" 403 1242 "-" "WordPress/6.9; https://chill-x.co"
157.55.39.57 - - [01/Jan/2026:06:47:41 +0000] "GET /?sitemap467.xml HTTP/2" 301 0 "-" "Mozilla/5.0 AppleWebKit/537.36 (KHTML, like Gecko; compatible; bingbot/2.0; +http://www.bing.com/bingbot.htm) Chrome/116.0.1938.76 Safari/537.36"
157.55.39.57 - - [01/Jan/2026:06:47:43 +0000] "GET /?sitemap467_xml HTTP/2" 200 57614 "-" "Mozilla/5.0 AppleWebKit/537.36 (KHTML, like Gecko; compatible; bingbot/2.0; +http://www.bing.com/bingbot.htm) Chrome/116.0.1938.76 Safari/537.36"
40.77.167.22 - - [01/Jan/2026:06:48:45 +0000] "GET /?_g=930217 HTTP/2" 200 57611 "-" "Mozilla/5.0 AppleWebKit/537.36 (KHTML, like Gecko; compatible; bingbot/2.0; +http://www.bing.com/bingbot.htm) Chrome/116.0.1938.76 Safari/537.36"
207.46.13.150 - - [01/Jan/2026:06:57:59 +0000] "GET /?_g=735309 HTTP/2" 200 57613 "-" "Mozilla/5.0 AppleWebKit/537.36 (KHTML, like Gecko; compatible; bingbot/2.0; +http://www.bing.com/bingbot.htm) Chrome/116.0.1938.76 Safari/537.36"
64.31.25.146 - - [01/Jan/2026:06:58:03 +0000] "POST /wp-cron.php?doing_wp_cron=1767250683.0448410511016845703125 HTTP/1.1" 403 1242 "-" "WordPress/6.9; https://chill-x.co"
207.46.13.150 - - [01/Jan/2026:07:00:40 +0000] "GET /?_g=469945 HTTP/2" 200 57613 "-" "Mozilla/5.0 AppleWebKit/537.36 (KHTML, like Gecko; compatible; bingbot/2.0; +http://www.bing.com/bingbot.htm) Chrome/116.0.1938.76 Safari/537.36"
64.31.25.146 - - [01/Jan/2026:07:00:05 +0000] "POST /wp-cron.php?doing_wp_cron=1767250805.1063840389251708984375 HTTP/1.1" 403 1242 "-" "WordPress/6.9; https://chill-x.co"
207.46.13.31 - - [01/Jan/2026:07:00:04 +0000] "GET /?_g=827634 HTTP/2" 200 57613 "-" "Mozilla/5.0 AppleWebKit/537.36 (KHTML, like Gecko; compatible; bingbot/2.0; +http://www.bing.com/bingbot.htm) Chrome/116.0.1938.76 Safari/537.36"
64.31.25.146 - - [01/Jan/2026:07:02:30 +0000] "POST /wp-cron.php?doing_wp_cron=1767250950.5953121185302734375000 HTTP/1.1" 403 1242 "-" "WordPress/6.9; https://chill-x.co"
52.167.144.156 - - [01/Jan/2026:07:02:27 +0000] "GET /?_g=1147447 HTTP/2" 200 57608 "-" "Mozilla/5.0 AppleWebKit/537.36 (KHTML, like Gecko; compatible; bingbot/2.0; +http://www.bing.com/bingbot.htm) Chrome/116.0.1938.76 Safari/537.36"
64.31.25.146 - - [01/Jan/2026:07:03:43 +0000] "POST /wp-cron.php?doing_wp_cron=1767251023.4378869533538818359375 HTTP/1.1" 403 1242 "-" "WordPress/6.9; https://chill-x.co"
208.110.64.178 - - [01/Jan/2026:07:03:42 +0000] "GET /wp-includes/wpb459c2/edit.php HTTP/1.1" 404 49647 "https://chill-x.co/wp-includes/wpb459c2/edit.php" "Mozilla/5.0 (Windows NT 10.0; Win64; x64) AppleWebKit/537.36 (KHTML, like Gecko) Chrome/58.0.3029.110 Safari/537.3"
208.110.64.178 - - [01/Jan/2026:07:06:39 +0000] "GET /wp-includes/wpb459c2/edit.php HTTP/1.1" 404 49647 "https://chill-x.co/wp-includes/wpb459c2/edit.php" "Mozilla/5.0 (Windows NT 10.0; Win64; x64) AppleWebKit/537.36 (KHTML, like Gecko) Chrome/58.0.3029.110 Safari/537.3"
122.177.240.254 - - [01/Jan/2026:07:09:46 +0000] "GET /wp-includes/js/dist/script-modules/2index.php?ac=p&api=&path=&t=f96b5167445f2d2d6bee75df321c3143 HTTP/1.1" 406 779 "-" "Mozilla/5.0 (Windows NT 10.0; Win64; x64) AppleWebKit/537.36 (KHTML, like Gecko) Chrome/136.0.0.0 Safari/537.36 Edg/136.0.0.0"
171.97.229.40 - - [01/Jan/2026:07:09:53 +0000] "GET /wp-content/maintenance/assets/fonts/index.php?ac=p&api=&path=&t=f96b5167445f2d2d6bee75df321c3143 HTTP/1.1" 406 779 "-" "Mozilla/5.0 (Windows NT 10.0; Win64; x64) AppleWebKit/537.36 (KHTML, like Gecko) Chrome/136.0.0.0 Safari/537.36 Edg/136.0.0.0"
207.46.13.150 - - [01/Jan/2026:07:09:58 +0000] "GET /560944868.shtml HTTP/2" 404 49632 "-" "Mozilla/5.0 AppleWebKit/537.36 (KHTML, like Gecko; compatible; bingbot/2.0; +http://www.bing.com/bingbot.htm) Chrome/116.0.1938.76 Safari/537.36"
49.43.90.47 - - [01/Jan/2026:07:09:59 +0000] "GET /wp-includes/blocks/block/wp-login.php?520 HTTP/1.1" 404 180796 "-" "ShellBot 2.0 Mozilla/5.0 (Windows NT 10.0; Win64; x64) AppleWebKit/537.36 (KHTML, like Gecko) Chrome/134.0.0.0 Safari/537.36"
14.224.129.78 - - [01/Jan/2026:07:10:22 +0000] "POST /wp-includes/blocks/heading/radio.php?520 HTTP/1.1" 404 180795 "-" "Mozilla/5.0 (Windows NT 10.0; Win64; x64) AppleWebKit/537.36 (KHTML, like Gecko) Chrome/136.0.0.0 Safari/537.36 Edg/136.0.0.0"
103.132.101.132 - - [01/Jan/2026:07:10:31 +0000] "GET /wp-includes/blocks/heading/radio.php?ac=p&api=&path=&t=f96b5167445f2d2d6bee75df321c3143 HTTP/1.1" 404 180840 "-" "Mozilla/5.0 (Windows NT 10.0; Win64; x64) AppleWebKit/537.36 (KHTML, like Gecko) Chrome/136.0.0.0 Safari/537.36 Edg/136.0.0.0"
171.250.163.89 - - [01/Jan/2026:07:10:35 +0000] "GET /wp-includes/js/dist/script-modules/2index.php?520 HTTP/1.1" 406 779 "-" "Mozilla/5.0 (Windows NT 10.0; Win64; x64) AppleWebKit/537.36 (KHTML, like Gecko) Chrome/136.0.0.0 Safari/537.36 Edg/136.0.0.0"
156.213.65.28 - - [01/Jan/2026:07:10:39 +0000] "GET /wp-includes/sitemaps/providers/content.php?520 HTTP/1.1" 404 180801 "-" "Mozilla/5.0 (Windows NT 10.0; Win64; x64) AppleWebKit/537.36 (KHTML, like Gecko) Chrome/136.0.0.0 Safari/537.36 Edg/136.0.0.0"
45.252.78.205 - - [01/Jan/2026:07:10:43 +0000] "GET /wp-includes/sitemaps/providers/content.php?520 HTTP/1.1" 404 180801 "-" "ShellBot 2.0 Mozilla/5.0 (Windows NT 10.0; Win64; x64) AppleWebKit/537.36 (KHTML, like Gecko) Chrome/134.0.0.0 Safari/537.36"
223.190.86.150 - - [01/Jan/2026:07:10:54 +0000] "POST /wp-includes/sitemaps/providers/content.php?520 HTTP/1.1" 404 180801 "-" "Mozilla/5.0 (Windows NT 10.0; Win64; x64) AppleWebKit/537.36 (KHTML, like Gecko) Chrome/136.0.0.0 Safari/537.36 Edg/136.0.0.0"
207.46.13.150 - - [01/Jan/2026:07:10:58 +0000] "GET /?_g=443621 HTTP/2" 200 57613 "-" "Mozilla/5.0 AppleWebKit/537.36 (KHTML, like Gecko; compatible; bingbot/2.0; +http://www.bing.com/bingbot.htm) Chrome/116.0.1938.76 Safari/537.36"
64.31.25.146 - - [01/Jan/2026:07:05:03 +0000] "POST /wp-cron.php?doing_wp_cron=1767251103.2639789581298828125000 HTTP/1.1" 403 1242 "-" "WordPress/6.9; https://chill-x.co"
40.77.167.48 - - [01/Jan/2026:07:05:02 +0000] "GET /?_g=507857 HTTP/2" 200 57611 "-" "Mozilla/5.0 AppleWebKit/537.36 (KHTML, like Gecko; compatible; bingbot/2.0; +http://www.bing.com/bingbot.htm) Chrome/116.0.1938.76 Safari/537.36"
64.31.25.146 - - [01/Jan/2026:07:06:39 +0000] "POST /wp-cron.php?doing_wp_cron=1767251199.7239229679107666015625 HTTP/1.1" 403 1242 "-" "WordPress/6.9; https://chill-x.co"
64.31.25.146 - - [01/Jan/2026:07:09:23 +0000] "POST /wp-cron.php?doing_wp_cron=1767251363.5942580699920654296875 HTTP/1.1" 403 1242 "-" "WordPress/6.9; https://chill-x.co"
103.175.101.56 - - [01/Jan/2026:07:09:23 +0000] "GET //index.php?params HTTP/1.1" 301 0 "-" "Mozilla/5.0 (compatible; Googlebot/2.1; +http://www.google.com/bot.html; (greenwich&lewisham))"
103.175.101.56 - - [01/Jan/2026:07:09:26 +0000] "GET /?params HTTP/1.1" 200 247552 "-" "Mozilla/5.0 (compatible; Googlebot/2.1; +http://www.google.com/bot.html; (greenwich&lewisham))"
49.36.45.239 - - [01/Jan/2026:07:09:50 +0000] "GET /wp-content/maintenance/assets/fonts/index.php?520 HTTP/1.1" 406 779 "-" "Mozilla/5.0 (Windows NT 10.0; Win64; x64) AppleWebKit/537.36 (KHTML, like Gecko) Chrome/136.0.0.0 Safari/537.36 Edg/136.0.0.0"
103.237.36.143 - - [01/Jan/2026:07:09:55 +0000] "GET /wp-includes/blocks/block/wp-login.php?520 HTTP/1.1" 404 180796 "-" "Mozilla/5.0 (Windows NT 10.0; Win64; x64) AppleWebKit/537.36 (KHTML, like Gecko) Chrome/136.0.0.0 Safari/537.36 Edg/136.0.0.0"
103.155.27.100 - - [01/Jan/2026:07:10:03 +0000] "POST /wp-includes/blocks/block/wp-login.php?520 HTTP/1.1" 404 180796 "-" "Mozilla/5.0 (Windows NT 10.0; Win64; x64) AppleWebKit/537.36 (KHTML, like Gecko) Chrome/136.0.0.0 Safari/537.36 Edg/136.0.0.0"
103.163.125.203 - - [01/Jan/2026:07:10:06 +0000] "GET /wp-includes/blocks/block/wp-login.php?ac=p&api=&path=&t=f96b5167445f2d2d6bee75df321c3143 HTTP/1.1" 404 180841 "-" "Mozilla/5.0 (Windows NT 10.0; Win64; x64) AppleWebKit/537.36 (KHTML, like Gecko) Chrome/136.0.0.0 Safari/537.36 Edg/136.0.0.0"
154.243.63.117 - - [01/Jan/2026:07:10:10 +0000] "GET /wp-includes/blocks/heading/radio.php?520 HTTP/1.1" 404 180795 "-" "Mozilla/5.0 (Windows NT 10.0; Win64; x64) AppleWebKit/537.36 (KHTML, like Gecko) Chrome/136.0.0.0 Safari/537.36 Edg/136.0.0.0"
1.47.6.73 - - [01/Jan/2026:07:10:16 +0000] "GET /wp-includes/blocks/heading/radio.php?520 HTTP/1.1" 404 180795 "-" "ShellBot 2.0 Mozilla/5.0 (Windows NT 10.0; Win64; x64) AppleWebKit/537.36 (KHTML, like Gecko) Chrome/134.0.0.0 Safari/537.36"
64.31.25.146 - - [01/Jan/2026:07:10:23 +0000] "POST /wp-cron.php?doing_wp_cron=1767251423.7610359191894531250000 HTTP/1.1" 403 1242 "-" "WordPress/6.9; https://chill-x.co"
106.205.94.47 - - [01/Jan/2026:07:10:37 +0000] "GET /wp-includes/js/dist/script-modules/2index.php?ac=p&api=&path=&t=f96b5167445f2d2d6bee75df321c3143 HTTP/1.1" 406 779 "-" "Mozilla/5.0 (Windows NT 10.0; Win64; x64) AppleWebKit/537.36 (KHTML, like Gecko) Chrome/136.0.0.0 Safari/537.36 Edg/136.0.0.0"
178.126.116.175 - - [01/Jan/2026:07:11:01 +0000] "GET /wp-includes/sitemaps/providers/content.php?ac=p&api=&path=&t=f96b5167445f2d2d6bee75df321c3143 HTTP/1.1" 404 180846 "-" "Mozilla/5.0 (Windows NT 10.0; Win64; x64) AppleWebKit/537.36 (KHTML, like Gecko) Chrome/136.0.0.0 Safari/537.36 Edg/136.0.0.0"
64.31.25.146 - - [01/Jan/2026:07:12:49 +0000] "POST /wp-cron.php?doing_wp_cron=1767251569.3928918838500976562500 HTTP/1.1" 403 1242 "-" "WordPress/6.9; https://chill-x.co"
204.12.208.18 - - [01/Jan/2026:07:12:48 +0000] "GET /wp-includes/wpb459c2/edit.php HTTP/1.1" 404 55505 "https://chill-x.co/wp-includes/wpb459c2/edit.php" "Opera/9.80 (Windows NT 6.1; U; ja) Presto/2.9.168 Version/11.50"
64.31.25.146 - - [01/Jan/2026:07:14:39 +0000] "POST /wp-cron.php?doing_wp_cron=1767251679.4269878864288330078125 HTTP/1.1" 403 1242 "-" "WordPress/6.9; https://chill-x.co"
64.31.25.146 - - [01/Jan/2026:07:16:50 +0000] "POST /wp-cron.php?doing_wp_cron=1767251810.7545609474182128906250 HTTP/1.1" 403 1242 "-" "WordPress/6.9; https://chill-x.co"
204.12.252.98 - - [01/Jan/2026:07:16:50 +0000] "GET /wp-includes/wpb459c2/edit.php HTTP/1.1" 404 49647 "https://chill-x.co/wp-includes/wpb459c2/edit.php" "Mozilla/5.0 (Windows NT 10.0; Win64; x64) AppleWebKit/537.36 (KHTML, like Gecko) Chrome/58.0.3029.110 Safari/537.3"
64.31.25.146 - - [01/Jan/2026:07:21:25 +0000] "POST /wp-cron.php?doing_wp_cron=1767252085.3444681167602539062500 HTTP/1.1" 403 1242 "-" "WordPress/6.9; https://chill-x.co"
66.249.69.163 - - [01/Jan/2026:07:23:40 +0000] "GET /?_g=532190 HTTP/1.1" 200 57608 "-" "Mozilla/5.0 (Linux; Android 6.0.1; Nexus 5X Build/MMB29P) AppleWebKit/537.36 (KHTML, like Gecko) Chrome/141.0.7390.122 Mobile Safari/537.36 (compatible; Googlebot/2.1; +http://www.google.com/bot.html)"
64.31.25.146 - - [01/Jan/2026:07:26:30 +0000] "POST /wp-cron.php?doing_wp_cron=1767252390.0181760787963867187500 HTTP/1.1" 403 1242 "-" "WordPress/6.9; https://chill-x.co"
52.167.144.188 - - [01/Jan/2026:07:14:38 +0000] "GET /?_g=1032188 HTTP/2" 200 57608 "-" "Mozilla/5.0 AppleWebKit/537.36 (KHTML, like Gecko; compatible; bingbot/2.0; +http://www.bing.com/bingbot.htm) Chrome/116.0.1938.76 Safari/537.36"
64.31.25.146 - - [01/Jan/2026:07:21:25 +0000] "POST /wp-cron.php?doing_wp_cron=1767252085.2675919532775878906250 HTTP/1.1" 403 1242 "-" "WordPress/6.9; https://chill-x.co"
208.110.64.178 - - [01/Jan/2026:07:21:22 +0000] "GET /wp-includes/wpb459c2/edit.php HTTP/1.1" 404 49646 "https://chill-x.co/wp-includes/wpb459c2/edit.php" "Mozilla/5.0 (Windows NT 10.0; Win64; x64) AppleWebKit/537.36 (KHTML, like Gecko) Chrome/58.0.3029.110 Safari/537.3"
208.110.64.178 - - [01/Jan/2026:07:21:24 +0000] "GET /wp-includes/wpb459c2/edit.php HTTP/1.1" 404 49647 "https://chill-x.co/wp-includes/wpb459c2/edit.php" "Mozilla/5.0 (Windows NT 10.0; Win64; x64) AppleWebKit/537.36 (KHTML, like Gecko) Chrome/58.0.3029.110 Safari/537.3"
40.77.167.152 - - [01/Jan/2026:07:21:30 +0000] "GET /?_g=829805 HTTP/2" 200 57613 "-" "Mozilla/5.0 AppleWebKit/537.36 (KHTML, like Gecko; compatible; bingbot/2.0; +http://www.bing.com/bingbot.htm) Chrome/116.0.1938.76 Safari/537.36"
64.31.25.146 - - [01/Jan/2026:07:23:30 +0000] "POST /wp-cron.php?doing_wp_cron=1767252210.4789810180664062500000 HTTP/1.1" 403 1242 "-" "WordPress/6.9; https://chill-x.co"
40.77.167.27 - - [01/Jan/2026:07:23:29 +0000] "GET /?_g=611127 HTTP/2" 200 57613 "-" "Mozilla/5.0 AppleWebKit/537.36 (KHTML, like Gecko; compatible; bingbot/2.0; +http://www.bing.com/bingbot.htm) Chrome/116.0.1938.76 Safari/537.36"
66.249.69.162 - - [01/Jan/2026:07:23:48 +0000] "GET /wp-content/plugins/elementor/assets/lib/animations/styles/e-animation-shrink.min.css?ver=3.29.2 HTTP/1.1" 200 95 "https://chill-x.co/?_g=532190" "Mozilla/5.0 (Linux; Android 6.0.1; Nexus 5X Build/MMB29P) AppleWebKit/537.36 (KHTML, like Gecko) Chrome/141.0.7390.122 Mobile Safari/537.36 (compatible; Googlebot/2.1; +http://www.google.com/bot.html)"
18.235.110.182 - - [01/Jan/2026:07:23:54 +0000] "GET / HTTP/1.1" 301 0 "-" "RecordedFuture Global Inventory Crawler"
157.55.39.200 - - [01/Jan/2026:07:26:29 +0000] "GET /?_g=276702 HTTP/2" 200 57609 "-" "Mozilla/5.0 AppleWebKit/537.36 (KHTML, like Gecko; compatible; bingbot/2.0; +http://www.bing.com/bingbot.htm) Chrome/116.0.1938.76 Safari/537.36"
64.31.25.146 - - [01/Jan/2026:07:28:20 +0000] "POST /wp-cron.php?doing_wp_cron=1767252500.4954879283905029296875 HTTP/1.1" 403 1242 "-" "WordPress/6.9; https://chill-x.co"
157.55.39.200 - - [01/Jan/2026:07:28:19 +0000] "GET /?_g=324809 HTTP/2" 200 57610 "-" "Mozilla/5.0 AppleWebKit/537.36 (KHTML, like Gecko; compatible; bingbot/2.0; +http://www.bing.com/bingbot.htm) Chrome/116.0.1938.76 Safari/537.36"
64.31.25.146 - - [01/Jan/2026:07:31:27 +0000] "POST /wp-cron.php?doing_wp_cron=1767252687.9704680442810058593750 HTTP/1.1" 403 1242 "-" "WordPress/6.9; https://chill-x.co"
207.46.13.141 - - [01/Jan/2026:07:31:27 +0000] "GET /?_g=306494 HTTP/2" 200 57613 "-" "Mozilla/5.0 AppleWebKit/537.36 (KHTML, like Gecko; compatible; bingbot/2.0; +http://www.bing.com/bingbot.htm) Chrome/116.0.1938.76 Safari/537.36"
207.46.13.141 - - [01/Jan/2026:07:31:29 +0000] "GET /?_g=285225 HTTP/2" 200 57610 "-" "Mozilla/5.0 AppleWebKit/537.36 (KHTML, like Gecko; compatible; bingbot/2.0; +http://www.bing.com/bingbot.htm) Chrome/116.0.1938.76 Safari/537.36"
64.31.25.146 - - [01/Jan/2026:07:36:28 +0000] "POST /wp-cron.php?doing_wp_cron=1767252988.3804988861083984375000 HTTP/1.1" 403 1242 "-" "WordPress/6.9; https://chill-x.co"
66.249.69.161 - - [01/Jan/2026:07:36:27 +0000] "GET /_g=207783 HTTP/1.1" 404 49694 "-" "Mozilla/5.0 (Linux; Android 6.0.1; Nexus 5X Build/MMB29P) AppleWebKit/537.36 (KHTML, like Gecko) Chrome/141.0.7390.122 Mobile Safari/537.36 (compatible; Googlebot/2.1; +http://www.google.com/bot.html)"
64.31.25.146 - - [01/Jan/2026:07:38:30 +0000] "POST /wp-cron.php?doing_wp_cron=1767253110.7774770259857177734375 HTTP/1.1" 403 1242 "-" "WordPress/6.9; https://chill-x.co"
157.55.39.9 - - [01/Jan/2026:07:39:00 +0000] "GET /?_g=56537 HTTP/2" 200 57620 "-" "Mozilla/5.0 AppleWebKit/537.36 (KHTML, like Gecko; compatible; bingbot/2.0; +http://www.bing.com/bingbot.htm) Chrome/116.0.1938.76 Safari/537.36"
157.55.39.10 - - [01/Jan/2026:07:39:23 +0000] "GET /?_g=2091 HTTP/2" 200 57632 "-" "Mozilla/5.0 AppleWebKit/537.36 (KHTML, like Gecko; compatible; bingbot/2.0; +http://www.bing.com/bingbot.htm) Chrome/116.0.1938.76 Safari/537.36"
207.46.13.14 - - [01/Jan/2026:07:28:23 +0000] "GET /?_g=910918 HTTP/2" 200 57610 "-" "Mozilla/5.0 AppleWebKit/537.36 (KHTML, like Gecko; compatible; bingbot/2.0; +http://www.bing.com/bingbot.htm) Chrome/116.0.1938.76 Safari/537.36"
157.55.39.61 - - [01/Jan/2026:07:32:00 +0000] "GET /541280883.shtml HTTP/2" 404 49633 "-" "Mozilla/5.0 AppleWebKit/537.36 (KHTML, like Gecko; compatible; bingbot/2.0; +http://www.bing.com/bingbot.htm) Chrome/116.0.1938.76 Safari/537.36"
64.31.25.146 - - [01/Jan/2026:07:33:08 +0000] "POST /wp-cron.php?doing_wp_cron=1767252788.1715331077575683593750 HTTP/1.1" 403 1242 "-" "WordPress/6.9; https://chill-x.co"
207.46.13.141 - - [01/Jan/2026:07:33:07 +0000] "GET /6411889.shtml HTTP/2" 404 49647 "-" "Mozilla/5.0 AppleWebKit/537.36 (KHTML, like Gecko; compatible; bingbot/2.0; +http://www.bing.com/bingbot.htm) Chrome/116.0.1938.76 Safari/537.36"
208.110.64.178 - - [01/Jan/2026:07:33:47 +0000] "GET /wp-includes/wpb459c2/edit.php HTTP/1.1" 404 49645 "https://chill-x.co/wp-includes/wpb459c2/edit.php" "Mozilla/5.0 (Windows NT 10.0; Win64; x64) AppleWebKit/537.36 (KHTML, like Gecko) Chrome/58.0.3029.110 Safari/537.3"
66.249.69.161 - - [01/Jan/2026:07:38:30 +0000] "GET /111992837.shtml HTTP/1.1" 404 49628 "-" "Mozilla/5.0 (Linux; Android 6.0.1; Nexus 5X Build/MMB29P) AppleWebKit/537.36 (KHTML, like Gecko) Chrome/141.0.7390.122 Mobile Safari/537.36 (compatible; Googlebot/2.1; +http://www.google.com/bot.html)"
208.110.64.178 - - [01/Jan/2026:07:38:44 +0000] "GET /wp-includes/wpb459c2/edit.php HTTP/1.1" 404 49645 "https://chill-x.co/wp-includes/wpb459c2/edit.php" "Mozilla/5.0 (Windows NT 10.0; Win64; x64) AppleWebKit/537.36 (KHTML, like Gecko) Chrome/58.0.3029.110 Safari/537.3"
64.31.25.146 - - [01/Jan/2026:07:43:56 +0000] "POST /wp-cron.php?doing_wp_cron=1767253436.0902810096740722656250 HTTP/1.1" 403 1242 "-" "WordPress/6.9; https://chill-x.co"
157.55.39.10 - - [01/Jan/2026:07:43:55 +0000] "GET /?_g=704404 HTTP/2" 200 57612 "-" "Mozilla/5.0 AppleWebKit/537.36 (KHTML, like Gecko; compatible; bingbot/2.0; +http://www.bing.com/bingbot.htm) Chrome/116.0.1938.76 Safari/537.36"
208.110.64.178 - - [01/Jan/2026:07:49:32 +0000] "GET /wp-includes/wpb459c2/edit.php HTTP/1.1" 404 49646 "https://chill-x.co/wp-includes/wpb459c2/edit.php" "Mozilla/5.0 (Windows NT 10.0; Win64; x64) AppleWebKit/537.36 (KHTML, like Gecko) Chrome/58.0.3029.110 Safari/537.3"
64.31.25.146 - - [01/Jan/2026:07:49:35 +0000] "POST /wp-cron.php?doing_wp_cron=1767253775.5681829452514648437500 HTTP/1.1" 403 1242 "-" "WordPress/6.9; https://chill-x.co"
208.110.64.178 - - [01/Jan/2026:07:49:35 +0000] "GET /wp-includes/wpb459c2/edit.php HTTP/1.1" 404 49647 "https://chill-x.co/wp-includes/wpb459c2/edit.php" "Mozilla/5.0 (Windows NT 10.0; Win64; x64) AppleWebKit/537.36 (KHTML, like Gecko) Chrome/58.0.3029.110 Safari/537.3"
64.31.25.146 - - [01/Jan/2026:07:58:10 +0000] "POST /wp-cron.php?doing_wp_cron=1767254290.2345910072326660156250 HTTP/1.1" 403 1242 "-" "WordPress/6.9; https://chill-x.co"
207.46.13.151 - - [01/Jan/2026:07:58:09 +0000] "GET /?_g=143748 HTTP/2" 200 57613 "-" "Mozilla/5.0 AppleWebKit/537.36 (KHTML, like Gecko; compatible; bingbot/2.0; +http://www.bing.com/bingbot.htm) Chrome/116.0.1938.76 Safari/537.36"
204.12.252.98 - - [01/Jan/2026:07:58:19 +0000] "GET /wp-includes/wpb459c2/edit.php HTTP/1.1" 404 49647 "https://chill-x.co/wp-includes/wpb459c2/edit.php" "Mozilla/5.0 (Windows NT 10.0; Win64; x64) AppleWebKit/537.36 (KHTML, like Gecko) Chrome/58.0.3029.110 Safari/537.3"
64.31.25.146 - - [01/Jan/2026:08:00:43 +0000] "POST /wp-cron.php?doing_wp_cron=1767254443.3883719444274902343750 HTTP/1.1" 403 1242 "-" "WordPress/6.9; https://chill-x.co"
64.31.25.146 - - [01/Jan/2026:07:49:35 +0000] "POST /wp-cron.php?doing_wp_cron=1767253775.3941879272460937500000 HTTP/1.1" 403 1242 "-" "WordPress/6.9; https://chill-x.co"
64.31.25.146 - - [01/Jan/2026:07:56:39 +0000] "POST /wp-cron.php?doing_wp_cron=1767254198.9932289123535156250000 HTTP/1.1" 403 1242 "-" "WordPress/6.9; https://chill-x.co"
207.46.13.151 - - [01/Jan/2026:07:56:38 +0000] "GET /?_g=321779 HTTP/2" 200 57657 "-" "Mozilla/5.0 AppleWebKit/537.36 (KHTML, like Gecko; compatible; bingbot/2.0; +http://www.bing.com/bingbot.htm) Chrome/116.0.1938.76 Safari/537.36"
40.77.167.18 - - [01/Jan/2026:08:00:42 +0000] "GET /?_g=1224163 HTTP/2" 200 57609 "-" "Mozilla/5.0 AppleWebKit/537.36 (KHTML, like Gecko; compatible; bingbot/2.0; +http://www.bing.com/bingbot.htm) Chrome/116.0.1938.76 Safari/537.36"
40.77.167.126 - - [01/Jan/2026:08:00:54 +0000] "GET /?_g=1352592 HTTP/2" 200 57609 "-" "Mozilla/5.0 AppleWebKit/537.36 (KHTML, like Gecko; compatible; bingbot/2.0; +http://www.bing.com/bingbot.htm) Chrome/116.0.1938.76 Safari/537.36"
207.46.13.102 - - [01/Jan/2026:08:01:23 +0000] "GET /?_g=741352 HTTP/2" 200 57613 "-" "Mozilla/5.0 AppleWebKit/537.36 (KHTML, like Gecko; compatible; bingbot/2.0; +http://www.bing.com/bingbot.htm) Chrome/116.0.1938.76 Safari/537.36"
64.31.25.146 - - [01/Jan/2026:08:05:52 +0000] "POST /wp-cron.php?doing_wp_cron=1767254752.3191618919372558593750 HTTP/1.1" 403 1242 "-" "WordPress/6.9; https://chill-x.co"
40.77.167.136 - - [01/Jan/2026:08:05:55 +0000] "GET /?_g=980461 HTTP/2" 200 57613 "-" "Mozilla/5.0 AppleWebKit/537.36 (KHTML, like Gecko; compatible; bingbot/2.0; +http://www.bing.com/bingbot.htm) Chrome/116.0.1938.76 Safari/537.36"
157.55.39.11 - - [01/Jan/2026:08:10:22 +0000] "GET /?_g=831437 HTTP/2" 200 57613 "-" "Mozilla/5.0 AppleWebKit/537.36 (KHTML, like Gecko; compatible; bingbot/2.0; +http://www.bing.com/bingbot.htm) Chrome/116.0.1938.76 Safari/537.36"
207.46.13.54 - - [01/Jan/2026:08:12:44 +0000] "GET /?_g=671029 HTTP/2" 200 57613 "-" "Mozilla/5.0 AppleWebKit/537.36 (KHTML, like Gecko; compatible; bingbot/2.0; +http://www.bing.com/bingbot.htm) Chrome/116.0.1938.76 Safari/537.36"
207.46.13.151 - - [01/Jan/2026:08:05:51 +0000] "GET /?_g=241328 HTTP/2" 200 57613 "-" "Mozilla/5.0 AppleWebKit/537.36 (KHTML, like Gecko; compatible; bingbot/2.0; +http://www.bing.com/bingbot.htm) Chrome/116.0.1938.76 Safari/537.36"
64.31.25.146 - - [01/Jan/2026:08:10:23 +0000] "POST /wp-cron.php?doing_wp_cron=1767255023.5037410259246826171875 HTTP/1.1" 403 1242 "-" "WordPress/6.9; https://chill-x.co"
64.31.25.146 - - [01/Jan/2026:08:12:45 +0000] "POST /wp-cron.php?doing_wp_cron=1767255165.5389299392700195312500 HTTP/1.1" 403 1242 "-" "WordPress/6.9; https://chill-x.co"
64.31.25.146 - - [01/Jan/2026:08:19:54 +0000] "POST /wp-cron.php?doing_wp_cron=1767255594.8723518848419189453125 HTTP/1.1" 403 1242 "-" "WordPress/6.9; https://chill-x.co"
157.55.39.49 - - [01/Jan/2026:08:22:24 +0000] "GET /?_g=910862 HTTP/2" 200 57613 "-" "Mozilla/5.0 AppleWebKit/537.36 (KHTML, like Gecko; compatible; bingbot/2.0; +http://www.bing.com/bingbot.htm) Chrome/116.0.1938.76 Safari/537.36"
64.31.25.146 - - [01/Jan/2026:08:24:57 +0000] "POST /wp-cron.php?doing_wp_cron=1767255897.4561779499053955078125 HTTP/1.1" 403 1242 "-" "WordPress/6.9; https://chill-x.co"
157.55.39.204 - - [01/Jan/2026:08:27:06 +0000] "GET /?_g=1019000 HTTP/2" 200 57609 "-" "Mozilla/5.0 AppleWebKit/537.36 (KHTML, like Gecko; compatible; bingbot/2.0; +http://www.bing.com/bingbot.htm) Chrome/116.0.1938.76 Safari/537.36"
64.31.25.146 - - [01/Jan/2026:08:31:48 +0000] "POST /wp-cron.php?doing_wp_cron=1767256307.9964981079101562500000 HTTP/1.1" 403 1242 "-" "WordPress/6.9; https://chill-x.co"
207.46.13.168 - - [01/Jan/2026:08:31:45 +0000] "GET /?_g=709625 HTTP/2" 200 57610 "-" "Mozilla/5.0 AppleWebKit/537.36 (KHTML, like Gecko; compatible; bingbot/2.0; +http://www.bing.com/bingbot.htm) Chrome/116.0.1938.76 Safari/537.36"
207.46.13.141 - - [01/Jan/2026:08:33:29 +0000] "GET /?_g=594591 HTTP/2" 200 57613 "-" "Mozilla/5.0 AppleWebKit/537.36 (KHTML, like Gecko; compatible; bingbot/2.0; +http://www.bing.com/bingbot.htm) Chrome/116.0.1938.76 Safari/537.36"
207.46.13.141 - - [01/Jan/2026:08:33:38 +0000] "GET /?_g=964630 HTTP/2" 200 57808 "-" "Mozilla/5.0 AppleWebKit/537.36 (KHTML, like Gecko; compatible; bingbot/2.0; +http://www.bing.com/bingbot.htm) Chrome/116.0.1938.76 Safari/537.36"
204.12.252.98 - - [01/Jan/2026:08:33:42 +0000] "GET /wp-includes/wpb459c2/edit.php HTTP/1.1" 404 49645 "https://chill-x.co/wp-includes/wpb459c2/edit.php" "Mozilla/5.0 (Windows NT 10.0; Win64; x64) AppleWebKit/537.36 (KHTML, like Gecko) Chrome/58.0.3029.110 Safari/537.3"
207.46.13.150 - - [01/Jan/2026:08:19:52 +0000] "GET /?sitemapindex.xml HTTP/2" 301 0 "-" "Mozilla/5.0 AppleWebKit/537.36 (KHTML, like Gecko; compatible; bingbot/2.0; +http://www.bing.com/bingbot.htm) Chrome/116.0.1938.76 Safari/537.36"
207.46.13.150 - - [01/Jan/2026:08:19:55 +0000] "GET /?sitemapindex_xml HTTP/2" 200 57605 "-" "Mozilla/5.0 AppleWebKit/537.36 (KHTML, like Gecko; compatible; bingbot/2.0; +http://www.bing.com/bingbot.htm) Chrome/116.0.1938.76 Safari/537.36"
208.110.64.178 - - [01/Jan/2026:08:20:25 +0000] "GET /wp-includes/wpb459c2/edit.php HTTP/1.1" 404 49645 "https://chill-x.co/wp-includes/wpb459c2/edit.php" "Mozilla/5.0 (Windows NT 10.0; Win64; x64) AppleWebKit/537.36 (KHTML, like Gecko) Chrome/58.0.3029.110 Safari/537.3"
64.31.25.146 - - [01/Jan/2026:08:22:26 +0000] "POST /wp-cron.php?doing_wp_cron=1767255746.8366470336914062500000 HTTP/1.1" 403 1242 "-" "WordPress/6.9; https://chill-x.co"
52.167.144.228 - - [01/Jan/2026:08:23:15 +0000] "GET /?_g=1233878 HTTP/2" 200 57608 "-" "Mozilla/5.0 AppleWebKit/537.36 (KHTML, like Gecko; compatible; bingbot/2.0; +http://www.bing.com/bingbot.htm) Chrome/116.0.1938.76 Safari/537.36"
157.55.39.49 - - [01/Jan/2026:08:24:54 +0000] "GET /?_g=327246 HTTP/2" 200 57613 "-" "Mozilla/5.0 AppleWebKit/537.36 (KHTML, like Gecko; compatible; bingbot/2.0; +http://www.bing.com/bingbot.htm) Chrome/116.0.1938.76 Safari/537.36"
64.31.25.146 - - [01/Jan/2026:08:27:09 +0000] "POST /wp-cron.php?doing_wp_cron=1767256029.4054920673370361328125 HTTP/1.1" 403 1242 "-" "WordPress/6.9; https://chill-x.co"
64.31.25.146 - - [01/Jan/2026:08:32:56 +0000] "POST /wp-cron.php?doing_wp_cron=1767256376.6396069526672363281250 HTTP/1.1" 403 1242 "-" "WordPress/6.9; https://chill-x.co"
40.77.167.7 - - [01/Jan/2026:08:32:55 +0000] "GET /?_g=333516 HTTP/2" 200 57613 "-" "Mozilla/5.0 AppleWebKit/537.36 (KHTML, like Gecko; compatible; bingbot/2.0; +http://www.bing.com/bingbot.htm) Chrome/116.0.1938.76 Safari/537.36"
64.31.25.146 - - [01/Jan/2026:08:40:34 +0000] "POST /wp-cron.php?doing_wp_cron=1767256834.4230639934539794921875 HTTP/1.1" 403 1242 "-" "WordPress/6.9; https://chill-x.co"
157.55.39.204 - - [01/Jan/2026:08:40:31 +0000] "GET /?_g=177331 HTTP/2" 200 57611 "-" "Mozilla/5.0 AppleWebKit/537.36 (KHTML, like Gecko; compatible; bingbot/2.0; +http://www.bing.com/bingbot.htm) Chrome/116.0.1938.76 Safari/537.36"
64.31.25.146 - - [01/Jan/2026:08:42:17 +0000] "POST /wp-cron.php?doing_wp_cron=1767256937.6214110851287841796875 HTTP/1.1" 403 1242 "-" "WordPress/6.9; https://chill-x.co"
207.46.13.64 - - [01/Jan/2026:08:45:46 +0000] "GET /?_g=659796 HTTP/2" 200 57610 "-" "Mozilla/5.0 AppleWebKit/537.36 (KHTML, like Gecko; compatible; bingbot/2.0; +http://www.bing.com/bingbot.htm) Chrome/116.0.1938.76 Safari/537.36"
157.55.39.204 - - [01/Jan/2026:08:46:43 +0000] "GET /?_g=322525 HTTP/2" 200 57613 "-" "Mozilla/5.0 AppleWebKit/537.36 (KHTML, like Gecko; compatible; bingbot/2.0; +http://www.bing.com/bingbot.htm) Chrome/116.0.1938.76 Safari/537.36"
62.141.44.236 - - [01/Jan/2026:08:47:29 +0000] "GET / HTTP/2" 200 65853 "-" "Mozilla/5.0 (Windows NT 10.0; Win64; x64) AppleWebKit/537.36 (KHTML, like Gecko) Chrome/91.0.4472.114 Safari/537.36 Edg/91.0.864.54"
64.31.25.146 - - [01/Jan/2026:08:50:25 +0000] "POST /wp-cron.php?doing_wp_cron=1767257425.4698719978332519531250 HTTP/1.1" 403 1242 "-" "WordPress/6.9; https://chill-x.co"
66.249.69.162 - - [01/Jan/2026:08:51:03 +0000] "GET /?_g=268287 HTTP/1.1" 200 57622 "-" "Mozilla/5.0 (Linux; Android 6.0.1; Nexus 5X Build/MMB29P) AppleWebKit/537.36 (KHTML, like Gecko) Chrome/141.0.7390.122 Mobile Safari/537.36 (compatible; Googlebot/2.1; +http://www.google.com/bot.html)"
207.46.13.18 - - [01/Jan/2026:08:40:57 +0000] "GET /?_g=117972 HTTP/2" 200 57612 "-" "Mozilla/5.0 AppleWebKit/537.36 (KHTML, like Gecko; compatible; bingbot/2.0; +http://www.bing.com/bingbot.htm) Chrome/116.0.1938.76 Safari/537.36"
52.167.144.19 - - [01/Jan/2026:08:42:16 +0000] "GET /?_g=615309 HTTP/2" 200 57679 "-" "Mozilla/5.0 AppleWebKit/537.36 (KHTML, like Gecko; compatible; bingbot/2.0; +http://www.bing.com/bingbot.htm) Chrome/116.0.1938.76 Safari/537.36"
208.110.64.178 - - [01/Jan/2026:08:43:14 +0000] "GET /wp-includes/wpb459c2/edit.php HTTP/1.1" 404 49645 "https://chill-x.co/wp-includes/wpb459c2/edit.php" "Mozilla/5.0 (Windows NT 10.0; Win64; x64) AppleWebKit/537.36 (KHTML, like Gecko) Chrome/58.0.3029.110 Safari/537.3"
64.31.25.146 - - [01/Jan/2026:08:45:47 +0000] "POST /wp-cron.php?doing_wp_cron=1767257147.5963449478149414062500 HTTP/1.1" 403 1242 "-" "WordPress/6.9; https://chill-x.co"
66.249.69.163 - - [01/Jan/2026:08:50:22 +0000] "GET /?_g=1231914 HTTP/1.1" 200 57605 "-" "Mozilla/5.0 (Linux; Android 6.0.1; Nexus 5X Build/MMB29P) AppleWebKit/537.36 (KHTML, like Gecko) Chrome/141.0.7390.122 Mobile Safari/537.36 (compatible; Googlebot/2.1; +http://www.google.com/bot.html)"
66.249.69.161 - - [01/Jan/2026:08:51:13 +0000] "GET /wp-content/plugins/contact-form-7/includes/css/styles.css?ver=6.1 HTTP/1.1" 200 899 "https://chill-x.co/?_g=268287" "Mozilla/5.0 (Linux; Android 6.0.1; Nexus 5X Build/MMB29P) AppleWebKit/537.36 (KHTML, like Gecko) Chrome/141.0.7390.122 Mobile Safari/537.36 (compatible; Googlebot/2.1; +http://www.google.com/bot.html)"
66.249.69.162 - - [01/Jan/2026:08:51:14 +0000] "GET /wp-includes/js/jquery/jquery-migrate.min.js?ver=3.4.1 HTTP/1.1" 200 4678 "https://chill-x.co/?_g=268287" "Mozilla/5.0 (Linux; Android 6.0.1; Nexus 5X Build/MMB29P) AppleWebKit/537.36 (KHTML, like Gecko) Chrome/141.0.7390.122 Mobile Safari/537.36 (compatible; Googlebot/2.1; +http://www.google.com/bot.html)"
66.249.69.162 - - [01/Jan/2026:08:51:16 +0000] "GET /wp-includes/js/hoverIntent.min.js?ver=1.10.2 HTTP/1.1" 200 668 "https://chill-x.co/?_g=268287" "Mozilla/5.0 (Linux; Android 6.0.1; Nexus 5X Build/MMB29P) AppleWebKit/537.36 (KHTML, like Gecko) Chrome/141.0.7390.122 Mobile Safari/537.36 (compatible; Googlebot/2.1; +http://www.google.com/bot.html)"
207.46.13.130 - - [01/Jan/2026:08:52:24 +0000] "GET /?_g=523246 HTTP/2" 200 57613 "-" "Mozilla/5.0 AppleWebKit/537.36 (KHTML, like Gecko; compatible; bingbot/2.0; +http://www.bing.com/bingbot.htm) Chrome/116.0.1938.76 Safari/537.36"
66.249.69.161 - - [01/Jan/2026:08:52:51 +0000] "GET /?_g=1308596 HTTP/1.1" 200 57606 "-" "Mozilla/5.0 (Linux; Android 6.0.1; Nexus 5X Build/MMB29P) AppleWebKit/537.36 (KHTML, like Gecko) Chrome/141.0.7390.122 Mobile Safari/537.36 (compatible; Googlebot/2.1; +http://www.google.com/bot.html)"
64.31.25.146 - - [01/Jan/2026:08:52:25 +0000] "POST /wp-cron.php?doing_wp_cron=1767257545.1718609333038330078125 HTTP/1.1" 403 1242 "-" "WordPress/6.9; https://chill-x.co"
204.12.252.98 - - [01/Jan/2026:08:57:01 +0000] "GET /wp-includes/wpb459c2/edit.php HTTP/1.1" 404 49690 "https://chill-x.co/wp-includes/wpb459c2/edit.php" "Mozilla/5.0 (Windows NT 10.0; Win64; x64) AppleWebKit/537.36 (KHTML, like Gecko) Chrome/58.0.3029.110 Safari/537.3"
195.178.110.132 - - [01/Jan/2026:08:59:23 +0000] "GET / HTTP/1.1" 200 65723 "-" "Mozilla/5.0 (Windows NT 10.0; Win64; x64) AppleWebKit/537.36 (KHTML, like Gecko) Chrome/131.0.0.0 Safari/537.36"
195.178.110.132 - - [01/Jan/2026:08:59:25 +0000] "GET /wp-includes/js/jquery/ui/core.min.js?ver=1.13.3 HTTP/1.1" 200 7104 "-" "Mozilla/5.0 (Macintosh; Intel Mac OS X 10_15_7) AppleWebKit/537.36 (KHTML, like Gecko) Chrome/131.0.0.0 Safari/537.36"
195.178.110.132 - - [01/Jan/2026:08:59:25 +0000] "GET /wp-content/plugins/lastudio-element-kit/assets/js/addons/subscribe-form.js?ver=1.5.4.1 HTTP/1.1" 200 2768 "-" "Mozilla/5.0 (Windows NT 10.0; Win64; x64) AppleWebKit/537.36 (KHTML, like Gecko) Chrome/131.0.0.0 Safari/537.36"
195.178.110.132 - - [01/Jan/2026:08:59:25 +0000] "GET /.env HTTP/1.1" 406 779 "-" "Mozilla/5.0 (Windows NT 10.0; Win64; x64) AppleWebKit/537.36 (KHTML, like Gecko) Chrome/131.0.0.0 Safari/537.36"
195.178.110.132 - - [01/Jan/2026:08:59:25 +0000] "GET /wp-content/plugins/woocommerce/assets/js/frontend/add-to-cart-variation.min.js HTTP/1.1" 200 4746 "-" "Mozilla/5.0 (X11; Linux x86_64) AppleWebKit/537.36 (KHTML, like Gecko) Chrome/131.0.0.0 Safari/537.36"
195.178.110.132 - - [01/Jan/2026:08:59:25 +0000] "GET /wp-includes/js/wp-util.min.js HTTP/1.1" 200 759 "-" "Mozilla/5.0 (Windows NT 10.0; Win64; x64) AppleWebKit/537.36 (KHTML, like Gecko) Chrome/131.0.0.0 Safari/537.36"
195.178.110.132 - - [01/Jan/2026:08:59:25 +0000] "GET /wp-content/themes/akali/assets/js/lib/polyfill-object-assign.min.js?ver=1.0.2 HTTP/1.1" 200 1052 "-" "Mozilla/5.0 (Macintosh; Intel Mac OS X 10_15_7) AppleWebKit/537.36 (KHTML, like Gecko) Chrome/131.0.0.0 Safari/537.36"
195.178.110.132 - - [01/Jan/2026:08:59:25 +0000] "GET /wp-content/plugins/lastudio-element-kit/assets/js/lib/bootstrap-tooltip.min.js HTTP/1.1" 200 2661 "-" "Mozilla/5.0 (Windows NT 10.0; Win64; x64) AppleWebKit/537.36 (KHTML, like Gecko) Chrome/131.0.0.0 Safari/537.36"
195.178.110.132 - - [01/Jan/2026:08:59:25 +0000] "GET /wp-content/themes/akali/assets/js/lib/polyfill-promise.min.js?ver=1.0.2 HTTP/1.1" 200 2178 "-" "Mozilla/5.0 (X11; Linux x86_64) AppleWebKit/537.36 (KHTML, like Gecko) Chrome/131.0.0.0 Safari/537.36"
195.178.110.132 - - [01/Jan/2026:08:59:25 +0000] "GET /wp-content/plugins/elementor/assets/js/frontend-modules.min.js?ver=3.29.2 HTTP/1.1" 200 15620 "-" "Mozilla/5.0 (Windows NT 10.0; Win64; x64; rv:133.0) Gecko/20100101 Firefox/133.0"
195.178.110.132 - - [01/Jan/2026:08:59:25 +0000] "GET /wp-content/plugins/revslider/public/js/sr7.js?ver=6.7.34 HTTP/1.1" 200 96126 "-" "Mozilla/5.0 (Windows NT 10.0; Win64; x64; rv:133.0) Gecko/20100101 Firefox/133.0"
195.178.110.132 - - [01/Jan/2026:08:59:25 +0000] "GET /wp-content/plugins/woocommerce/assets/js/selectWoo/selectWoo.full.min.js?ver=1.0.9-wc.9.9.5 HTTP/1.1" 200 22705 "-" "Mozilla/5.0 (Macintosh; Intel Mac OS X 10_15_7) AppleWebKit/537.36 (KHTML, like Gecko) Chrome/131.0.0.0 Safari/537.36"
195.178.110.132 - - [01/Jan/2026:08:59:25 +0000] "GET /wp-includes/js/hoverIntent.min.js?ver=1.10.2 HTTP/1.1" 200 704 "-" "Mozilla/5.0 (X11; Linux x86_64) AppleWebKit/537.36 (KHTML, like Gecko) Chrome/131.0.0.0 Safari/537.36"
195.178.110.132 - - [01/Jan/2026:08:59:25 +0000] "GET /wp-content/plugins/lastudio-element-kit/assets/js/lib/embla-carousel.umd.js HTTP/1.1" 200 6845 "-" "Mozilla/5.0 (Windows NT 10.0; Win64; x64; rv:133.0) Gecko/20100101 Firefox/133.0"
195.178.110.132 - - [01/Jan/2026:08:59:25 +0000] "GET /wp-content/plugins/woocommerce/assets/js/frontend/country-select.min.js?ver=9.9.5 HTTP/1.1" 200 1928 "-" "Mozilla/5.0 (Macintosh; Intel Mac OS X 10_15_7) AppleWebKit/537.36 (KHTML, like Gecko) Chrome/131.0.0.0 Safari/537.36"
195.178.110.132 - - [01/Jan/2026:08:59:25 +0000] "GET /wp-content/plugins/contact-form-7/includes/js/index.js?ver=6.1 HTTP/1.1" 200 5012 "-" "Mozilla/5.0 (Macintosh; Intel Mac OS X 10_15_7) AppleWebKit/537.36 (KHTML, like Gecko) Chrome/131.0.0.0 Safari/537.36"
195.178.110.132 - - [01/Jan/2026:08:59:25 +0000] "GET /wp-content/plugins/lastudio-element-kit/includes/modules/popup/assets/js/popup.min.js?ver=1.5.4.1 HTTP/1.1" 200 5480 "-" "Mozilla/5.0 (Windows NT 10.0; Win64; x64) AppleWebKit/537.36 (KHTML, like Gecko) Chrome/131.0.0.0 Safari/537.36"
195.178.110.132 - - [01/Jan/2026:08:59:25 +0000] "GET /wp-content/plugins/lastudio-element-kit/assets/js/lastudio-kit-base.min.js?ver=1.5.4.1 HTTP/1.1" 200 25827 "-" "Mozilla/5.0 (X11; Linux x86_64) AppleWebKit/537.36 (KHTML, like Gecko) Chrome/131.0.0.0 Safari/537.36"
195.178.110.132 - - [01/Jan/2026:08:59:25 +0000] "GET /wp-content/plugins/lastudio-element-kit/assets/js/lib/spritespin.min.js HTTP/1.1" 200 10235 "-" "Mozilla/5.0 (Windows NT 10.0; Win64; x64) AppleWebKit/537.36 (KHTML, like Gecko) Chrome/131.0.0.0 Safari/537.36"
195.178.110.132 - - [01/Jan/2026:08:59:25 +0000] "GET /wp-content/plugins/lastudio-element-kit/assets/js/lib/swiper.min.js HTTP/1.1" 200 40445 "-" "Mozilla/5.0 (Windows NT 10.0; Win64; x64) AppleWebKit/537.36 (KHTML, like Gecko) Chrome/131.0.0.0 Safari/537.36"
195.178.110.132 - - [01/Jan/2026:08:59:25 +0000] "GET /wp-content/themes/akali/assets/js/lib/featherlight.min.js?ver=1.0.2 HTTP/1.1" 200 4427 "-" "Mozilla/5.0 (Macintosh; Intel Mac OS X 10_15_7) AppleWebKit/537.36 (KHTML, like Gecko) Chrome/131.0.0.0 Safari/537.36"
