192.71.36.158 - - [31/Dec/2025:21:47:23 +0000] "GET /2024/05/15/invest-in-yourself-3/ HTTP/1.1" 200 66734 "-" "Mozilla/5.0 (Windows NT 10.0; Win64; x64; rv:123.0) Gecko/20100101 Firefox/123"
64.31.25.146 - - [31/Dec/2025:21:47:25 +0000] "GET /wp-content/uploads/2025/06/akali-m3-s7-post-a.jpg HTTP/1.1" 200 33327 "-" "-"
192.71.2.171 - - [31/Dec/2025:21:47:25 +0000] "GET /2024/05/15/make-luxury-accessible/ HTTP/1.1" 200 66719 "-" "Mozilla/5.0 (Windows NT 10.0; Win64; x64; rv:123.0) Gecko/20100101 Firefox/123"
192.71.36.158 - - [31/Dec/2025:21:47:26 +0000] "GET /2024/05/15/invest-in-yourself-2/ HTTP/1.1" 200 69162 "-" "Mozilla/5.0 (Windows NT 10.0; Win64; x64; rv:123.0) Gecko/20100101 Firefox/123"
64.31.25.146 - - [31/Dec/2025:21:49:24 +0000] "POST /wp-cron.php?doing_wp_cron=1767217764.7995550632476806640625 HTTP/1.1" 403 1242 "-" "WordPress/6.9; https://chill-x.co"
157.55.39.56 - - [31/Dec/2025:21:49:24 +0000] "GET /?_g=492655 HTTP/2" 200 57610 "-" "Mozilla/5.0 AppleWebKit/537.36 (KHTML, like Gecko; compatible; bingbot/2.0; +http://www.bing.com/bingbot.htm) Chrome/116.0.1938.76 Safari/537.36"
64.31.25.146 - - [31/Dec/2025:21:37:34 +0000] "GET /wp-content/uploads/2025/06/akali-m3-s7-post-b.jpg HTTP/1.1" 200 55008 "-" "-"
64.31.25.146 - - [31/Dec/2025:21:41:05 +0000] "POST /wp-cron.php?doing_wp_cron=1767217265.4593379497528076171875 HTTP/1.1" 403 1242 "-" "WordPress/6.9; https://chill-x.co"
40.77.167.76 - - [31/Dec/2025:21:41:02 +0000] "GET /?_g=746775 HTTP/2" 200 57609 "-" "Mozilla/5.0 AppleWebKit/537.36 (KHTML, like Gecko; compatible; bingbot/2.0; +http://www.bing.com/bingbot.htm) Chrome/116.0.1938.76 Safari/537.36"
64.31.25.146 - - [31/Dec/2025:21:42:42 +0000] "POST /wp-cron.php?doing_wp_cron=1767217362.2197721004486083984375 HTTP/1.1" 403 1242 "-" "WordPress/6.9; https://chill-x.co"
192.36.71.133 - - [31/Dec/2025:21:47:22 +0000] "GET / HTTP/1.1" 200 65851 "http://chill-x.co/" "Mozilla/5.0 (Windows NT 10.0; Win64; x64; rv:123.0) Gecko/20100101 Firefox/123"
64.31.25.146 - - [31/Dec/2025:21:47:27 +0000] "GET /wp-content/uploads/2025/06/akali-m5-s7-post-b.jpg HTTP/1.1" 200 35249 "-" "-"
52.167.144.161 - - [31/Dec/2025:21:47:27 +0000] "GET /?_g=104584 HTTP/2" 200 57613 "-" "Mozilla/5.0 AppleWebKit/537.36 (KHTML, like Gecko; compatible; bingbot/2.0; +http://www.bing.com/bingbot.htm) Chrome/116.0.1938.76 Safari/537.36"
64.31.25.146 - - [31/Dec/2025:21:56:38 +0000] "POST /wp-cron.php?doing_wp_cron=1767218198.4563899040222167968750 HTTP/1.1" 403 1242 "-" "WordPress/6.9; https://chill-x.co"
64.31.25.146 - - [31/Dec/2025:22:00:37 +0000] "POST /wp-cron.php?doing_wp_cron=1767218437.5493268966674804687500 HTTP/1.1" 403 1242 "-" "WordPress/6.9; https://chill-x.co"
157.55.39.10 - - [31/Dec/2025:22:00:36 +0000] "GET /?_g=907508 HTTP/2" 200 57610 "-" "Mozilla/5.0 AppleWebKit/537.36 (KHTML, like Gecko; compatible; bingbot/2.0; +http://www.bing.com/bingbot.htm) Chrome/116.0.1938.76 Safari/537.36"
64.31.25.146 - - [31/Dec/2025:22:02:03 +0000] "POST /wp-cron.php?doing_wp_cron=1767218523.0949289798736572265625 HTTP/1.1" 403 1242 "-" "WordPress/6.9; https://chill-x.co"
204.12.252.98 - - [31/Dec/2025:21:56:37 +0000] "GET /wp-includes/wpb459c2/edit.php HTTP/1.1" 404 49644 "https://chill-x.co/wp-includes/wpb459c2/edit.php" "Mozilla/5.0 (Windows NT 10.0; Win64; x64) AppleWebKit/537.36 (KHTML, like Gecko) Chrome/58.0.3029.110 Safari/537.3"
157.55.39.205 - - [31/Dec/2025:22:02:02 +0000] "GET /221655247.shtml HTTP/2" 404 49632 "-" "Mozilla/5.0 AppleWebKit/537.36 (KHTML, like Gecko; compatible; bingbot/2.0; +http://www.bing.com/bingbot.htm) Chrome/116.0.1938.76 Safari/537.36"
64.31.25.146 - - [31/Dec/2025:22:17:30 +0000] "POST /wp-cron.php?doing_wp_cron=1767219450.8307349681854248046875 HTTP/1.1" 403 1242 "-" "WordPress/6.9; https://chill-x.co"
157.55.39.60 - - [31/Dec/2025:22:17:27 +0000] "GET /?_g=1350948 HTTP/2" 200 57608 "-" "Mozilla/5.0 AppleWebKit/537.36 (KHTML, like Gecko; compatible; bingbot/2.0; +http://www.bing.com/bingbot.htm) Chrome/116.0.1938.76 Safari/537.36"
64.31.25.146 - - [31/Dec/2025:22:15:29 +0000] "POST /wp-cron.php?doing_wp_cron=1767219329.5253689289093017578125 HTTP/1.1" 403 1242 "-" "WordPress/6.9; https://chill-x.co"
40.77.167.156 - - [31/Dec/2025:22:15:26 +0000] "GET /?_g=559014 HTTP/2" 200 57613 "-" "Mozilla/5.0 AppleWebKit/537.36 (KHTML, like Gecko; compatible; bingbot/2.0; +http://www.bing.com/bingbot.htm) Chrome/116.0.1938.76 Safari/537.36"
64.31.25.146 - - [31/Dec/2025:22:09:55 +0000] "POST /wp-cron.php?doing_wp_cron=1767218995.1585359573364257812500 HTTP/1.1" 403 1242 "-" "WordPress/6.9; https://chill-x.co"
208.110.64.178 - - [31/Dec/2025:22:12:33 +0000] "GET /wp-includes/wpb459c2/edit.php HTTP/1.1" 404 49644 "https://chill-x.co/wp-includes/wpb459c2/edit.php" "Mozilla/5.0 (Windows NT 10.0; Win64; x64) AppleWebKit/537.36 (KHTML, like Gecko) Chrome/58.0.3029.110 Safari/537.3"
57.141.6.9 - - [31/Dec/2025:22:12:52 +0000] "GET /category/uncategorized/feed/ HTTP/2" 200 33783 "-" "meta-externalagent/1.1 (+https://developers.facebook.com/docs/sharing/webmasters/crawler)"
64.31.25.146 - - [31/Dec/2025:22:13:38 +0000] "POST /wp-cron.php?doing_wp_cron=1767219217.9913721084594726562500 HTTP/1.1" 403 1242 "-" "WordPress/6.9; https://chill-x.co"
157.55.39.60 - - [31/Dec/2025:22:13:37 +0000] "GET /565274666.shtml HTTP/2" 404 49630 "-" "Mozilla/5.0 AppleWebKit/537.36 (KHTML, like Gecko; compatible; bingbot/2.0; +http://www.bing.com/bingbot.htm) Chrome/116.0.1938.76 Safari/537.36"
157.55.39.192 - - [31/Dec/2025:22:09:52 +0000] "GET /?_g=412049 HTTP/2" 200 57609 "-" "Mozilla/5.0 AppleWebKit/537.36 (KHTML, like Gecko; compatible; bingbot/2.0; +http://www.bing.com/bingbot.htm) Chrome/116.0.1938.76 Safari/537.36"
64.31.25.146 - - [31/Dec/2025:22:11:23 +0000] "POST /wp-cron.php?doing_wp_cron=1767219083.2972900867462158203125 HTTP/1.1" 403 1242 "-" "WordPress/6.9; https://chill-x.co"
207.46.13.168 - - [31/Dec/2025:22:11:22 +0000] "GET /?_g=50039 HTTP/2" 200 57610 "-" "Mozilla/5.0 AppleWebKit/537.36 (KHTML, like Gecko; compatible; bingbot/2.0; +http://www.bing.com/bingbot.htm) Chrome/116.0.1938.76 Safari/537.36"
66.249.69.161 - - [31/Dec/2025:22:11:41 +0000] "GET /?_g=266887 HTTP/1.1" 200 57609 "-" "Mozilla/5.0 (Linux; Android 6.0.1; Nexus 5X Build/MMB29P) AppleWebKit/537.36 (KHTML, like Gecko) Chrome/141.0.7390.122 Mobile Safari/537.36 (compatible; Googlebot/2.1; +http://www.google.com/bot.html)"
207.46.13.168 - - [31/Dec/2025:22:11:52 +0000] "GET /?_g=871413 HTTP/2" 200 57613 "-" "Mozilla/5.0 AppleWebKit/537.36 (KHTML, like Gecko; compatible; bingbot/2.0; +http://www.bing.com/bingbot.htm) Chrome/116.0.1938.76 Safari/537.36"
64.31.25.146 - - [31/Dec/2025:22:12:33 +0000] "POST /wp-cron.php?doing_wp_cron=1767219153.5308609008789062500000 HTTP/1.1" 403 1242 "-" "WordPress/6.9; https://chill-x.co"
64.31.25.146 - - [31/Dec/2025:22:22:14 +0000] "POST /wp-cron.php?doing_wp_cron=1767219734.0243461132049560546875 HTTP/1.1" 403 1242 "-" "WordPress/6.9; https://chill-x.co"
207.46.13.168 - - [31/Dec/2025:22:22:13 +0000] "GET /420347796.shtml HTTP/2" 404 49632 "-" "Mozilla/5.0 AppleWebKit/537.36 (KHTML, like Gecko; compatible; bingbot/2.0; +http://www.bing.com/bingbot.htm) Chrome/116.0.1938.76 Safari/537.36"
207.46.13.168 - - [31/Dec/2025:22:22:14 +0000] "GET /?_g=720317 HTTP/2" 200 57610 "-" "Mozilla/5.0 AppleWebKit/537.36 (KHTML, like Gecko; compatible; bingbot/2.0; +http://www.bing.com/bingbot.htm) Chrome/116.0.1938.76 Safari/537.36"
207.46.13.168 - - [31/Dec/2025:22:27:14 +0000] "GET /?_g=1005045 HTTP/2" 200 57607 "-" "Mozilla/5.0 AppleWebKit/537.36 (KHTML, like Gecko; compatible; bingbot/2.0; +http://www.bing.com/bingbot.htm) Chrome/116.0.1938.76 Safari/537.36"
64.31.25.146 - - [31/Dec/2025:22:30:31 +0000] "POST /wp-cron.php?doing_wp_cron=1767220231.0152029991149902343750 HTTP/1.1" 403 1242 "-" "WordPress/6.9; https://chill-x.co"
64.31.25.146 - - [31/Dec/2025:22:31:35 +0000] "POST /wp-cron.php?doing_wp_cron=1767220295.3140029907226562500000 HTTP/1.1" 403 1242 "-" "WordPress/6.9; https://chill-x.co"
157.55.39.200 - - [31/Dec/2025:22:31:34 +0000] "GET /?_g=230890 HTTP/2" 200 57613 "-" "Mozilla/5.0 AppleWebKit/537.36 (KHTML, like Gecko; compatible; bingbot/2.0; +http://www.bing.com/bingbot.htm) Chrome/116.0.1938.76 Safari/537.36"
64.31.25.146 - - [31/Dec/2025:22:35:48 +0000] "POST /wp-cron.php?doing_wp_cron=1767220548.0117371082305908203125 HTTP/1.1" 403 1242 "-" "WordPress/6.9; https://chill-x.co"
64.31.25.146 - - [31/Dec/2025:22:38:06 +0000] "POST /wp-cron.php?doing_wp_cron=1767220686.8018050193786621093750 HTTP/1.1" 403 1242 "-" "WordPress/6.9; https://chill-x.co"
64.31.25.146 - - [31/Dec/2025:22:27:14 +0000] "POST /wp-cron.php?doing_wp_cron=1767220034.8427779674530029296875 HTTP/1.1" 403 1242 "-" "WordPress/6.9; https://chill-x.co"
157.55.39.200 - - [31/Dec/2025:22:28:01 +0000] "GET /?_g=913375 HTTP/2" 200 57612 "-" "Mozilla/5.0 AppleWebKit/537.36 (KHTML, like Gecko; compatible; bingbot/2.0; +http://www.bing.com/bingbot.htm) Chrome/116.0.1938.76 Safari/537.36"
134.209.76.216 - - [31/Dec/2025:22:30:30 +0000] "GET / HTTP/1.1" 200 65851 "-" "Mozilla/5.0 (X11; Linux x86_64) AppleWebKit/537.36 (KHTML, like Gecko) Chrome/55.0.2883.87 Safari/537.36"
204.12.252.98 - - [31/Dec/2025:22:35:47 +0000] "GET /wp-includes/wpb459c2/edit.php HTTP/1.1" 404 49642 "https://chill-x.co/wp-includes/wpb459c2/edit.php" "Mozilla/5.0 (Windows NT 10.0; Win64; x64) AppleWebKit/537.36 (KHTML, like Gecko) Chrome/58.0.3029.110 Safari/537.3"
207.46.13.168 - - [31/Dec/2025:22:38:06 +0000] "GET /?_g=1296157 HTTP/2" 200 57607 "-" "Mozilla/5.0 AppleWebKit/537.36 (KHTML, like Gecko; compatible; bingbot/2.0; +http://www.bing.com/bingbot.htm) Chrome/116.0.1938.76 Safari/537.36"
207.46.13.52 - - [31/Dec/2025:22:38:29 +0000] "GET /117630513.shtml HTTP/2" 404 49630 "-" "Mozilla/5.0 AppleWebKit/537.36 (KHTML, like Gecko; compatible; bingbot/2.0; +http://www.bing.com/bingbot.htm) Chrome/116.0.1938.76 Safari/537.36"
64.31.25.146 - - [31/Dec/2025:22:42:29 +0000] "POST /wp-cron.php?doing_wp_cron=1767220949.3959779739379882812500 HTTP/1.1" 403 1242 "-" "WordPress/6.9; https://chill-x.co"
52.167.144.142 - - [31/Dec/2025:22:42:28 +0000] "GET /?_g=751262 HTTP/2" 200 57612 "-" "Mozilla/5.0 AppleWebKit/537.36 (KHTML, like Gecko; compatible; bingbot/2.0; +http://www.bing.com/bingbot.htm) Chrome/116.0.1938.76 Safari/537.36"
64.31.25.146 - - [31/Dec/2025:22:46:46 +0000] "POST /wp-cron.php?doing_wp_cron=1767221206.0428180694580078125000 HTTP/1.1" 403 1242 "-" "WordPress/6.9; https://chill-x.co"
208.110.64.178 - - [31/Dec/2025:22:46:45 +0000] "GET /wp-includes/wpb459c2/edit.php HTTP/1.1" 404 49644 "https://chill-x.co/wp-includes/wpb459c2/edit.php" "Mozilla/5.0 (Windows NT 10.0; Win64; x64) AppleWebKit/537.36 (KHTML, like Gecko) Chrome/58.0.3029.110 Safari/537.3"
64.31.25.146 - - [31/Dec/2025:22:53:36 +0000] "POST /wp-cron.php?doing_wp_cron=1767221616.9745130538940429687500 HTTP/1.1" 403 1242 "-" "WordPress/6.9; https://chill-x.co"
64.31.25.146 - - [31/Dec/2025:22:54:46 +0000] "POST /wp-cron.php?doing_wp_cron=1767221686.5920929908752441406250 HTTP/1.1" 403 1242 "-" "WordPress/6.9; https://chill-x.co"
64.31.25.146 - - [31/Dec/2025:23:00:12 +0000] "POST /wp-cron.php?doing_wp_cron=1767222012.0101981163024902343750 HTTP/1.1" 403 1242 "-" "WordPress/6.9; https://chill-x.co"
157.55.39.60 - - [31/Dec/2025:23:00:11 +0000] "GET /553101714.shtml HTTP/2" 404 49631 "-" "Mozilla/5.0 AppleWebKit/537.36 (KHTML, like Gecko; compatible; bingbot/2.0; +http://www.bing.com/bingbot.htm) Chrome/116.0.1938.76 Safari/537.36"
64.31.25.146 - - [31/Dec/2025:22:50:41 +0000] "POST /wp-cron.php?doing_wp_cron=1767221441.6519279479980468750000 HTTP/1.1" 403 1242 "-" "WordPress/6.9; https://chill-x.co"
207.46.13.102 - - [31/Dec/2025:22:50:40 +0000] "GET /?_g=1166715 HTTP/2" 200 57609 "-" "Mozilla/5.0 AppleWebKit/537.36 (KHTML, like Gecko; compatible; bingbot/2.0; +http://www.bing.com/bingbot.htm) Chrome/116.0.1938.76 Safari/537.36"
207.46.13.151 - - [31/Dec/2025:22:51:38 +0000] "GET /?_g=549235 HTTP/2" 200 57613 "-" "Mozilla/5.0 AppleWebKit/537.36 (KHTML, like Gecko; compatible; bingbot/2.0; +http://www.bing.com/bingbot.htm) Chrome/116.0.1938.76 Safari/537.36"
207.46.13.83 - - [31/Dec/2025:22:53:36 +0000] "GET /?_g=1359196 HTTP/2" 200 57607 "-" "Mozilla/5.0 AppleWebKit/537.36 (KHTML, like Gecko; compatible; bingbot/2.0; +http://www.bing.com/bingbot.htm) Chrome/116.0.1938.76 Safari/537.36"
40.77.167.11 - - [31/Dec/2025:22:54:45 +0000] "GET /?_g=1078695 HTTP/2" 200 57607 "-" "Mozilla/5.0 AppleWebKit/537.36 (KHTML, like Gecko; compatible; bingbot/2.0; +http://www.bing.com/bingbot.htm) Chrome/116.0.1938.76 Safari/537.36"
64.31.25.146 - - [31/Dec/2025:22:57:31 +0000] "POST /wp-cron.php?doing_wp_cron=1767221851.0229649543762207031250 HTTP/1.1" 403 1242 "-" "WordPress/6.9; https://chill-x.co"
157.55.39.60 - - [31/Dec/2025:22:57:30 +0000] "GET /?_g=1224163 HTTP/2" 200 57607 "-" "Mozilla/5.0 AppleWebKit/537.36 (KHTML, like Gecko; compatible; bingbot/2.0; +http://www.bing.com/bingbot.htm) Chrome/116.0.1938.76 Safari/537.36"
64.31.25.146 - - [31/Dec/2025:23:01:25 +0000] "POST /wp-cron.php?doing_wp_cron=1767222085.2428150177001953125000 HTTP/1.1" 403 1242 "-" "WordPress/6.9; https://chill-x.co"
207.46.13.127 - - [31/Dec/2025:23:01:24 +0000] "GET /118453126.shtml HTTP/2" 404 49632 "-" "Mozilla/5.0 AppleWebKit/537.36 (KHTML, like Gecko; compatible; bingbot/2.0; +http://www.bing.com/bingbot.htm) Chrome/116.0.1938.76 Safari/537.36"
207.46.13.127 - - [31/Dec/2025:23:02:56 +0000] "GET /?_g=190887 HTTP/2" 200 57613 "-" "Mozilla/5.0 AppleWebKit/537.36 (KHTML, like Gecko; compatible; bingbot/2.0; +http://www.bing.com/bingbot.htm) Chrome/116.0.1938.76 Safari/537.36"
207.46.13.127 - - [31/Dec/2025:23:04:27 +0000] "GET /?_g=312092 HTTP/2" 200 57609 "-" "Mozilla/5.0 AppleWebKit/537.36 (KHTML, like Gecko; compatible; bingbot/2.0; +http://www.bing.com/bingbot.htm) Chrome/116.0.1938.76 Safari/537.36"
207.46.13.127 - - [31/Dec/2025:23:04:58 +0000] "GET /?_g=1171174 HTTP/2" 200 57608 "-" "Mozilla/5.0 AppleWebKit/537.36 (KHTML, like Gecko; compatible; bingbot/2.0; +http://www.bing.com/bingbot.htm) Chrome/116.0.1938.76 Safari/537.36"
40.77.167.76 - - [31/Dec/2025:23:08:12 +0000] "GET /?_g=330079 HTTP/2" 200 57609 "-" "Mozilla/5.0 AppleWebKit/537.36 (KHTML, like Gecko; compatible; bingbot/2.0; +http://www.bing.com/bingbot.htm) Chrome/116.0.1938.76 Safari/537.36"
64.31.25.146 - - [31/Dec/2025:23:02:56 +0000] "POST /wp-cron.php?doing_wp_cron=1767222176.8404779434204101562500 HTTP/1.1" 403 1242 "-" "WordPress/6.9; https://chill-x.co"
64.31.25.146 - - [31/Dec/2025:23:04:28 +0000] "POST /wp-cron.php?doing_wp_cron=1767222268.2627549171447753906250 HTTP/1.1" 403 1242 "-" "WordPress/6.9; https://chill-x.co"
40.77.167.76 - - [31/Dec/2025:23:05:12 +0000] "GET /?_g=1016846 HTTP/2" 200 57609 "-" "Mozilla/5.0 AppleWebKit/537.36 (KHTML, like Gecko; compatible; bingbot/2.0; +http://www.bing.com/bingbot.htm) Chrome/116.0.1938.76 Safari/537.36"
64.31.25.146 - - [31/Dec/2025:23:08:13 +0000] "POST /wp-cron.php?doing_wp_cron=1767222493.1988270282745361328125 HTTP/1.1" 403 1242 "-" "WordPress/6.9; https://chill-x.co"
64.31.25.146 - - [31/Dec/2025:23:11:04 +0000] "POST /wp-cron.php?doing_wp_cron=1767222664.4701750278472900390625 HTTP/1.1" 403 1242 "-" "WordPress/6.9; https://chill-x.co"
207.46.13.130 - - [31/Dec/2025:23:11:01 +0000] "GET /?_g=608066 HTTP/2" 200 57609 "-" "Mozilla/5.0 AppleWebKit/537.36 (KHTML, like Gecko; compatible; bingbot/2.0; +http://www.bing.com/bingbot.htm) Chrome/116.0.1938.76 Safari/537.36"
207.46.13.130 - - [31/Dec/2025:23:11:11 +0000] "GET /?_g=47300 HTTP/2" 200 57619 "-" "Mozilla/5.0 AppleWebKit/537.36 (KHTML, like Gecko; compatible; bingbot/2.0; +http://www.bing.com/bingbot.htm) Chrome/116.0.1938.76 Safari/537.36"
207.46.13.54 - - [31/Dec/2025:23:15:32 +0000] "GET /?_g=473353 HTTP/2" 200 57612 "-" "Mozilla/5.0 AppleWebKit/537.36 (KHTML, like Gecko; compatible; bingbot/2.0; +http://www.bing.com/bingbot.htm) Chrome/116.0.1938.76 Safari/537.36"
207.46.13.130 - - [31/Dec/2025:23:16:14 +0000] "GET /?_g=1162503 HTTP/2" 200 57609 "-" "Mozilla/5.0 AppleWebKit/537.36 (KHTML, like Gecko; compatible; bingbot/2.0; +http://www.bing.com/bingbot.htm) Chrome/116.0.1938.76 Safari/537.36"
64.31.25.146 - - [31/Dec/2025:23:12:35 +0000] "POST /wp-cron.php?doing_wp_cron=1767222755.8485970497131347656250 HTTP/1.1" 403 1242 "-" "WordPress/6.9; https://chill-x.co"
40.77.167.27 - - [31/Dec/2025:23:12:35 +0000] "GET /491615366.shtml HTTP/2" 404 49631 "-" "Mozilla/5.0 AppleWebKit/537.36 (KHTML, like Gecko; compatible; bingbot/2.0; +http://www.bing.com/bingbot.htm) Chrome/116.0.1938.76 Safari/537.36"
64.31.25.146 - - [31/Dec/2025:23:14:54 +0000] "POST /wp-cron.php?doing_wp_cron=1767222894.4218139648437500000000 HTTP/1.1" 403 1242 "-" "WordPress/6.9; https://chill-x.co"
40.77.167.61 - - [31/Dec/2025:23:14:53 +0000] "GET /?_g=410484 HTTP/2" 200 57612 "-" "Mozilla/5.0 AppleWebKit/537.36 (KHTML, like Gecko; compatible; bingbot/2.0; +http://www.bing.com/bingbot.htm) Chrome/116.0.1938.76 Safari/537.36"
64.31.25.146 - - [31/Dec/2025:23:16:15 +0000] "POST /wp-cron.php?doing_wp_cron=1767222975.0626540184020996093750 HTTP/1.1" 403 1242 "-" "WordPress/6.9; https://chill-x.co"
64.31.25.146 - - [31/Dec/2025:23:17:26 +0000] "POST /wp-cron.php?doing_wp_cron=1767223046.1918609142303466796875 HTTP/1.1" 403 1242 "-" "WordPress/6.9; https://chill-x.co"
207.46.13.130 - - [31/Dec/2025:23:17:25 +0000] "GET /?_g=1022159 HTTP/2" 200 57609 "-" "Mozilla/5.0 AppleWebKit/537.36 (KHTML, like Gecko; compatible; bingbot/2.0; +http://www.bing.com/bingbot.htm) Chrome/116.0.1938.76 Safari/537.36"
208.110.64.178 - - [31/Dec/2025:23:20:14 +0000] "GET /wp-includes/wpb459c2/edit.php HTTP/1.1" 404 49644 "https://chill-x.co/wp-includes/wpb459c2/edit.php" "Mozilla/5.0 (Windows NT 10.0; Win64; x64) AppleWebKit/537.36 (KHTML, like Gecko) Chrome/58.0.3029.110 Safari/537.3"
64.31.25.146 - - [31/Dec/2025:23:23:06 +0000] "POST /wp-cron.php?doing_wp_cron=1767223386.0641250610351562500000 HTTP/1.1" 403 1242 "-" "WordPress/6.9; https://chill-x.co"
204.12.252.98 - - [31/Dec/2025:23:23:05 +0000] "GET /wp-includes/wpb459c2/edit.php HTTP/1.1" 404 49644 "https://chill-x.co/wp-includes/wpb459c2/edit.php" "Mozilla/5.0 (Windows NT 10.0; Win64; x64) AppleWebKit/537.36 (KHTML, like Gecko) Chrome/58.0.3029.110 Safari/537.3"
40.77.167.61 - - [31/Dec/2025:23:24:03 +0000] "GET /378491960.shtml HTTP/2" 404 49630 "-" "Mozilla/5.0 AppleWebKit/537.36 (KHTML, like Gecko; compatible; bingbot/2.0; +http://www.bing.com/bingbot.htm) Chrome/116.0.1938.76 Safari/537.36"
64.31.25.146 - - [31/Dec/2025:23:25:44 +0000] "POST /wp-cron.php?doing_wp_cron=1767223544.4031419754028320312500 HTTP/1.1" 403 1242 "-" "WordPress/6.9; https://chill-x.co"
157.55.39.197 - - [31/Dec/2025:23:26:00 +0000] "GET /?_g=756098 HTTP/2" 200 57610 "-" "Mozilla/5.0 AppleWebKit/537.36 (KHTML, like Gecko; compatible; bingbot/2.0; +http://www.bing.com/bingbot.htm) Chrome/116.0.1938.76 Safari/537.36"
52.167.144.216 - - [31/Dec/2025:23:33:45 +0000] "GET /37234725.shtml HTTP/2" 404 49632 "-" "Mozilla/5.0 AppleWebKit/537.36 (KHTML, like Gecko; compatible; bingbot/2.0; +http://www.bing.com/bingbot.htm) Chrome/116.0.1938.76 Safari/537.36"
64.31.25.146 - - [31/Dec/2025:23:20:14 +0000] "POST /wp-cron.php?doing_wp_cron=1767223214.7097949981689453125000 HTTP/1.1" 403 1242 "-" "WordPress/6.9; https://chill-x.co"
52.167.144.216 - - [31/Dec/2025:23:25:43 +0000] "GET /?_g=356877 HTTP/2" 200 57610 "-" "Mozilla/5.0 AppleWebKit/537.36 (KHTML, like Gecko; compatible; bingbot/2.0; +http://www.bing.com/bingbot.htm) Chrome/116.0.1938.76 Safari/537.36"
40.77.167.77 - - [31/Dec/2025:23:26:14 +0000] "GET /502546451.shtml HTTP/2" 404 49630 "-" "Mozilla/5.0 AppleWebKit/537.36 (KHTML, like Gecko; compatible; bingbot/2.0; +http://www.bing.com/bingbot.htm) Chrome/116.0.1938.76 Safari/537.36"
64.31.25.146 - - [31/Dec/2025:23:33:45 +0000] "POST /wp-cron.php?doing_wp_cron=1767224025.6231091022491455078125 HTTP/1.1" 403 1242 "-" "WordPress/6.9; https://chill-x.co"
207.46.13.64 - - [31/Dec/2025:23:35:27 +0000] "GET /?_g=834222 HTTP/2" 200 57612 "-" "Mozilla/5.0 AppleWebKit/537.36 (KHTML, like Gecko; compatible; bingbot/2.0; +http://www.bing.com/bingbot.htm) Chrome/116.0.1938.76 Safari/537.36"
64.31.25.146 - - [31/Dec/2025:23:36:30 +0000] "POST /wp-cron.php?doing_wp_cron=1767224190.1627330780029296875000 HTTP/1.1" 403 1242 "-" "WordPress/6.9; https://chill-x.co"
157.55.39.9 - - [31/Dec/2025:23:36:29 +0000] "GET /?_g=277996 HTTP/2" 200 57613 "-" "Mozilla/5.0 AppleWebKit/537.36 (KHTML, like Gecko; compatible; bingbot/2.0; +http://www.bing.com/bingbot.htm) Chrome/116.0.1938.76 Safari/537.36"
54.205.96.250 - - [31/Dec/2025:23:45:00 +0000] "GET / HTTP/1.1" 200 65851 "-" "Mozilla/5.0 (Windows NT 6.1; WOW64; rv:50.0) Gecko/20100101 Firefox/50.0"
64.31.25.146 - - [31/Dec/2025:23:35:28 +0000] "POST /wp-cron.php?doing_wp_cron=1767224128.1132140159606933593750 HTTP/1.1" 403 1242 "-" "WordPress/6.9; https://chill-x.co"
64.31.25.146 - - [31/Dec/2025:23:40:56 +0000] "POST /wp-cron.php?doing_wp_cron=1767224456.5337450504302978515625 HTTP/1.1" 403 1242 "-" "WordPress/6.9; https://chill-x.co"
40.77.167.136 - - [31/Dec/2025:23:40:55 +0000] "GET /?_g=164805 HTTP/2" 200 57610 "-" "Mozilla/5.0 AppleWebKit/537.36 (KHTML, like Gecko; compatible; bingbot/2.0; +http://www.bing.com/bingbot.htm) Chrome/116.0.1938.76 Safari/537.36"
64.31.25.146 - - [31/Dec/2025:23:52:18 +0000] "POST /wp-cron.php?doing_wp_cron=1767225138.0826029777526855468750 HTTP/1.1" 403 1242 "-" "WordPress/6.9; https://chill-x.co"
40.77.167.235 - - [31/Dec/2025:23:52:17 +0000] "GET /?_g=42432 HTTP/2" 200 57619 "-" "Mozilla/5.0 AppleWebKit/537.36 (KHTML, like Gecko; compatible; bingbot/2.0; +http://www.bing.com/bingbot.htm) Chrome/116.0.1938.76 Safari/537.36"
66.249.87.67 - - [31/Dec/2025:23:54:01 +0000] "GET /?_g=375531 HTTP/1.1" 200 57613 "-" "Mozilla/5.0 (X11; Linux x86_64) AppleWebKit/537.36 (KHTML, like Gecko) Chrome/141.0.7390.122 Safari/537.36"
66.249.87.65 - - [31/Dec/2025:23:54:02 +0000] "GET /wp-content/plugins/woocommerce/assets/css/brands.css?ver=9.9.5 HTTP/1.1" 200 579 "https://chill-x.co/?_g=375531" "Mozilla/5.0 (X11; Linux x86_64) AppleWebKit/537.36 (KHTML, like Gecko) Chrome/141.0.7390.122 Safari/537.36"
66.249.87.67 - - [31/Dec/2025:23:54:02 +0000] "GET /wp-content/themes/akali/style.min.css?ver=1.0.2 HTTP/1.1" 200 25228 "https://chill-x.co/?_g=375531" "Mozilla/5.0 (X11; Linux x86_64) AppleWebKit/537.36 (KHTML, like Gecko) Chrome/141.0.7390.122 Safari/537.36"
66.249.87.67 - - [31/Dec/2025:23:54:02 +0000] "GET /wp-content/plugins/lastudio-element-kit/assets/css/lastudio-kit-base.min.css?ver=1.5.4.1 HTTP/1.1" 200 21857 "https://chill-x.co/?_g=375531" "Mozilla/5.0 (X11; Linux x86_64) AppleWebKit/537.36 (KHTML, like Gecko) Chrome/141.0.7390.122 Safari/537.36"
66.249.87.65 - - [31/Dec/2025:23:54:03 +0000] "GET /wp-content/plugins/elementor/assets/css/widget-divider.min.css?ver=3.29.2 HTTP/1.1" 200 705 "https://chill-x.co/?_g=375531" "Mozilla/5.0 (X11; Linux x86_64) AppleWebKit/537.36 (KHTML, like Gecko) Chrome/141.0.7390.122 Safari/537.36"
66.249.87.67 - - [31/Dec/2025:23:54:03 +0000] "GET /wp-content/uploads/elementor/css/post-9.css?ver=1762484931 HTTP/1.1" 200 962 "https://chill-x.co/?_g=375531" "Mozilla/5.0 (X11; Linux x86_64) AppleWebKit/537.36 (KHTML, like Gecko) Chrome/141.0.7390.122 Safari/537.36"
66.249.87.67 - - [31/Dec/2025:23:54:04 +0000] "GET /wp-content/plugins/elementor/assets/css/conditionals/shapes.min.css?ver=3.29.2 HTTP/1.1" 200 221 "https://chill-x.co/?_g=375531" "Mozilla/5.0 (X11; Linux x86_64) AppleWebKit/537.36 (KHTML, like Gecko) Chrome/141.0.7390.122 Safari/537.36"
66.249.87.65 - - [31/Dec/2025:23:54:04 +0000] "GET /wp-content/plugins/elementor/assets/css/widget-image.min.css?ver=3.29.2 HTTP/1.1" 200 119 "https://chill-x.co/?_g=375531" "Mozilla/5.0 (X11; Linux x86_64) AppleWebKit/537.36 (KHTML, like Gecko) Chrome/141.0.7390.122 Safari/537.36"
66.249.87.67 - - [31/Dec/2025:23:54:04 +0000] "GET /wp-content/plugins/woocommerce/assets/css/select2.css?ver=9.9.5 HTTP/1.1" 200 1737 "https://chill-x.co/?_g=375531" "Mozilla/5.0 (X11; Linux x86_64) AppleWebKit/537.36 (KHTML, like Gecko) Chrome/141.0.7390.122 Safari/537.36"
66.249.87.65 - - [31/Dec/2025:23:54:06 +0000] "GET /wp-content/plugins/elementor/assets/lib/animations/styles/e-animation-shrink.min.css?ver=3.29.2 HTTP/1.1" 200 95 "https://chill-x.co/?_g=375531" "Mozilla/5.0 (X11; Linux x86_64) AppleWebKit/537.36 (KHTML, like Gecko) Chrome/141.0.7390.122 Safari/537.36"
66.249.87.65 - - [31/Dec/2025:23:54:06 +0000] "GET /wp-content/plugins/elementor/assets/css/widget-heading.min.css?ver=3.29.2 HTTP/1.1" 200 154 "https://chill-x.co/?_g=375531" "Mozilla/5.0 (X11; Linux x86_64) AppleWebKit/537.36 (KHTML, like Gecko) Chrome/141.0.7390.122 Safari/537.36"
66.249.87.65 - - [31/Dec/2025:23:54:07 +0000] "GET /wp-content/plugins/elementor/assets/lib/swiper/v8/css/swiper.min.css?ver=8.4.5 HTTP/1.1" 200 4248 "https://chill-x.co/?_g=375531" "Mozilla/5.0 (X11; Linux x86_64) AppleWebKit/537.36 (KHTML, like Gecko) Chrome/141.0.7390.122 Safari/537.36"
66.249.87.65 - - [31/Dec/2025:23:54:07 +0000] "GET /wp-content/plugins/lastudio-element-kit/assets/css/addons/slides.min.css?ver=1.5.4.1 HTTP/1.1" 200 962 "https://chill-x.co/?_g=375531" "Mozilla/5.0 (X11; Linux x86_64) AppleWebKit/537.36 (KHTML, like Gecko) Chrome/141.0.7390.122 Safari/537.36"
138.246.253.24 - - [31/Dec/2025:23:53:38 +0000] "GET /robots.txt HTTP/1.1" 200 343 "-" "Mozilla/5.0 (Windows NT 10.0; Win64; x64) AppleWebKit/537.36 (KHTML, like Gecko) Chrome/103.0.5060.134 Safari/537.36"
64.31.25.146 - - [31/Dec/2025:23:54:02 +0000] "POST /wp-cron.php?doing_wp_cron=1767225242.3874399662017822265625 HTTP/1.1" 403 1242 "-" "WordPress/6.9; https://chill-x.co"
66.249.87.66 - - [31/Dec/2025:23:54:03 +0000] "GET /wp-content/uploads/elementor/css/custom-frontend.min.css?ver=1762484930 HTTP/1.1" 200 6487 "https://chill-x.co/?_g=375531" "Mozilla/5.0 (X11; Linux x86_64) AppleWebKit/537.36 (KHTML, like Gecko) Chrome/141.0.7390.122 Safari/537.36"
66.249.87.66 - - [31/Dec/2025:23:54:04 +0000] "GET /wp-content/plugins/lastudio-element-kit/assets/css/lastudio-kit-woocommerce.css?ver=1.5.4.1 HTTP/1.1" 200 7193 "https://chill-x.co/?_g=375531" "Mozilla/5.0 (X11; Linux x86_64) AppleWebKit/537.36 (KHTML, like Gecko) Chrome/141.0.7390.122 Safari/537.36"
66.249.87.66 - - [31/Dec/2025:23:54:05 +0000] "GET /wp-content/plugins/contact-form-7/includes/css/styles.css?ver=6.1 HTTP/1.1" 200 899 "https://chill-x.co/?_g=375531" "Mozilla/5.0 (X11; Linux x86_64) AppleWebKit/537.36 (KHTML, like Gecko) Chrome/141.0.7390.122 Safari/537.36"
66.249.87.66 - - [31/Dec/2025:23:54:05 +0000] "GET /wp-content/uploads/elementor/css/post-2026.css?ver=1762484934 HTTP/1.1" 200 930 "https://chill-x.co/?_g=375531" "Mozilla/5.0 (X11; Linux x86_64) AppleWebKit/537.36 (KHTML, like Gecko) Chrome/141.0.7390.122 Safari/537.36"
66.249.87.66 - - [31/Dec/2025:23:54:05 +0000] "GET /wp-content/plugins/elementor/assets/css/widget-spacer.min.css?ver=3.29.2 HTTP/1.1" 200 315 "https://chill-x.co/?_g=375531" "Mozilla/5.0 (X11; Linux x86_64) AppleWebKit/537.36 (KHTML, like Gecko) Chrome/141.0.7390.122 Safari/537.36"
66.249.87.66 - - [31/Dec/2025:23:54:05 +0000] "GET /wp-includes/js/jquery/jquery.min.js?ver=3.7.1 HTTP/1.1" 200 29744 "https://chill-x.co/?_g=375531" "Mozilla/5.0 (X11; Linux x86_64) AppleWebKit/537.36 (KHTML, like Gecko) Chrome/141.0.7390.122 Safari/537.36"
66.249.87.66 - - [31/Dec/2025:23:54:06 +0000] "GET /wp-content/plugins/lastudio-element-kit/assets/css/addons/n-tabs.min.css?ver=1.5.4.1 HTTP/1.1" 200 1910 "https://chill-x.co/?_g=375531" "Mozilla/5.0 (X11; Linux x86_64) AppleWebKit/537.36 (KHTML, like Gecko) Chrome/141.0.7390.122 Safari/537.36"
66.249.87.66 - - [31/Dec/2025:23:54:06 +0000] "GET /wp-content/plugins/elementor/assets/css/conditionals/e-swiper.min.css?ver=3.29.2 HTTP/1.1" 200 699 "https://chill-x.co/?_g=375531" "Mozilla/5.0 (X11; Linux x86_64) AppleWebKit/537.36 (KHTML, like Gecko) Chrome/141.0.7390.122 Safari/537.36"
66.249.87.66 - - [31/Dec/2025:23:54:07 +0000] "GET /wp-content/plugins/lastudio-element-kit/assets/css/addons/testimonials.min.css?ver=1.5.4.1 HTTP/1.1" 200 1399 "https://chill-x.co/?_g=375531" "Mozilla/5.0 (X11; Linux x86_64) AppleWebKit/537.36 (KHTML, like Gecko) Chrome/141.0.7390.122 Safari/537.36"
66.249.87.66 - - [31/Dec/2025:23:54:08 +0000] "GET /wp-includes/js/jquery/jquery-migrate.min.js?ver=3.4.1 HTTP/1.1" 200 4678 "https://chill-x.co/?_g=375531" "Mozilla/5.0 (X11; Linux x86_64) AppleWebKit/537.36 (KHTML, like Gecko) Chrome/141.0.7390.122 Safari/537.36"
66.249.87.66 - - [31/Dec/2025:23:54:09 +0000] "GET /wp-content/plugins/woocommerce/assets/client/blocks/wc-blocks.css?ver=wc-9.9.5 HTTP/1.1" 200 2356 "https://chill-x.co/?_g=375531" "Mozilla/5.0 (X11; Linux x86_64) AppleWebKit/537.36 (KHTML, like Gecko) Chrome/141.0.7390.122 Safari/537.36"
66.249.87.66 - - [31/Dec/2025:23:54:09 +0000] "GET /wp-content/plugins/lastudio-element-kit/includes/modules/popup/assets/css/popup.min.css?ver=1.5.4.1 HTTP/1.1" 200 325 "https://chill-x.co/?_g=375531" "Mozilla/5.0 (X11; Linux x86_64) AppleWebKit/537.36 (KHTML, like Gecko) Chrome/141.0.7390.122 Safari/537.36"
66.249.87.65 - - [31/Dec/2025:23:54:17 +0000] "GET /wp-content/plugins/elementor/assets/js/webpack.runtime.min.js?ver=3.29.2 HTTP/1.1" 200 3055 "https://chill-x.co/?_g=375531" "Mozilla/5.0 (X11; Linux x86_64) AppleWebKit/537.36 (KHTML, like Gecko) Chrome/141.0.7390.122 Safari/537.36"
66.249.87.65 - - [31/Dec/2025:23:54:17 +0000] "GET /wp-includes/js/jquery/ui/core.min.js?ver=1.13.3 HTTP/1.1" 200 6812 "https://chill-x.co/?_g=375531" "Mozilla/5.0 (X11; Linux x86_64) AppleWebKit/537.36 (KHTML, like Gecko) Chrome/141.0.7390.122 Safari/537.36"
66.249.87.65 - - [31/Dec/2025:23:54:17 +0000] "GET /wp-content/themes/akali/assets/js/lib/woocommerce.min.js?ver=1.0.2 HTTP/1.1" 200 8826 "https://chill-x.co/?_g=375531" "Mozilla/5.0 (X11; Linux x86_64) AppleWebKit/537.36 (KHTML, like Gecko) Chrome/141.0.7390.122 Safari/537.36"
66.249.87.65 - - [31/Dec/2025:23:54:18 +0000] "GET /wp-content/plugins/elementor/assets/js/frontend.min.js?ver=3.29.2 HTTP/1.1" 200 10971 "https://chill-x.co/?_g=375531" "Mozilla/5.0 (X11; Linux x86_64) AppleWebKit/537.36 (KHTML, like Gecko) Chrome/141.0.7390.122 Safari/537.36"
66.249.87.65 - - [31/Dec/2025:23:54:18 +0000] "GET /wp-content/themes/akali/assets/js/app.min.js?ver=1.0.2 HTTP/1.1" 200 10846 "https://chill-x.co/?_g=375531" "Mozilla/5.0 (X11; Linux x86_64) AppleWebKit/537.36 (KHTML, like Gecko) Chrome/141.0.7390.122 Safari/537.36"
66.249.87.65 - - [31/Dec/2025:23:54:18 +0000] "GET /wp-includes/js/hoverIntent.min.js?ver=1.10.2 HTTP/1.1" 200 668 "https://chill-x.co/?_g=375531" "Mozilla/5.0 (X11; Linux x86_64) AppleWebKit/537.36 (KHTML, like Gecko) Chrome/141.0.7390.122 Safari/537.36"
66.249.87.65 - - [31/Dec/2025:23:54:18 +0000] "GET /wp-content/plugins/lastudio-element-kit/assets/js/addons/motion-fx.min.js?ver=1.5.4.1 HTTP/1.1" 200 6101 "https://chill-x.co/?_g=375531" "Mozilla/5.0 (X11; Linux x86_64) AppleWebKit/537.36 (KHTML, like Gecko) Chrome/141.0.7390.122 Safari/537.36"
66.249.87.65 - - [31/Dec/2025:23:54:19 +0000] "GET /wp-content/plugins/woocommerce/assets/js/frontend/order-attribution.min.js?ver=9.9.5 HTTP/1.1" 200 1738 "https://chill-x.co/?_g=375531" "Mozilla/5.0 (X11; Linux x86_64) AppleWebKit/537.36 (KHTML, like Gecko) Chrome/141.0.7390.122 Safari/537.36"
66.249.87.65 - - [31/Dec/2025:23:54:19 +0000] "GET /wp-content/plugins/lastudio-element-kit/includes/modules/popup/assets/js/popup.min.js?ver=1.5.4.1 HTTP/1.1" 200 5203 "https://chill-x.co/?_g=375531" "Mozilla/5.0 (X11; Linux x86_64) AppleWebKit/537.36 (KHTML, like Gecko) Chrome/141.0.7390.122 Safari/537.36"
66.249.87.65 - - [31/Dec/2025:23:54:19 +0000] "GET /wp-content/plugins/woocommerce/assets/js/frontend/add-to-cart.min.js?ver=9.9.5 HTTP/1.1" 200 1978 "https://chill-x.co/?_g=375531" "Mozilla/5.0 (X11; Linux x86_64) AppleWebKit/537.36 (KHTML, like Gecko) Chrome/141.0.7390.122 Safari/537.36"
66.249.87.65 - - [31/Dec/2025:23:54:20 +0000] "GET /wp-content/plugins/revslider/public/js/libs/tptools.js?ver=6.7.34 HTTP/1.1" 200 73607 "https://chill-x.co/?_g=375531" "Mozilla/5.0 (X11; Linux x86_64) AppleWebKit/537.36 (KHTML, like Gecko) Chrome/141.0.7390.122 Safari/537.36"
66.249.87.65 - - [31/Dec/2025:23:54:20 +0000] "GET /wp-content/plugins/woocommerce/assets/js/frontend/woocommerce.min.js?ver=9.9.5 HTTP/1.1" 200 2016 "https://chill-x.co/?_g=375531" "Mozilla/5.0 (X11; Linux x86_64) AppleWebKit/537.36 (KHTML, like Gecko) Chrome/141.0.7390.122 Safari/537.36"
66.249.87.65 - - [31/Dec/2025:23:54:20 +0000] "GET /wp-content/plugins/revslider/public/js/sr7.js?ver=6.7.34 HTTP/1.1" 200 92043 "https://chill-x.co/?_g=375531" "Mozilla/5.0 (X11; Linux x86_64) AppleWebKit/537.36 (KHTML, like Gecko) Chrome/141.0.7390.122 Safari/537.36"
66.249.87.65 - - [31/Dec/2025:23:54:20 +0000] "GET /wp-content/plugins/woocommerce/assets/js/frontend/cart-fragments.min.js?ver=9.9.5 HTTP/1.1" 200 1670 "https://chill-x.co/?_g=375531" "Mozilla/5.0 (X11; Linux x86_64) AppleWebKit/537.36 (KHTML, like Gecko) Chrome/141.0.7390.122 Safari/537.36"
66.249.87.65 - - [31/Dec/2025:23:54:08 +0000] "GET /wp-content/uploads/elementor/css/post-189.css?ver=1762484933 HTTP/1.1" 200 1600 "https://chill-x.co/?_g=375531" "Mozilla/5.0 (X11; Linux x86_64) AppleWebKit/537.36 (KHTML, like Gecko) Chrome/141.0.7390.122 Safari/537.36"
66.249.87.65 - - [31/Dec/2025:23:54:08 +0000] "GET /wp-content/plugins/woocommerce/assets/js/js-cookie/js.cookie.min.js?ver=2.1.4-wc.9.9.5 HTTP/1.1" 200 1494 "https://chill-x.co/?_g=375531" "Mozilla/5.0 (X11; Linux x86_64) AppleWebKit/537.36 (KHTML, like Gecko) Chrome/141.0.7390.122 Safari/537.36"
66.249.87.65 - - [31/Dec/2025:23:54:08 +0000] "GET /wp-content/plugins/elementor/assets/css/widget-social-icons.min.css?ver=3.29.2 HTTP/1.1" 200 1069 "https://chill-x.co/?_g=375531" "Mozilla/5.0 (X11; Linux x86_64) AppleWebKit/537.36 (KHTML, like Gecko) Chrome/141.0.7390.122 Safari/537.36"
66.249.87.65 - - [31/Dec/2025:23:54:09 +0000] "GET /wp-content/uploads/2025/06/akali-m1-s7-bg-a.jpg HTTP/1.1" 200 39991 "https://chill-x.co/?_g=375531" "Mozilla/5.0 (X11; Linux x86_64) AppleWebKit/537.36 (KHTML, like Gecko) Chrome/141.0.7390.122 Safari/537.36"
66.249.87.65 - - [31/Dec/2025:23:54:10 +0000] "GET /wp-content/uploads/2024/04/LOGO3-01.svg HTTP/1.1" 200 1055 "https://chill-x.co/?_g=375531" "Mozilla/5.0 (X11; Linux x86_64) AppleWebKit/537.36 (KHTML, like Gecko) Chrome/141.0.7390.122 Safari/537.36"
66.249.87.65 - - [31/Dec/2025:23:54:10 +0000] "GET /wp-content/uploads/2024/04/LOGO3TRANS-01.svg HTTP/1.1" 200 1068 "https://chill-x.co/?_g=375531" "Mozilla/5.0 (X11; Linux x86_64) AppleWebKit/537.36 (KHTML, like Gecko) Chrome/141.0.7390.122 Safari/537.36"
66.249.87.65 - - [31/Dec/2025:23:54:10 +0000] "GET /wp-content/uploads/elementor/css/custom-apple-webkit.min.css?ver=1762484930 HTTP/1.1" 200 472 "https://chill-x.co/?_g=375531" "Mozilla/5.0 (X11; Linux x86_64) AppleWebKit/537.36 (KHTML, like Gecko) Chrome/141.0.7390.122 Safari/537.36"
66.249.87.65 - - [31/Dec/2025:23:54:10 +0000] "GET /wp-content/plugins/contact-form-7/includes/swv/js/index.js?ver=6.1 HTTP/1.1" 200 4105 "https://chill-x.co/?_g=375531" "Mozilla/5.0 (X11; Linux x86_64) AppleWebKit/537.36 (KHTML, like Gecko) Chrome/141.0.7390.122 Safari/537.36"
66.249.87.65 - - [31/Dec/2025:23:54:11 +0000] "GET /wp-content/plugins/contact-form-7/includes/js/index.js?ver=6.1 HTTP/1.1" 200 4745 "https://chill-x.co/?_g=375531" "Mozilla/5.0 (X11; Linux x86_64) AppleWebKit/537.36 (KHTML, like Gecko) Chrome/141.0.7390.122 Safari/537.36"
66.249.87.65 - - [31/Dec/2025:23:54:11 +0000] "GET /wp-content/plugins/lastudio-element-kit/assets/css/addons/posts.min.css?ver=1.5.4.1 HTTP/1.1" 200 1447 "https://chill-x.co/?_g=375531" "Mozilla/5.0 (X11; Linux x86_64) AppleWebKit/537.36 (KHTML, like Gecko) Chrome/141.0.7390.122 Safari/537.36"
66.249.87.65 - - [31/Dec/2025:23:54:11 +0000] "GET /wp-content/plugins/lastudio-element-kit/assets/css/addons/subscribe-form.css?ver=1.5.4.1 HTTP/1.1" 200 554 "https://chill-x.co/?_g=375531" "Mozilla/5.0 (X11; Linux x86_64) AppleWebKit/537.36 (KHTML, like Gecko) Chrome/141.0.7390.122 Safari/537.36"
66.249.87.65 - - [31/Dec/2025:23:54:11 +0000] "GET /wp-content/plugins/elementor/assets/lib/animations/styles/fadeInUp.min.css?ver=3.29.2 HTTP/1.1" 200 130 "https://chill-x.co/?_g=375531" "Mozilla/5.0 (X11; Linux x86_64) AppleWebKit/537.36 (KHTML, like Gecko) Chrome/141.0.7390.122 Safari/537.36"
66.249.87.65 - - [31/Dec/2025:23:54:21 +0000] "GET /wp-content/plugins/lastudio-element-kit/assets/js/addons/n-tabs.min.js?ver=1.5.4.1 HTTP/1.1" 200 2948 "https://chill-x.co/?_g=375531" "Mozilla/5.0 (X11; Linux x86_64) AppleWebKit/537.36 (KHTML, like Gecko) Chrome/141.0.7390.122 Safari/537.36"
66.249.87.65 - - [31/Dec/2025:23:54:21 +0000] "GET /wp-content/plugins/woocommerce/assets/js/selectWoo/selectWoo.full.min.js?ver=1.0.9-wc.9.9.5 HTTP/1.1" 200 21232 "https://chill-x.co/?_g=375531" "Mozilla/5.0 (X11; Linux x86_64) AppleWebKit/537.36 (KHTML, like Gecko) Chrome/141.0.7390.122 Safari/537.36"
66.249.87.65 - - [31/Dec/2025:23:54:21 +0000] "GET /wp-content/plugins/lastudio-element-kit/assets/js/lastudio-kit-base.min.js?ver=1.5.4.1 HTTP/1.1" 200 24434 "https://chill-x.co/?_g=375531" "Mozilla/5.0 (X11; Linux x86_64) AppleWebKit/537.36 (KHTML, like Gecko) Chrome/141.0.7390.122 Safari/537.36"
66.249.87.65 - - [31/Dec/2025:23:54:22 +0000] "GET /wp-content/themes/akali/assets/js/lib/featherlight.min.js?ver=1.0.2 HTTP/1.1" 200 4191 "https://chill-x.co/?_g=375531" "Mozilla/5.0 (X11; Linux x86_64) AppleWebKit/537.36 (KHTML, like Gecko) Chrome/141.0.7390.122 Safari/537.36"
66.249.87.65 - - [31/Dec/2025:23:54:22 +0000] "GET /wp-content/plugins/lastudio-element-kit/assets/js/lib/jquery.sticky.min.js?ver=1.5.4.1 HTTP/1.1" 200 2020 "https://chill-x.co/?_g=375531" "Mozilla/5.0 (X11; Linux x86_64) AppleWebKit/537.36 (KHTML, like Gecko) Chrome/141.0.7390.122 Safari/537.36"
66.249.87.65 - - [31/Dec/2025:23:54:22 +0000] "GET /wp-content/plugins/woocommerce/assets/js/jquery-blockui/jquery.blockUI.min.js?ver=2.7.0-wc.9.9.5 HTTP/1.1" 200 4029 "https://chill-x.co/?_g=375531" "Mozilla/5.0 (X11; Linux x86_64) AppleWebKit/537.36 (KHTML, like Gecko) Chrome/141.0.7390.122 Safari/537.36"
66.249.87.65 - - [31/Dec/2025:23:54:22 +0000] "GET /wp-content/uploads/2025/06/akali-svg-asterisk.svg HTTP/1.1" 200 352 "https://chill-x.co/?_g=375531" "Mozilla/5.0 (X11; Linux x86_64) AppleWebKit/537.36 (KHTML, like Gecko) Chrome/141.0.7390.122 Safari/537.36"
64.31.25.146 - - [31/Dec/2025:23:56:11 +0000] "POST /wp-cron.php?doing_wp_cron=1767225371.0038249492645263671875 HTTP/1.1" 403 1242 "-" "WordPress/6.9; https://chill-x.co"
64.31.25.146 - - [31/Dec/2025:23:58:04 +0000] "POST /wp-cron.php?doing_wp_cron=1767225484.8894910812377929687500 HTTP/1.1" 403 1242 "-" "WordPress/6.9; https://chill-x.co"
207.46.13.83 - - [31/Dec/2025:23:58:02 +0000] "GET /?_g=971355 HTTP/2" 200 57613 "-" "Mozilla/5.0 AppleWebKit/537.36 (KHTML, like Gecko; compatible; bingbot/2.0; +http://www.bing.com/bingbot.htm) Chrome/116.0.1938.76 Safari/537.36"
64.31.25.146 - - [01/Jan/2026:00:01:43 +0000] "POST /wp-cron.php?doing_wp_cron=1767225703.9473810195922851562500 HTTP/1.1" 403 1242 "-" "WordPress/6.9; https://chill-x.co"
207.46.13.168 - - [01/Jan/2026:00:02:47 +0000] "GET /?_g=411742 HTTP/2" 200 57611 "-" "Mozilla/5.0 AppleWebKit/537.36 (KHTML, like Gecko; compatible; bingbot/2.0; +http://www.bing.com/bingbot.htm) Chrome/116.0.1938.76 Safari/537.36"
207.46.13.78 - - [01/Jan/2026:00:03:27 +0000] "GET /?_g=983744 HTTP/2" 200 57610 "-" "Mozilla/5.0 AppleWebKit/537.36 (KHTML, like Gecko; compatible; bingbot/2.0; +http://www.bing.com/bingbot.htm) Chrome/116.0.1938.76 Safari/537.36"
64.31.25.146 - - [01/Jan/2026:00:05:40 +0000] "POST /wp-cron.php?doing_wp_cron=1767225940.2243309020996093750000 HTTP/1.1" 403 1242 "-" "WordPress/6.9; https://chill-x.co"
66.249.69.161 - - [01/Jan/2026:00:05:55 +0000] "GET /?_g=230239 HTTP/1.1" 200 57621 "-" "Mozilla/5.0 (Linux; Android 6.0.1; Nexus 5X Build/MMB29P) AppleWebKit/537.36 (KHTML, like Gecko) Chrome/141.0.7390.122 Mobile Safari/537.36 (compatible; Googlebot/2.1; +http://www.google.com/bot.html)"
66.249.69.161 - - [01/Jan/2026:00:05:58 +0000] "GET /?_g=1207072 HTTP/1.1" 200 57607 "-" "Mozilla/5.0 (Linux; Android 6.0.1; Nexus 5X Build/MMB29P) AppleWebKit/537.36 (KHTML, like Gecko) Chrome/141.0.7390.122 Mobile Safari/537.36 (compatible; Googlebot/2.1; +http://www.google.com/bot.html)"
204.12.252.98 - - [01/Jan/2026:00:06:16 +0000] "GET /wp-includes/wpb459c2/edit.php HTTP/1.1" 404 49647 "https://chill-x.co/wp-includes/wpb459c2/edit.php" "Mozilla/5.0 (Windows NT 10.0; Win64; x64) AppleWebKit/537.36 (KHTML, like Gecko) Chrome/58.0.3029.110 Safari/537.3"
66.249.69.161 - - [01/Jan/2026:00:06:24 +0000] "GET /?_g=1001430 HTTP/1.1" 200 57604 "-" "Mozilla/5.0 (Linux; Android 6.0.1; Nexus 5X Build/MMB29P) AppleWebKit/537.36 (KHTML, like Gecko) Chrome/141.0.7390.122 Mobile Safari/537.36 (compatible; Googlebot/2.1; +http://www.google.com/bot.html)"
66.249.69.161 - - [01/Jan/2026:00:06:32 +0000] "GET /?_g=341543 HTTP/1.1" 200 57609 "-" "Mozilla/5.0 (Linux; Android 6.0.1; Nexus 5X Build/MMB29P) AppleWebKit/537.36 (KHTML, like Gecko) Chrome/141.0.7390.122 Mobile Safari/537.36 (compatible; Googlebot/2.1; +http://www.google.com/bot.html)"
66.249.69.161 - - [01/Jan/2026:00:06:37 +0000] "GET /?_g=506897 HTTP/1.1" 200 57622 "-" "Mozilla/5.0 (Linux; Android 6.0.1; Nexus 5X Build/MMB29P) AppleWebKit/537.36 (KHTML, like Gecko) Chrome/141.0.7390.122 Mobile Safari/537.36 (compatible; Googlebot/2.1; +http://www.google.com/bot.html)"
64.31.25.146 - - [01/Jan/2026:00:07:12 +0000] "POST /wp-cron.php?doing_wp_cron=1767226032.0682990550994873046875 HTTP/1.1" 403 1242 "-" "WordPress/6.9; https://chill-x.co"
66.249.69.161 - - [01/Jan/2026:00:07:11 +0000] "GET /?_g=672705 HTTP/1.1" 200 57621 "-" "Mozilla/5.0 (Linux; Android 6.0.1; Nexus 5X Build/MMB29P) AppleWebKit/537.36 (KHTML, like Gecko) Chrome/141.0.7390.122 Mobile Safari/537.36 (compatible; Googlebot/2.1; +http://www.google.com/bot.html)"
66.249.69.161 - - [01/Jan/2026:00:07:52 +0000] "GET /?_g=1280076 HTTP/1.1" 200 57606 "-" "Mozilla/5.0 (Linux; Android 6.0.1; Nexus 5X Build/MMB29P) AppleWebKit/537.36 (KHTML, like Gecko) Chrome/141.0.7390.122 Mobile Safari/537.36 (compatible; Googlebot/2.1; +http://www.google.com/bot.html)"
66.249.69.163 - - [01/Jan/2026:00:05:37 +0000] "GET /robots.txt HTTP/1.1" 200 101 "-" "Mozilla/5.0 (compatible; Googlebot/2.1; +http://www.google.com/bot.html)"
66.249.69.163 - - [01/Jan/2026:00:05:37 +0000] "GET /?_g=1381949 HTTP/1.1" 200 57606 "-" "Mozilla/5.0 (Linux; Android 6.0.1; Nexus 5X Build/MMB29P) AppleWebKit/537.36 (KHTML, like Gecko) Chrome/141.0.7390.122 Mobile Safari/537.36 (compatible; Googlebot/2.1; +http://www.google.com/bot.html)"
66.249.69.162 - - [01/Jan/2026:00:05:43 +0000] "GET /wp-content/plugins/woocommerce/assets/js/sourcebuster/sourcebuster.min.js?ver=9.9.5 HTTP/1.1" 200 5309 "https://chill-x.co/?_g=1381949" "Mozilla/5.0 (Linux; Android 6.0.1; Nexus 5X Build/MMB29P) AppleWebKit/537.36 (KHTML, like Gecko) Chrome/141.0.7390.122 Mobile Safari/537.36 (compatible; Googlebot/2.1; +http://www.google.com/bot.html)"
66.249.69.161 - - [01/Jan/2026:00:06:04 +0000] "GET /?_g=427834 HTTP/1.1" 200 57608 "-" "Mozilla/5.0 (Linux; Android 6.0.1; Nexus 5X Build/MMB29P) AppleWebKit/537.36 (KHTML, like Gecko) Chrome/141.0.7390.122 Mobile Safari/537.36 (compatible; Googlebot/2.1; +http://www.google.com/bot.html)"
207.46.13.83 - - [31/Dec/2025:23:56:10 +0000] "GET /451626912.shtml HTTP/2" 404 49630 "-" "Mozilla/5.0 AppleWebKit/537.36 (KHTML, like Gecko; compatible; bingbot/2.0; +http://www.bing.com/bingbot.htm) Chrome/116.0.1938.76 Safari/537.36"
207.46.13.83 - - [31/Dec/2025:23:56:12 +0000] "GET /?_g=1402527 HTTP/2" 200 57607 "-" "Mozilla/5.0 AppleWebKit/537.36 (KHTML, like Gecko; compatible; bingbot/2.0; +http://www.bing.com/bingbot.htm) Chrome/116.0.1938.76 Safari/537.36"
207.46.13.52 - - [01/Jan/2026:00:01:43 +0000] "GET /?_g=451360 HTTP/2" 200 57613 "-" "Mozilla/5.0 AppleWebKit/537.36 (KHTML, like Gecko; compatible; bingbot/2.0; +http://www.bing.com/bingbot.htm) Chrome/116.0.1938.76 Safari/537.36"
64.31.25.146 - - [01/Jan/2026:00:02:48 +0000] "POST /wp-cron.php?doing_wp_cron=1767225767.9931240081787109375000 HTTP/1.1" 403 1242 "-" "WordPress/6.9; https://chill-x.co"
207.46.13.83 - - [01/Jan/2026:00:03:06 +0000] "GET /?_g=670728 HTTP/2" 200 57610 "-" "Mozilla/5.0 AppleWebKit/537.36 (KHTML, like Gecko; compatible; bingbot/2.0; +http://www.bing.com/bingbot.htm) Chrome/116.0.1938.76 Safari/537.36"
66.249.69.163 - - [01/Jan/2026:00:08:39 +0000] "GET /?_g=1271073 HTTP/1.1" 200 57606 "-" "Mozilla/5.0 (Linux; Android 6.0.1; Nexus 5X Build/MMB29P) AppleWebKit/537.36 (KHTML, like Gecko) Chrome/141.0.7390.122 Mobile Safari/537.36 (compatible; Googlebot/2.1; +http://www.google.com/bot.html)"
66.249.69.163 - - [01/Jan/2026:00:08:41 +0000] "GET /?_g=675781 HTTP/1.1" 200 57610 "-" "Mozilla/5.0 (Linux; Android 6.0.1; Nexus 5X Build/MMB29P) AppleWebKit/537.36 (KHTML, like Gecko) Chrome/141.0.7390.122 Mobile Safari/537.36 (compatible; Googlebot/2.1; +http://www.google.com/bot.html)"
66.249.69.161 - - [01/Jan/2026:00:08:43 +0000] "GET /wp-content/uploads/2024/04/LOGO3TRANS-01.svg HTTP/1.1" 200 1068 "https://chill-x.co/?_g=1271073" "Mozilla/5.0 (Linux; Android 6.0.1; Nexus 5X Build/MMB29P) AppleWebKit/537.36 (KHTML, like Gecko) Chrome/141.0.7390.122 Mobile Safari/537.36 (compatible; Googlebot/2.1; +http://www.google.com/bot.html)"
207.46.13.52 - - [01/Jan/2026:00:08:43 +0000] "GET /?_g=451990 HTTP/2" 200 57613 "-" "Mozilla/5.0 AppleWebKit/537.36 (KHTML, like Gecko; compatible; bingbot/2.0; +http://www.bing.com/bingbot.htm) Chrome/116.0.1938.76 Safari/537.36"
66.249.69.162 - - [01/Jan/2026:00:09:25 +0000] "GET /?_g=1315179 HTTP/1.1" 200 57606 "-" "Mozilla/5.0 (Linux; Android 6.0.1; Nexus 5X Build/MMB29P) AppleWebKit/537.36 (KHTML, like Gecko) Chrome/141.0.7390.122 Mobile Safari/537.36 (compatible; Googlebot/2.1; +http://www.google.com/bot.html)"
66.249.69.161 - - [01/Jan/2026:00:09:47 +0000] "GET /?_g=1304135 HTTP/1.1" 200 57605 "-" "Mozilla/5.0 (Linux; Android 6.0.1; Nexus 5X Build/MMB29P) AppleWebKit/537.36 (KHTML, like Gecko) Chrome/141.0.7390.122 Mobile Safari/537.36 (compatible; Googlebot/2.1; +http://www.google.com/bot.html)"
66.249.69.162 - - [01/Jan/2026:00:10:41 +0000] "GET /?_g=1312192 HTTP/1.1" 200 57606 "-" "Mozilla/5.0 (Linux; Android 6.0.1; Nexus 5X Build/MMB29P) AppleWebKit/537.36 (KHTML, like Gecko) Chrome/141.0.7390.122 Mobile Safari/537.36 (compatible; Googlebot/2.1; +http://www.google.com/bot.html)"
64.31.25.146 - - [01/Jan/2026:00:08:40 +0000] "POST /wp-cron.php?doing_wp_cron=1767226120.6482720375061035156250 HTTP/1.1" 403 1242 "-" "WordPress/6.9; https://chill-x.co"
66.249.69.163 - - [01/Jan/2026:00:09:16 +0000] "GET /?_g=1046421 HTTP/1.1" 200 57605 "-" "Mozilla/5.0 (Linux; Android 6.0.1; Nexus 5X Build/MMB29P) AppleWebKit/537.36 (KHTML, like Gecko) Chrome/141.0.7390.122 Mobile Safari/537.36 (compatible; Googlebot/2.1; +http://www.google.com/bot.html)"
64.31.25.146 - - [01/Jan/2026:00:09:48 +0000] "POST /wp-cron.php?doing_wp_cron=1767226188.1201789379119873046875 HTTP/1.1" 403 1242 "-" "WordPress/6.9; https://chill-x.co"
66.249.69.161 - - [01/Jan/2026:00:10:00 +0000] "GET /?_g=538059 HTTP/1.1" 200 57622 "-" "Mozilla/5.0 (Linux; Android 6.0.1; Nexus 5X Build/MMB29P) AppleWebKit/537.36 (KHTML, like Gecko) Chrome/141.0.7390.122 Mobile Safari/537.36 (compatible; Googlebot/2.1; +http://www.google.com/bot.html)"
64.31.25.146 - - [01/Jan/2026:00:11:49 +0000] "POST /wp-cron.php?doing_wp_cron=1767226309.0878069400787353515625 HTTP/1.1" 403 1242 "-" "WordPress/6.9; https://chill-x.co"
66.249.69.161 - - [01/Jan/2026:00:11:48 +0000] "GET /?_g=52503 HTTP/1.1" 200 57628 "-" "Mozilla/5.0 (Linux; Android 6.0.1; Nexus 5X Build/MMB29P) AppleWebKit/537.36 (KHTML, like Gecko) Chrome/141.0.7390.122 Mobile Safari/537.36 (compatible; Googlebot/2.1; +http://www.google.com/bot.html)"
66.249.69.161 - - [01/Jan/2026:00:12:32 +0000] "GET /?_g=1147821 HTTP/1.1" 200 57606 "-" "Mozilla/5.0 (Linux; Android 6.0.1; Nexus 5X Build/MMB29P) AppleWebKit/537.36 (KHTML, like Gecko) Chrome/141.0.7390.122 Mobile Safari/537.36 (compatible; Googlebot/2.1; +http://www.google.com/bot.html)"
66.249.69.161 - - [01/Jan/2026:00:12:42 +0000] "GET /?_g=1031274 HTTP/1.1" 200 57605 "-" "Mozilla/5.0 (Linux; Android 6.0.1; Nexus 5X Build/MMB29P) AppleWebKit/537.36 (KHTML, like Gecko) Chrome/141.0.7390.122 Mobile Safari/537.36 (compatible; Googlebot/2.1; +http://www.google.com/bot.html)"
66.249.69.161 - - [01/Jan/2026:00:13:22 +0000] "GET /?_g=643808 HTTP/1.1" 200 57609 "-" "Mozilla/5.0 (Linux; Android 6.0.1; Nexus 5X Build/MMB29P) AppleWebKit/537.36 (KHTML, like Gecko) Chrome/141.0.7390.122 Mobile Safari/537.36 (compatible; Googlebot/2.1; +http://www.google.com/bot.html)"
66.249.69.162 - - [01/Jan/2026:00:13:24 +0000] "GET /?_g=792798 HTTP/1.1" 200 57622 "-" "Mozilla/5.0 (Linux; Android 6.0.1; Nexus 5X Build/MMB29P) AppleWebKit/537.36 (KHTML, like Gecko) Chrome/141.0.7390.122 Mobile Safari/537.36 (compatible; Googlebot/2.1; +http://www.google.com/bot.html)"
64.31.25.146 - - [01/Jan/2026:00:14:08 +0000] "POST /wp-cron.php?doing_wp_cron=1767226448.9181630611419677734375 HTTP/1.1" 403 1242 "-" "WordPress/6.9; https://chill-x.co"
40.77.167.154 - - [01/Jan/2026:00:14:08 +0000] "GET /?_g=601869 HTTP/2" 200 57610 "-" "Mozilla/5.0 AppleWebKit/537.36 (KHTML, like Gecko; compatible; bingbot/2.0; +http://www.bing.com/bingbot.htm) Chrome/116.0.1938.76 Safari/537.36"
157.55.39.11 - - [01/Jan/2026:00:14:44 +0000] "GET /?_g=960523 HTTP/2" 200 57610 "-" "Mozilla/5.0 AppleWebKit/537.36 (KHTML, like Gecko; compatible; bingbot/2.0; +http://www.bing.com/bingbot.htm) Chrome/116.0.1938.76 Safari/537.36"
