40.77.167.79 - - [31/Dec/2025:16:07:11 +0000] "GET /?_g=547587 HTTP/2" 200 57613 "-" "Mozilla/5.0 AppleWebKit/537.36 (KHTML, like Gecko; compatible; bingbot/2.0; +http://www.bing.com/bingbot.htm) Chrome/116.0.1938.76 Safari/537.36"
207.46.13.86 - - [31/Dec/2025:16:11:46 +0000] "GET /322588684.shtml HTTP/2" 404 49629 "-" "Mozilla/5.0 AppleWebKit/537.36 (KHTML, like Gecko; compatible; bingbot/2.0; +http://www.bing.com/bingbot.htm) Chrome/116.0.1938.76 Safari/537.36"
64.31.25.146 - - [31/Dec/2025:16:18:28 +0000] "POST /wp-cron.php?doing_wp_cron=1767197908.3289189338684082031250 HTTP/1.1" 403 1242 "-" "WordPress/6.9; https://chill-x.co"
66.249.69.161 - - [31/Dec/2025:16:18:31 +0000] "GET /?_g=971066 HTTP/1.1" 200 57622 "-" "Mozilla/5.0 (Linux; Android 6.0.1; Nexus 5X Build/MMB29P) AppleWebKit/537.36 (KHTML, like Gecko) Chrome/141.0.7390.122 Mobile Safari/537.36 (compatible; Googlebot/2.1; +http://www.google.com/bot.html)"
207.46.13.86 - - [31/Dec/2025:16:18:56 +0000] "GET /158244669.shtml HTTP/2" 404 49630 "-" "Mozilla/5.0 AppleWebKit/537.36 (KHTML, like Gecko; compatible; bingbot/2.0; +http://www.bing.com/bingbot.htm) Chrome/116.0.1938.76 Safari/537.36"
66.249.69.161 - - [31/Dec/2025:16:28:57 +0000] "GET /?_g=971066 HTTP/1.1" 200 57622 "-" "Mozilla/5.0 (Linux; Android 6.0.1; Nexus 5X Build/MMB29P) AppleWebKit/537.36 (KHTML, like Gecko) Chrome/141.0.7390.122 Mobile Safari/537.36 (compatible; Googlebot/2.1; +http://www.google.com/bot.html)"
64.31.25.146 - - [31/Dec/2025:16:30:00 +0000] "POST /wp-cron.php?doing_wp_cron=1767198600.1313920021057128906250 HTTP/1.1" 403 1242 "-" "WordPress/6.9; https://chill-x.co"
207.46.13.6 - - [31/Dec/2025:16:29:59 +0000] "GET /548242145.shtml HTTP/2" 404 49632 "-" "Mozilla/5.0 AppleWebKit/537.36 (KHTML, like Gecko; compatible; bingbot/2.0; +http://www.bing.com/bingbot.htm) Chrome/116.0.1938.76 Safari/537.36"
64.31.25.146 - - [31/Dec/2025:16:38:56 +0000] "POST /wp-cron.php?doing_wp_cron=1767199136.6555349826812744140625 HTTP/1.1" 403 1242 "-" "WordPress/6.9; https://chill-x.co"
40.77.167.73 - - [31/Dec/2025:16:38:55 +0000] "GET /?_g=877095 HTTP/2" 200 57610 "-" "Mozilla/5.0 AppleWebKit/537.36 (KHTML, like Gecko; compatible; bingbot/2.0; +http://www.bing.com/bingbot.htm) Chrome/116.0.1938.76 Safari/537.36"
207.46.13.111 - - [31/Dec/2025:16:39:35 +0000] "GET /224091296.shtml HTTP/2" 404 49630 "-" "Mozilla/5.0 AppleWebKit/537.36 (KHTML, like Gecko; compatible; bingbot/2.0; +http://www.bing.com/bingbot.htm) Chrome/116.0.1938.76 Safari/537.36"
64.31.25.146 - - [31/Dec/2025:16:43:09 +0000] "POST /wp-cron.php?doing_wp_cron=1767199389.6058111190795898437500 HTTP/1.1" 403 1242 "-" "WordPress/6.9; https://chill-x.co"
64.31.25.146 - - [31/Dec/2025:16:45:10 +0000] "POST /wp-cron.php?doing_wp_cron=1767199510.8540549278259277343750 HTTP/1.1" 403 1242 "-" "WordPress/6.9; https://chill-x.co"
66.249.69.161 - - [31/Dec/2025:16:45:10 +0000] "GET /?_g=651265 HTTP/1.1" 200 57622 "-" "Mozilla/5.0 (Linux; Android 6.0.1; Nexus 5X Build/MMB29P) AppleWebKit/537.36 (KHTML, like Gecko) Chrome/141.0.7390.122 Mobile Safari/537.36 (compatible; Googlebot/2.1; +http://www.google.com/bot.html)"
64.31.25.146 - - [31/Dec/2025:16:54:59 +0000] "POST /wp-cron.php?doing_wp_cron=1767200099.2949519157409667968750 HTTP/1.1" 403 1242 "-" "WordPress/6.9; https://chill-x.co"
157.55.39.13 - - [31/Dec/2025:16:54:56 +0000] "GET /?_g=103832 HTTP/2" 200 57612 "-" "Mozilla/5.0 AppleWebKit/537.36 (KHTML, like Gecko; compatible; bingbot/2.0; +http://www.bing.com/bingbot.htm) Chrome/116.0.1938.76 Safari/537.36"
52.167.144.136 - - [31/Dec/2025:16:56:25 +0000] "GET /?_g=997958 HTTP/2" 200 57611 "-" "Mozilla/5.0 AppleWebKit/537.36 (KHTML, like Gecko; compatible; bingbot/2.0; +http://www.bing.com/bingbot.htm) Chrome/116.0.1938.76 Safari/537.36"
64.31.25.146 - - [31/Dec/2025:17:01:59 +0000] "POST /wp-cron.php?doing_wp_cron=1767200519.7758278846740722656250 HTTP/1.1" 403 1242 "-" "WordPress/6.9; https://chill-x.co"
64.31.25.146 - - [31/Dec/2025:17:05:14 +0000] "POST /wp-cron.php?doing_wp_cron=1767200714.0920670032501220703125 HTTP/1.1" 403 1242 "-" "WordPress/6.9; https://chill-x.co"
157.55.39.57 - - [31/Dec/2025:17:05:26 +0000] "GET /wp-includes/js/jquery/jquery.min.js?ver=3.7.1 HTTP/2" 200 29744 "-" "Mozilla/5.0 AppleWebKit/537.36 (KHTML, like Gecko; compatible; bingbot/2.0; +http://www.bing.com/bingbot.htm) Chrome/116.0.1938.76 Safari/537.36"
157.55.39.57 - - [31/Dec/2025:17:05:26 +0000] "GET /wp-content/plugins/elementor/assets/js/webpack.runtime.min.js?ver=3.29.2 HTTP/2" 200 3055 "-" "Mozilla/5.0 AppleWebKit/537.36 (KHTML, like Gecko; compatible; bingbot/2.0; +http://www.bing.com/bingbot.htm) Chrome/116.0.1938.76 Safari/537.36"
157.55.39.203 - - [31/Dec/2025:17:05:31 +0000] "GET /wp-content/plugins/revslider/public/js/sr7.js?ver=6.7.34 HTTP/2" 200 92043 "-" "Mozilla/5.0 AppleWebKit/537.36 (KHTML, like Gecko; compatible; bingbot/2.0; +http://www.bing.com/bingbot.htm) Chrome/116.0.1938.76 Safari/537.36"
157.55.39.203 - - [31/Dec/2025:17:05:31 +0000] "GET /wp-content/plugins/lastudio-element-kit/includes/extensions/swatches/assets/js/swatches.js?ver=1.5.4.1 HTTP/2" 200 4497 "-" "Mozilla/5.0 AppleWebKit/537.36 (KHTML, like Gecko; compatible; bingbot/2.0; +http://www.bing.com/bingbot.htm) Chrome/116.0.1938.76 Safari/537.36"
64.31.25.146 - - [31/Dec/2025:17:07:18 +0000] "POST /wp-cron.php?doing_wp_cron=1767200838.9215879440307617187500 HTTP/1.1" 403 1242 "-" "WordPress/6.9; https://chill-x.co"
52.167.144.21 - - [31/Dec/2025:17:07:18 +0000] "GET /?_g=417160 HTTP/2" 200 57612 "-" "Mozilla/5.0 AppleWebKit/537.36 (KHTML, like Gecko; compatible; bingbot/2.0; +http://www.bing.com/bingbot.htm) Chrome/116.0.1938.76 Safari/537.36"
66.249.69.161 - - [31/Dec/2025:17:07:19 +0000] "GET /?_g=211406 HTTP/1.1" 200 57621 "-" "Mozilla/5.0 (Linux; Android 6.0.1; Nexus 5X Build/MMB29P) AppleWebKit/537.36 (KHTML, like Gecko) Chrome/141.0.7390.122 Mobile Safari/537.36 (compatible; Googlebot/2.1; +http://www.google.com/bot.html)"
66.249.69.163 - - [31/Dec/2025:17:07:23 +0000] "GET /wp-content/plugins/lastudio-element-kit/assets/js/lib/jquery.sticky.min.js?ver=1.5.4.1 HTTP/1.1" 200 2020 "https://chill-x.co/?_g=211406" "Mozilla/5.0 (Linux; Android 6.0.1; Nexus 5X Build/MMB29P) AppleWebKit/537.36 (KHTML, like Gecko) Chrome/141.0.7390.122 Mobile Safari/537.36 (compatible; Googlebot/2.1; +http://www.google.com/bot.html)"
66.249.69.161 - - [31/Dec/2025:17:09:39 +0000] "GET /?_g=1398224 HTTP/1.1" 200 57607 "-" "Mozilla/5.0 (Linux; Android 6.0.1; Nexus 5X Build/MMB29P) AppleWebKit/537.36 (KHTML, like Gecko) Chrome/141.0.7390.122 Mobile Safari/537.36 (compatible; Googlebot/2.1; +http://www.google.com/bot.html)"
66.249.69.163 - - [31/Dec/2025:17:13:36 +0000] "GET /?_g=1029005 HTTP/1.1" 200 57606 "-" "Mozilla/5.0 (Linux; Android 6.0.1; Nexus 5X Build/MMB29P) AppleWebKit/537.36 (KHTML, like Gecko) Chrome/141.0.7390.122 Mobile Safari/537.36 (compatible; Googlebot/2.1; +http://www.google.com/bot.html)"
208.110.64.178 - - [31/Dec/2025:17:01:59 +0000] "GET /wp-includes/wpb459c2/edit.php HTTP/1.1" 404 49644 "https://chill-x.co/wp-includes/wpb459c2/edit.php" "Mozilla/5.0 (Windows NT 10.0; Win64; x64) AppleWebKit/537.36 (KHTML, like Gecko) Chrome/58.0.3029.110 Safari/537.3"
157.55.39.49 - - [31/Dec/2025:17:05:13 +0000] "GET /?_g=591362 HTTP/2" 200 57613 "-" "Mozilla/5.0 AppleWebKit/537.36 (KHTML, like Gecko; compatible; bingbot/2.0; +http://www.bing.com/bingbot.htm) Chrome/116.0.1938.76 Safari/537.36"
64.31.25.146 - - [31/Dec/2025:17:09:40 +0000] "POST /wp-cron.php?doing_wp_cron=1767200980.7930090427398681640625 HTTP/1.1" 403 1242 "-" "WordPress/6.9; https://chill-x.co"
64.31.25.146 - - [31/Dec/2025:17:13:37 +0000] "POST /wp-cron.php?doing_wp_cron=1767201217.2479989528656005859375 HTTP/1.1" 403 1242 "-" "WordPress/6.9; https://chill-x.co"
157.55.39.57 - - [31/Dec/2025:17:16:10 +0000] "GET /372368846.html HTTP/2" 301 0 "-" "Mozilla/5.0 AppleWebKit/537.36 (KHTML, like Gecko; compatible; bingbot/2.0; +http://www.bing.com/bingbot.htm) Chrome/116.0.1938.76 Safari/537.36"
64.31.25.146 - - [31/Dec/2025:17:22:25 +0000] "POST /wp-cron.php?doing_wp_cron=1767201745.7099668979644775390625 HTTP/1.1" 403 1242 "-" "WordPress/6.9; https://chill-x.co"
66.249.69.161 - - [31/Dec/2025:17:22:24 +0000] "GET /?_g=367518 HTTP/1.1" 200 57622 "-" "Mozilla/5.0 (Linux; Android 6.0.1; Nexus 5X Build/MMB29P) AppleWebKit/537.36 (KHTML, like Gecko) Chrome/141.0.7390.122 Mobile Safari/537.36 (compatible; Googlebot/2.1; +http://www.google.com/bot.html)"
64.31.25.146 - - [31/Dec/2025:17:16:11 +0000] "POST /wp-cron.php?doing_wp_cron=1767201371.0263330936431884765625 HTTP/1.1" 403 1242 "-" "WordPress/6.9; https://chill-x.co"
64.31.25.146 - - [31/Dec/2025:17:23:43 +0000] "GET /wp-content/uploads/2025/06/akali-m5-s7-post-a.jpg HTTP/1.1" 200 41709 "-" "-"
64.31.25.146 - - [31/Dec/2025:17:23:45 +0000] "GET /wp-content/uploads/2025/06/akali-m5-s7-post-b.jpg HTTP/1.1" 200 35249 "-" "-"
149.56.150.160 - - [31/Dec/2025:17:23:50 +0000] "GET /security.txt HTTP/1.1" 404 180767 "-" "Mozilla/5.0 (compatible; Dataprovider.com)"
149.56.150.160 - - [31/Dec/2025:17:23:51 +0000] "GET /.well-known/security.txt HTTP/1.1" 404 180779 "-" "Mozilla/5.0 (compatible; Dataprovider.com)"
64.31.25.146 - - [31/Dec/2025:17:29:09 +0000] "POST /wp-cron.php?doing_wp_cron=1767202149.1444740295410156250000 HTTP/1.1" 403 1242 "-" "WordPress/6.9; https://chill-x.co"
157.55.39.204 - - [31/Dec/2025:17:29:20 +0000] "GET /?_g=1021587 HTTP/2" 200 57607 "-" "Mozilla/5.0 AppleWebKit/537.36 (KHTML, like Gecko; compatible; bingbot/2.0; +http://www.bing.com/bingbot.htm) Chrome/116.0.1938.76 Safari/537.36"
64.31.25.146 - - [31/Dec/2025:17:30:19 +0000] "POST /wp-cron.php?doing_wp_cron=1767202219.1345241069793701171875 HTTP/1.1" 403 1242 "-" "WordPress/6.9; https://chill-x.co"
207.46.13.107 - - [31/Dec/2025:17:30:18 +0000] "GET /?_g=981360 HTTP/2" 200 57613 "-" "Mozilla/5.0 AppleWebKit/537.36 (KHTML, like Gecko; compatible; bingbot/2.0; +http://www.bing.com/bingbot.htm) Chrome/116.0.1938.76 Safari/537.36"
208.110.64.178 - - [31/Dec/2025:17:31:16 +0000] "GET /wp-includes/wpb459c2/edit.php HTTP/1.1" 404 49642 "https://chill-x.co/wp-includes/wpb459c2/edit.php" "Mozilla/5.0 (Windows NT 10.0; Win64; x64) AppleWebKit/537.36 (KHTML, like Gecko) Chrome/58.0.3029.110 Safari/537.3"
64.31.25.146 - - [31/Dec/2025:17:33:05 +0000] "POST /wp-cron.php?doing_wp_cron=1767202385.6257479190826416015625 HTTP/1.1" 403 1242 "-" "WordPress/6.9; https://chill-x.co"
64.31.25.146 - - [31/Dec/2025:17:35:53 +0000] "POST /wp-cron.php?doing_wp_cron=1767202553.3812010288238525390625 HTTP/1.1" 403 1242 "-" "WordPress/6.9; https://chill-x.co"
208.110.64.178 - - [31/Dec/2025:17:35:52 +0000] "GET /wp-includes/wpb459c2/edit.php HTTP/1.1" 404 49644 "https://chill-x.co/wp-includes/wpb459c2/edit.php" "Mozilla/5.0 (Windows NT 10.0; Win64; x64) AppleWebKit/537.36 (KHTML, like Gecko) Chrome/58.0.3029.110 Safari/537.3"
157.55.39.195 - - [31/Dec/2025:17:36:35 +0000] "GET /?_g=307117 HTTP/2" 200 57610 "-" "Mozilla/5.0 AppleWebKit/537.36 (KHTML, like Gecko; compatible; bingbot/2.0; +http://www.bing.com/bingbot.htm) Chrome/116.0.1938.76 Safari/537.36"
149.56.150.160 - - [31/Dec/2025:17:23:30 +0000] "GET / HTTP/1.1" 200 247545 "-" "Mozilla/5.0 (compatible; Dataprovider.com)"
149.56.150.160 - - [31/Dec/2025:17:23:31 +0000] "GET /robots.txt HTTP/1.1" 200 343 "-" "Mozilla/5.0 (compatible; Dataprovider.com)"
149.56.150.160 - - [31/Dec/2025:17:23:33 +0000] "GET / HTTP/1.1" 200 247545 "-" "Mozilla/5.0 (compatible; Dataprovider.com)"
149.56.150.160 - - [31/Dec/2025:17:23:33 +0000] "GET /?sitemapindex.xml HTTP/1.1" 301 0 "-" "Mozilla/5.0 (compatible; Dataprovider.com)"
149.56.150.160 - - [31/Dec/2025:17:23:34 +0000] "GET /?sitemapindex_xml HTTP/1.1" 200 247562 "https://chill-x.co/?sitemapindex.xml" "Mozilla/5.0 (compatible; Dataprovider.com)"
149.56.150.160 - - [31/Dec/2025:17:23:35 +0000] "GET /akali-cart/ HTTP/1.1" 200 200253 "-" "Mozilla/5.0 (compatible; Dataprovider.com)"
149.56.150.160 - - [31/Dec/2025:17:23:36 +0000] "GET /shop/ HTTP/1.1" 200 186466 "-" "Mozilla/5.0 (compatible; Dataprovider.com)"
149.56.150.160 - - [31/Dec/2025:17:23:37 +0000] "GET /?theme_template_id=397 HTTP/1.1" 200 247904 "-" "Mozilla/5.0 (compatible; Dataprovider.com)"
149.56.150.160 - - [31/Dec/2025:17:23:39 +0000] "GET /my-account/ HTTP/1.1" 200 184868 "-" "Mozilla/5.0 (compatible; Dataprovider.com)"
149.56.150.160 - - [31/Dec/2025:17:23:41 +0000] "GET /2025/06/27/hello-world/ HTTP/1.1" 200 235036 "-" "Mozilla/5.0 (compatible; Dataprovider.com)"
149.56.150.160 - - [31/Dec/2025:17:23:42 +0000] "GET /2024/05/15/invest-in-yourself-3/ HTTP/1.1" 200 243566 "-" "Mozilla/5.0 (compatible; Dataprovider.com)"
149.56.150.160 - - [31/Dec/2025:17:23:44 +0000] "GET /2024/05/15/invest-in-yourself-2/ HTTP/1.1" 200 261530 "-" "Mozilla/5.0 (compatible; Dataprovider.com)"
149.56.150.160 - - [31/Dec/2025:17:23:46 +0000] "GET /my-account/lost-password/ HTTP/1.1" 200 185827 "-" "Mozilla/5.0 (compatible; Dataprovider.com)"
149.56.150.160 - - [31/Dec/2025:17:23:47 +0000] "GET /2025/ HTTP/1.1" 200 219196 "-" "Mozilla/5.0 (compatible; Dataprovider.com)"
149.56.150.160 - - [31/Dec/2025:17:23:49 +0000] "GET /llms.txt HTTP/1.1" 404 180763 "-" "Mozilla/5.0 (compatible; Dataprovider.com)"
149.56.150.160 - - [31/Dec/2025:17:23:49 +0000] "GET /ads.txt HTTP/1.1" 404 180762 "-" "Mozilla/5.0 (compatible; Dataprovider.com)"
149.56.150.160 - - [31/Dec/2025:17:23:50 +0000] "GET /humans.txt HTTP/1.1" 404 180765 "-" "Mozilla/5.0 (compatible; Dataprovider.com)"
149.56.150.160 - - [31/Dec/2025:17:23:51 +0000] "GET / HTTP/1.1" 200 247544 "-" "Mozilla/5.0 (Linux; Android 10; SM-G981B) AppleWebKit/537.36 (KHTML, like Gecko) Chrome/80.0.3987.162 Mobile Safari/537.36"
207.46.13.107 - - [31/Dec/2025:17:29:08 +0000] "GET /?_g=411804 HTTP/2" 200 57609 "-" "Mozilla/5.0 AppleWebKit/537.36 (KHTML, like Gecko; compatible; bingbot/2.0; +http://www.bing.com/bingbot.htm) Chrome/116.0.1938.76 Safari/537.36"
64.31.25.146 - - [31/Dec/2025:17:32:05 +0000] "POST /wp-cron.php?doing_wp_cron=1767202325.4593980312347412109375 HTTP/1.1" 403 1242 "-" "WordPress/6.9; https://chill-x.co"
207.46.13.168 - - [31/Dec/2025:17:32:04 +0000] "GET /217980697.shtml HTTP/2" 404 49632 "-" "Mozilla/5.0 AppleWebKit/537.36 (KHTML, like Gecko; compatible; bingbot/2.0; +http://www.bing.com/bingbot.htm) Chrome/116.0.1938.76 Safari/537.36"
207.46.13.168 - - [31/Dec/2025:17:33:04 +0000] "GET /?_g=228146 HTTP/2" 200 57609 "-" "Mozilla/5.0 AppleWebKit/537.36 (KHTML, like Gecko; compatible; bingbot/2.0; +http://www.bing.com/bingbot.htm) Chrome/116.0.1938.76 Safari/537.36"
64.31.25.146 - - [31/Dec/2025:17:40:31 +0000] "POST /wp-cron.php?doing_wp_cron=1767202831.5641269683837890625000 HTTP/1.1" 403 1242 "-" "WordPress/6.9; https://chill-x.co"
40.77.167.41 - - [31/Dec/2025:17:41:11 +0000] "GET /?_g=250250 HTTP/2" 200 57610 "-" "Mozilla/5.0 AppleWebKit/537.36 (KHTML, like Gecko; compatible; bingbot/2.0; +http://www.bing.com/bingbot.htm) Chrome/116.0.1938.76 Safari/537.36"
64.31.25.146 - - [31/Dec/2025:17:41:41 +0000] "POST /wp-cron.php?doing_wp_cron=1767202901.4556760787963867187500 HTTP/1.1" 403 1242 "-" "WordPress/6.9; https://chill-x.co"
157.55.39.55 - - [31/Dec/2025:17:41:40 +0000] "GET /?_g=752398 HTTP/2" 200 57613 "-" "Mozilla/5.0 AppleWebKit/537.36 (KHTML, like Gecko; compatible; bingbot/2.0; +http://www.bing.com/bingbot.htm) Chrome/116.0.1938.76 Safari/537.36"
66.249.69.163 - - [31/Dec/2025:17:43:14 +0000] "GET /?_g=299788 HTTP/1.1" 200 57622 "-" "Mozilla/5.0 (Linux; Android 6.0.1; Nexus 5X Build/MMB29P) AppleWebKit/537.36 (KHTML, like Gecko) Chrome/141.0.7390.122 Mobile Safari/537.36 (compatible; Googlebot/2.1; +http://www.google.com/bot.html)"
64.31.25.146 - - [31/Dec/2025:17:53:33 +0000] "POST /wp-cron.php?doing_wp_cron=1767203613.5685861110687255859375 HTTP/1.1" 403 1242 "-" "WordPress/6.9; https://chill-x.co"
157.55.39.57 - - [31/Dec/2025:17:53:32 +0000] "GET /?_g=445808 HTTP/2" 200 57613 "-" "Mozilla/5.0 AppleWebKit/537.36 (KHTML, like Gecko; compatible; bingbot/2.0; +http://www.bing.com/bingbot.htm) Chrome/116.0.1938.76 Safari/537.36"
157.55.39.55 - - [31/Dec/2025:17:40:30 +0000] "GET /?_g=312653 HTTP/2" 200 57609 "-" "Mozilla/5.0 AppleWebKit/537.36 (KHTML, like Gecko; compatible; bingbot/2.0; +http://www.bing.com/bingbot.htm) Chrome/116.0.1938.76 Safari/537.36"
64.31.25.146 - - [31/Dec/2025:17:43:15 +0000] "POST /wp-cron.php?doing_wp_cron=1767202995.5703840255737304687500 HTTP/1.1" 403 1242 "-" "WordPress/6.9; https://chill-x.co"
66.249.69.162 - - [31/Dec/2025:17:43:25 +0000] "GET /wp-content/plugins/elementor/assets/js/webpack.runtime.min.js?ver=3.29.2 HTTP/1.1" 200 3055 "https://chill-x.co/?_g=299788" "Mozilla/5.0 (Linux; Android 6.0.1; Nexus 5X Build/MMB29P) AppleWebKit/537.36 (KHTML, like Gecko) Chrome/141.0.7390.122 Mobile Safari/537.36 (compatible; Googlebot/2.1; +http://www.google.com/bot.html)"
64.31.25.146 - - [31/Dec/2025:17:58:41 +0000] "POST /wp-cron.php?doing_wp_cron=1767203921.5103039741516113281250 HTTP/1.1" 403 1242 "-" "WordPress/6.9; https://chill-x.co"
57.141.6.28 - - [31/Dec/2025:17:59:35 +0000] "GET /2024/05/15/invest-in-yourself-3/ HTTP/2" 200 243566 "-" "meta-externalagent/1.1 (+https://developers.facebook.com/docs/sharing/webmasters/crawler)"
64.31.25.146 - - [31/Dec/2025:18:04:43 +0000] "POST /wp-cron.php?doing_wp_cron=1767204283.8521308898925781250000 HTTP/1.1" 403 1242 "-" "WordPress/6.9; https://chill-x.co"
205.210.31.76 - - [31/Dec/2025:18:04:53 +0000] "GET /wp-login.php HTTP/1.1" 200 11524 "-" "Hello from Palo Alto Networks, find out more about our scans in https://docs-cortex.paloaltonetworks.com/r/1/Cortex-Xpanse/Scanning-activity"
40.77.167.61 - - [31/Dec/2025:18:04:43 +0000] "GET /?_g=847104 HTTP/2" 200 57609 "-" "Mozilla/5.0 AppleWebKit/537.36 (KHTML, like Gecko; compatible; bingbot/2.0; +http://www.bing.com/bingbot.htm) Chrome/116.0.1938.76 Safari/537.36"
64.31.25.146 - - [31/Dec/2025:17:57:13 +0000] "POST /wp-cron.php?doing_wp_cron=1767203833.1071920394897460937500 HTTP/1.1" 403 1242 "-" "WordPress/6.9; https://chill-x.co"
66.249.69.161 - - [31/Dec/2025:17:57:12 +0000] "GET /?_g=802834 HTTP/1.1" 200 57623 "-" "Mozilla/5.0 (Linux; Android 6.0.1; Nexus 5X Build/MMB29P) AppleWebKit/537.36 (KHTML, like Gecko) Chrome/141.0.7390.122 Mobile Safari/537.36 (compatible; Googlebot/2.1; +http://www.google.com/bot.html)"
207.46.13.141 - - [31/Dec/2025:17:58:40 +0000] "GET /?_g=442364 HTTP/2" 200 57612 "-" "Mozilla/5.0 AppleWebKit/537.36 (KHTML, like Gecko; compatible; bingbot/2.0; +http://www.bing.com/bingbot.htm) Chrome/116.0.1938.76 Safari/537.36"
64.31.25.146 - - [31/Dec/2025:17:59:35 +0000] "GET /wp-content/uploads/2025/06/akali-m5-s7-post-a.jpg HTTP/1.1" 200 41709 "-" "-"
64.31.25.146 - - [31/Dec/2025:17:59:44 +0000] "POST /wp-cron.php?doing_wp_cron=1767203984.3600890636444091796875 HTTP/1.1" 403 1242 "-" "WordPress/6.9; https://chill-x.co"
40.77.167.61 - - [31/Dec/2025:17:59:43 +0000] "GET /?_g=274858 HTTP/2" 200 57610 "-" "Mozilla/5.0 AppleWebKit/537.36 (KHTML, like Gecko; compatible; bingbot/2.0; +http://www.bing.com/bingbot.htm) Chrome/116.0.1938.76 Safari/537.36"
157.55.39.205 - - [31/Dec/2025:18:00:17 +0000] "GET /?_g=733576 HTTP/2" 200 57609 "-" "Mozilla/5.0 AppleWebKit/537.36 (KHTML, like Gecko; compatible; bingbot/2.0; +http://www.bing.com/bingbot.htm) Chrome/116.0.1938.76 Safari/537.36"
64.31.25.146 - - [31/Dec/2025:18:15:41 +0000] "POST /wp-cron.php?doing_wp_cron=1767204941.3775138854980468750000 HTTP/1.1" 403 1242 "-" "WordPress/6.9; https://chill-x.co"
208.110.64.178 - - [31/Dec/2025:18:15:40 +0000] "GET /wp-includes/wpb459c2/edit.php HTTP/1.1" 404 49644 "https://chill-x.co/wp-includes/wpb459c2/edit.php" "Mozilla/5.0 (Windows NT 10.0; Win64; x64) AppleWebKit/537.36 (KHTML, like Gecko) Chrome/58.0.3029.110 Safari/537.3"
52.167.144.214 - - [31/Dec/2025:18:18:24 +0000] "GET /?_g=631972 HTTP/2" 200 57609 "-" "Mozilla/5.0 AppleWebKit/537.36 (KHTML, like Gecko; compatible; bingbot/2.0; +http://www.bing.com/bingbot.htm) Chrome/116.0.1938.76 Safari/537.36"
52.167.144.214 - - [31/Dec/2025:18:19:25 +0000] "GET /278509792.shtml HTTP/2" 404 49632 "-" "Mozilla/5.0 AppleWebKit/537.36 (KHTML, like Gecko; compatible; bingbot/2.0; +http://www.bing.com/bingbot.htm) Chrome/116.0.1938.76 Safari/537.36"
207.46.13.86 - - [31/Dec/2025:18:19:50 +0000] "GET /?_g=814407 HTTP/2" 200 57612 "-" "Mozilla/5.0 AppleWebKit/537.36 (KHTML, like Gecko; compatible; bingbot/2.0; +http://www.bing.com/bingbot.htm) Chrome/116.0.1938.76 Safari/537.36"
66.249.69.162 - - [31/Dec/2025:18:22:40 +0000] "GET /?_g=418179 HTTP/1.1" 200 57622 "-" "Mozilla/5.0 (Linux; Android 6.0.1; Nexus 5X Build/MMB29P) AppleWebKit/537.36 (KHTML, like Gecko) Chrome/141.0.7390.122 Mobile Safari/537.36 (compatible; Googlebot/2.1; +http://www.google.com/bot.html)"
66.249.69.161 - - [31/Dec/2025:18:22:41 +0000] "GET /?_g=551220 HTTP/1.1" 200 57609 "-" "Mozilla/5.0 (Linux; Android 6.0.1; Nexus 5X Build/MMB29P) AppleWebKit/537.36 (KHTML, like Gecko) Chrome/141.0.7390.122 Mobile Safari/537.36 (compatible; Googlebot/2.1; +http://www.google.com/bot.html)"
64.31.25.146 - - [31/Dec/2025:18:25:25 +0000] "POST /wp-cron.php?doing_wp_cron=1767205525.5253720283508300781250 HTTP/1.1" 403 1242 "-" "WordPress/6.9; https://chill-x.co"
40.77.167.22 - - [31/Dec/2025:18:25:45 +0000] "GET /?_g=313836 HTTP/2" 200 57612 "-" "Mozilla/5.0 AppleWebKit/537.36 (KHTML, like Gecko; compatible; bingbot/2.0; +http://www.bing.com/bingbot.htm) Chrome/116.0.1938.76 Safari/537.36"
40.77.167.11 - - [31/Dec/2025:18:30:06 +0000] "GET /?_g=845403 HTTP/2" 200 57613 "-" "Mozilla/5.0 AppleWebKit/537.36 (KHTML, like Gecko; compatible; bingbot/2.0; +http://www.bing.com/bingbot.htm) Chrome/116.0.1938.76 Safari/537.36"
64.31.25.146 - - [31/Dec/2025:18:18:25 +0000] "POST /wp-cron.php?doing_wp_cron=1767205105.5532190799713134765625 HTTP/1.1" 403 1242 "-" "WordPress/6.9; https://chill-x.co"
64.31.25.146 - - [31/Dec/2025:18:19:26 +0000] "POST /wp-cron.php?doing_wp_cron=1767205166.2272379398345947265625 HTTP/1.1" 403 1242 "-" "WordPress/6.9; https://chill-x.co"
64.31.25.146 - - [31/Dec/2025:18:22:41 +0000] "POST /wp-cron.php?doing_wp_cron=1767205361.2645111083984375000000 HTTP/1.1" 403 1242 "-" "WordPress/6.9; https://chill-x.co"
40.77.167.22 - - [31/Dec/2025:18:23:15 +0000] "GET /?_g=671000 HTTP/2" 200 57610 "-" "Mozilla/5.0 AppleWebKit/537.36 (KHTML, like Gecko; compatible; bingbot/2.0; +http://www.bing.com/bingbot.htm) Chrome/116.0.1938.76 Safari/537.36"
157.55.39.204 - - [31/Dec/2025:18:25:24 +0000] "GET /?_g=1404451 HTTP/2" 200 57609 "-" "Mozilla/5.0 AppleWebKit/537.36 (KHTML, like Gecko; compatible; bingbot/2.0; +http://www.bing.com/bingbot.htm) Chrome/116.0.1938.76 Safari/537.36"
64.31.25.146 - - [31/Dec/2025:18:30:06 +0000] "POST /wp-cron.php?doing_wp_cron=1767205806.8704190254211425781250 HTTP/1.1" 403 1242 "-" "WordPress/6.9; https://chill-x.co"
207.46.13.78 - - [31/Dec/2025:18:40:53 +0000] "GET /?_g=1093918 HTTP/2" 200 57607 "-" "Mozilla/5.0 AppleWebKit/537.36 (KHTML, like Gecko; compatible; bingbot/2.0; +http://www.bing.com/bingbot.htm) Chrome/116.0.1938.76 Safari/537.36"
208.110.64.178 - - [31/Dec/2025:18:44:49 +0000] "GET /wp-includes/wpb459c2/edit.php HTTP/1.1" 404 49644 "https://chill-x.co/wp-includes/wpb459c2/edit.php" "Mozilla/5.0 (Windows NT 10.0; Win64; x64) AppleWebKit/537.36 (KHTML, like Gecko) Chrome/58.0.3029.110 Safari/537.3"
52.167.144.217 - - [31/Dec/2025:18:45:22 +0000] "GET /?_g=388414 HTTP/2" 200 57613 "-" "Mozilla/5.0 AppleWebKit/537.36 (KHTML, like Gecko; compatible; bingbot/2.0; +http://www.bing.com/bingbot.htm) Chrome/116.0.1938.76 Safari/537.36"
64.31.25.146 - - [31/Dec/2025:18:32:00 +0000] "POST /wp-cron.php?doing_wp_cron=1767205920.9162390232086181640625 HTTP/1.1" 403 1242 "-" "WordPress/6.9; https://chill-x.co"
157.55.39.13 - - [31/Dec/2025:18:32:00 +0000] "GET /?_g=442737 HTTP/2" 200 57610 "-" "Mozilla/5.0 AppleWebKit/537.36 (KHTML, like Gecko; compatible; bingbot/2.0; +http://www.bing.com/bingbot.htm) Chrome/116.0.1938.76 Safari/537.36"
64.31.25.146 - - [31/Dec/2025:18:36:50 +0000] "POST /wp-cron.php?doing_wp_cron=1767206210.8329589366912841796875 HTTP/1.1" 403 1242 "-" "WordPress/6.9; https://chill-x.co"
207.46.13.78 - - [31/Dec/2025:18:36:49 +0000] "GET /?_g=495793 HTTP/2" 200 57610 "-" "Mozilla/5.0 AppleWebKit/537.36 (KHTML, like Gecko; compatible; bingbot/2.0; +http://www.bing.com/bingbot.htm) Chrome/116.0.1938.76 Safari/537.36"
64.31.25.146 - - [31/Dec/2025:18:40:54 +0000] "POST /wp-cron.php?doing_wp_cron=1767206454.5877549648284912109375 HTTP/1.1" 403 1242 "-" "WordPress/6.9; https://chill-x.co"
64.31.25.146 - - [31/Dec/2025:18:44:49 +0000] "POST /wp-cron.php?doing_wp_cron=1767206689.6018800735473632812500 HTTP/1.1" 403 1242 "-" "WordPress/6.9; https://chill-x.co"
64.31.25.146 - - [31/Dec/2025:18:54:41 +0000] "POST /wp-cron.php?doing_wp_cron=1767207281.6826820373535156250000 HTTP/1.1" 403 1242 "-" "WordPress/6.9; https://chill-x.co"
186.22.18.94 - - [31/Dec/2025:18:54:46 +0000] "GET /wp-includes/js/dist/script-modules/2index.php?ac=p&api=&path=&t=f96b5167445f2d2d6bee75df321c3143 HTTP/1.1" 406 779 "-" "Mozilla/5.0 (Windows NT 10.0; Win64; x64) AppleWebKit/537.36 (KHTML, like Gecko) Chrome/136.0.0.0 Safari/537.36 Edg/136.0.0.0"
190.61.36.137 - - [31/Dec/2025:18:54:47 +0000] "GET /wp-content/maintenance/assets/fonts/index.php?520 HTTP/1.1" 406 779 "-" "Mozilla/5.0 (Windows NT 10.0; Win64; x64) AppleWebKit/537.36 (KHTML, like Gecko) Chrome/136.0.0.0 Safari/537.36 Edg/136.0.0.0"
37.214.24.3 - - [31/Dec/2025:18:54:55 +0000] "GET /wp-includes/blocks/block/wp-login.php?520 HTTP/1.1" 404 180796 "-" "Mozilla/5.0 (Windows NT 10.0; Win64; x64) AppleWebKit/537.36 (KHTML, like Gecko) Chrome/136.0.0.0 Safari/537.36 Edg/136.0.0.0"
111.88.21.37 - - [31/Dec/2025:18:55:37 +0000] "GET /wp-includes/blocks/block/wp-login.php?ac=p&api=&path=&t=f96b5167445f2d2d6bee75df321c3143 HTTP/1.1" 404 180841 "-" "Mozilla/5.0 (Windows NT 10.0; Win64; x64) AppleWebKit/537.36 (KHTML, like Gecko) Chrome/136.0.0.0 Safari/537.36 Edg/136.0.0.0"
64.31.25.146 - - [31/Dec/2025:18:56:06 +0000] "POST /wp-cron.php?doing_wp_cron=1767207366.2393119335174560546875 HTTP/1.1" 403 1242 "-" "WordPress/6.9; https://chill-x.co"
190.92.49.5 - - [31/Dec/2025:18:59:39 +0000] "GET /wp-includes/sitemaps/providers/content.php?ac=p&api=&path=&t=f96b5167445f2d2d6bee75df321c3143 HTTP/1.1" 404 180846 "-" "Mozilla/5.0 (Windows NT 10.0; Win64; x64) AppleWebKit/537.36 (KHTML, like Gecko) Chrome/136.0.0.0 Safari/537.36 Edg/136.0.0.0"
157.49.178.77 - - [31/Dec/2025:18:54:39 +0000] "GET //index.php?params HTTP/1.1" 301 0 "-" "Mozilla/5.0 (compatible; Googlebot/2.1; +http://www.google.com/bot.html; (greenwich&lewisham))"
157.49.178.77 - - [31/Dec/2025:18:54:42 +0000] "GET /?params HTTP/1.1" 200 247552 "-" "Mozilla/5.0 (compatible; Googlebot/2.1; +http://www.google.com/bot.html; (greenwich&lewisham))"
202.65.238.251 - - [31/Dec/2025:18:54:51 +0000] "GET /wp-content/maintenance/assets/fonts/index.php?ac=p&api=&path=&t=f96b5167445f2d2d6bee75df321c3143 HTTP/1.1" 406 779 "-" "Mozilla/5.0 (Windows NT 10.0; Win64; x64) AppleWebKit/537.36 (KHTML, like Gecko) Chrome/136.0.0.0 Safari/537.36 Edg/136.0.0.0"
78.173.20.87 - - [31/Dec/2025:18:55:08 +0000] "GET /wp-includes/blocks/block/wp-login.php?520 HTTP/1.1" 404 180796 "-" "ShellBot 2.0 Mozilla/5.0 (Windows NT 10.0; Win64; x64) AppleWebKit/537.36 (KHTML, like Gecko) Chrome/134.0.0.0 Safari/537.36"
49.37.248.246 - - [31/Dec/2025:18:55:21 +0000] "POST /wp-includes/blocks/block/wp-login.php?520 HTTP/1.1" 404 180796 "-" "Mozilla/5.0 (Windows NT 10.0; Win64; x64) AppleWebKit/537.36 (KHTML, like Gecko) Chrome/136.0.0.0 Safari/537.36 Edg/136.0.0.0"
27.5.162.255 - - [31/Dec/2025:18:56:05 +0000] "GET /wp-includes/blocks/heading/radio.php?520 HTTP/1.1" 404 180795 "-" "Mozilla/5.0 (Windows NT 10.0; Win64; x64) AppleWebKit/537.36 (KHTML, like Gecko) Chrome/136.0.0.0 Safari/537.36 Edg/136.0.0.0"
64.31.25.146 - - [31/Dec/2025:18:58:14 +0000] "POST /wp-cron.php?doing_wp_cron=1767207494.4009819030761718750000 HTTP/1.1" 403 1242 "-" "WordPress/6.9; https://chill-x.co"
105.108.130.147 - - [31/Dec/2025:18:58:13 +0000] "GET /wp-includes/sitemaps/providers/content.php?520 HTTP/1.1" 404 180801 "-" "Mozilla/5.0 (Windows NT 10.0; Win64; x64) AppleWebKit/537.36 (KHTML, like Gecko) Chrome/136.0.0.0 Safari/537.36 Edg/136.0.0.0"
64.31.25.146 - - [31/Dec/2025:18:59:40 +0000] "POST /wp-cron.php?doing_wp_cron=1767207580.1067829132080078125000 HTTP/1.1" 403 1242 "-" "WordPress/6.9; https://chill-x.co"
64.31.25.146 - - [31/Dec/2025:19:03:18 +0000] "POST /wp-cron.php?doing_wp_cron=1767207798.0112969875335693359375 HTTP/1.1" 403 1242 "-" "WordPress/6.9; https://chill-x.co"
207.46.13.83 - - [31/Dec/2025:19:03:17 +0000] "GET /403494421.shtml HTTP/2" 404 49632 "-" "Mozilla/5.0 AppleWebKit/537.36 (KHTML, like Gecko; compatible; bingbot/2.0; +http://www.bing.com/bingbot.htm) Chrome/116.0.1938.76 Safari/537.36"
64.31.25.146 - - [31/Dec/2025:19:09:20 +0000] "POST /wp-cron.php?doing_wp_cron=1767208160.8540189266204833984375 HTTP/1.1" 403 1242 "-" "WordPress/6.9; https://chill-x.co"
207.46.13.6 - - [31/Dec/2025:19:09:19 +0000] "GET /?_g=1340877 HTTP/2" 200 57609 "-" "Mozilla/5.0 AppleWebKit/537.36 (KHTML, like Gecko; compatible; bingbot/2.0; +http://www.bing.com/bingbot.htm) Chrome/116.0.1938.76 Safari/537.36"
64.31.25.146 - - [31/Dec/2025:19:10:44 +0000] "POST /wp-cron.php?doing_wp_cron=1767208244.7242670059204101562500 HTTP/1.1" 403 1242 "-" "WordPress/6.9; https://chill-x.co"
157.55.39.9 - - [31/Dec/2025:19:10:43 +0000] "GET /?_g=113767 HTTP/2" 200 57610 "-" "Mozilla/5.0 AppleWebKit/537.36 (KHTML, like Gecko; compatible; bingbot/2.0; +http://www.bing.com/bingbot.htm) Chrome/116.0.1938.76 Safari/537.36"
207.46.13.6 - - [31/Dec/2025:19:10:50 +0000] "GET /?_g=62640 HTTP/2" 200 57619 "-" "Mozilla/5.0 AppleWebKit/537.36 (KHTML, like Gecko; compatible; bingbot/2.0; +http://www.bing.com/bingbot.htm) Chrome/116.0.1938.76 Safari/537.36"
207.46.13.116 - - [31/Dec/2025:19:13:39 +0000] "GET /?_g=479725 HTTP/2" 200 57613 "-" "Mozilla/5.0 AppleWebKit/537.36 (KHTML, like Gecko; compatible; bingbot/2.0; +http://www.bing.com/bingbot.htm) Chrome/116.0.1938.76 Safari/537.36"
64.31.25.146 - - [31/Dec/2025:19:15:49 +0000] "POST /wp-cron.php?doing_wp_cron=1767208549.8383851051330566406250 HTTP/1.1" 403 1242 "-" "WordPress/6.9; https://chill-x.co"
208.110.64.178 - - [31/Dec/2025:19:15:49 +0000] "GET /wp-includes/wpb459c2/edit.php HTTP/1.1" 404 49644 "https://chill-x.co/wp-includes/wpb459c2/edit.php" "Mozilla/5.0 (Windows NT 10.0; Win64; x64) AppleWebKit/537.36 (KHTML, like Gecko) Chrome/58.0.3029.110 Safari/537.3"
144.217.135.157 - - [31/Dec/2025:19:16:28 +0000] "GET / HTTP/2" 200 57584 "-" "Mozilla/5.0 (compatible; Dataprovider.com)"
144.217.135.157 - - [31/Dec/2025:19:16:29 +0000] "GET /wp-content/plugins/contact-form-7/includes/css/styles.css?ver=6.1 HTTP/2" 200 899 "https://chill-x.co/" "Mozilla/5.0 (compatible; Dataprovider.com)"
144.217.135.157 - - [31/Dec/2025:19:16:29 +0000] "GET /wp-content/plugins/revslider/public/css/sr7.css?ver=6.7.34 HTTP/2" 200 1392 "https://chill-x.co/" "Mozilla/5.0 (compatible; Dataprovider.com)"
144.217.135.157 - - [31/Dec/2025:19:16:29 +0000] "GET /wp-content/themes/akali/style.min.css?ver=1.0.2 HTTP/2" 200 25228 "https://chill-x.co/" "Mozilla/5.0 (compatible; Dataprovider.com)"
144.217.135.157 - - [31/Dec/2025:19:16:29 +0000] "GET /wp-content/plugins/woocommerce/assets/css/brands.css?ver=9.9.5 HTTP/2" 200 579 "https://chill-x.co/" "Mozilla/5.0 (compatible; Dataprovider.com)"
144.217.135.157 - - [31/Dec/2025:19:16:29 +0000] "GET /wp-content/plugins/lastudio-element-kit/assets/css/lastudio-kit-base.min.css?ver=1.5.4.1 HTTP/2" 200 21857 "https://chill-x.co/" "Mozilla/5.0 (compatible; Dataprovider.com)"
144.217.135.157 - - [31/Dec/2025:19:16:29 +0000] "GET /wp-content/plugins/lastudio-element-kit/assets/css/lastudio-kit-woocommerce.css?ver=1.5.4.1 HTTP/2" 200 7193 "https://chill-x.co/" "Mozilla/5.0 (compatible; Dataprovider.com)"
144.217.135.157 - - [31/Dec/2025:19:16:29 +0000] "GET /wp-content/uploads/elementor/css/custom-frontend.min.css?ver=1762484930 HTTP/2" 200 6487 "https://chill-x.co/" "Mozilla/5.0 (compatible; Dataprovider.com)"
144.217.135.157 - - [31/Dec/2025:19:16:29 +0000] "GET /wp-content/uploads/elementor/css/post-9.css?ver=1762484931 HTTP/2" 200 962 "https://chill-x.co/" "Mozilla/5.0 (compatible; Dataprovider.com)"
144.217.135.157 - - [31/Dec/2025:19:16:29 +0000] "GET /wp-content/plugins/elementor/assets/css/widget-divider.min.css?ver=3.29.2 HTTP/2" 200 705 "https://chill-x.co/" "Mozilla/5.0 (compatible; Dataprovider.com)"
144.217.135.157 - - [31/Dec/2025:19:16:29 +0000] "GET /wp-content/plugins/elementor/assets/css/widget-image.min.css?ver=3.29.2 HTTP/2" 200 119 "https://chill-x.co/" "Mozilla/5.0 (compatible; Dataprovider.com)"
144.217.135.157 - - [31/Dec/2025:19:16:29 +0000] "GET /wp-includes/js/jquery/jquery-migrate.min.js?ver=3.4.1 HTTP/2" 200 4678 "https://chill-x.co/" "Mozilla/5.0 (compatible; Dataprovider.com)"
144.217.135.157 - - [31/Dec/2025:19:16:29 +0000] "GET /wp-content/plugins/woocommerce/assets/js/js-cookie/js.cookie.min.js?ver=2.1.4-wc.9.9.5 HTTP/2" 200 1494 "https://chill-x.co/" "Mozilla/5.0 (compatible; Dataprovider.com)"
144.217.135.157 - - [31/Dec/2025:19:16:29 +0000] "GET /wp-content/plugins/elementor/assets/css/widget-spacer.min.css?ver=3.29.2 HTTP/2" 200 315 "https://chill-x.co/" "Mozilla/5.0 (compatible; Dataprovider.com)"
144.217.135.157 - - [31/Dec/2025:19:16:29 +0000] "GET /wp-content/plugins/elementor/assets/css/widget-heading.min.css?ver=3.29.2 HTTP/2" 200 154 "https://chill-x.co/" "Mozilla/5.0 (compatible; Dataprovider.com)"
144.217.135.157 - - [31/Dec/2025:19:16:29 +0000] "GET /wp-content/plugins/elementor/assets/css/conditionals/e-swiper.min.css?ver=3.29.2 HTTP/2" 200 699 "https://chill-x.co/" "Mozilla/5.0 (compatible; Dataprovider.com)"
144.217.135.157 - - [31/Dec/2025:19:16:29 +0000] "GET /wp-content/plugins/elementor/assets/lib/animations/styles/e-animation-shrink.min.css?ver=3.29.2 HTTP/2" 200 95 "https://chill-x.co/" "Mozilla/5.0 (compatible; Dataprovider.com)"
144.217.135.157 - - [31/Dec/2025:19:16:29 +0000] "GET /wp-content/plugins/elementor/assets/css/conditionals/shapes.min.css?ver=3.29.2 HTTP/2" 200 221 "https://chill-x.co/" "Mozilla/5.0 (compatible; Dataprovider.com)"
144.217.135.157 - - [31/Dec/2025:19:16:29 +0000] "GET /wp-content/uploads/elementor/css/post-189.css?ver=1762484933 HTTP/2" 200 1600 "https://chill-x.co/" "Mozilla/5.0 (compatible; Dataprovider.com)"
144.217.135.157 - - [31/Dec/2025:19:16:29 +0000] "GET /wp-content/uploads/elementor/css/post-256.css?ver=1762484933 HTTP/2" 200 463 "https://chill-x.co/" "Mozilla/5.0 (compatible; Dataprovider.com)"
144.217.135.157 - - [31/Dec/2025:19:16:29 +0000] "GET /wp-content/uploads/elementor/css/post-2070.css?ver=1762484933 HTTP/2" 200 7228 "https://chill-x.co/" "Mozilla/5.0 (compatible; Dataprovider.com)"
144.217.135.157 - - [31/Dec/2025:19:16:29 +0000] "GET /wp-content/plugins/elementor/assets/lib/swiper/v8/css/swiper.min.css?ver=8.4.5 HTTP/2" 200 4248 "https://chill-x.co/" "Mozilla/5.0 (compatible; Dataprovider.com)"
144.217.135.157 - - [31/Dec/2025:19:16:29 +0000] "GET /wp-content/uploads/elementor/css/post-2026.css?ver=1762484934 HTTP/2" 200 930 "https://chill-x.co/" "Mozilla/5.0 (compatible; Dataprovider.com)"
144.217.135.157 - - [31/Dec/2025:19:16:29 +0000] "GET /wp-content/plugins/lastudio-element-kit/assets/css/addons/n-tabs.min.css?ver=1.5.4.1 HTTP/2" 200 1910 "https://chill-x.co/" "Mozilla/5.0 (compatible; Dataprovider.com)"
144.217.135.157 - - [31/Dec/2025:19:16:29 +0000] "GET /wp-content/plugins/lastudio-element-kit/assets/css/addons/banner-list.min.css?ver=1.5.4.1 HTTP/2" 200 969 "https://chill-x.co/" "Mozilla/5.0 (compatible; Dataprovider.com)"
144.217.135.157 - - [31/Dec/2025:19:16:29 +0000] "GET /wp-content/plugins/lastudio-element-kit/assets/css/addons/slides.min.css?ver=1.5.4.1 HTTP/2" 200 962 "https://chill-x.co/" "Mozilla/5.0 (compatible; Dataprovider.com)"
144.217.135.157 - - [31/Dec/2025:19:16:29 +0000] "GET /wp-content/plugins/lastudio-element-kit/assets/css/addons/testimonials.min.css?ver=1.5.4.1 HTTP/2" 200 1399 "https://chill-x.co/" "Mozilla/5.0 (compatible; Dataprovider.com)"
144.217.135.157 - - [31/Dec/2025:19:16:29 +0000] "GET /wp-content/plugins/lastudio-element-kit/assets/css/addons/posts.min.css?ver=1.5.4.1 HTTP/2" 200 1447 "https://chill-x.co/" "Mozilla/5.0 (compatible; Dataprovider.com)"
144.217.135.157 - - [31/Dec/2025:19:16:29 +0000] "GET /wp-content/plugins/woocommerce/assets/css/select2.css?ver=9.9.5 HTTP/2" 200 1737 "https://chill-x.co/" "Mozilla/5.0 (compatible; Dataprovider.com)"
144.217.135.157 - - [31/Dec/2025:19:16:29 +0000] "GET /wp-content/uploads/elementor/css/custom-apple-webkit.min.css?ver=1762484930 HTTP/2" 200 472 "https://chill-x.co/" "Mozilla/5.0 (compatible; Dataprovider.com)"
144.217.135.157 - - [31/Dec/2025:19:16:29 +0000] "GET /wp-content/plugins/woocommerce/assets/client/blocks/wc-blocks.css?ver=wc-9.9.5 HTTP/2" 200 2356 "https://chill-x.co/" "Mozilla/5.0 (compatible; Dataprovider.com)"
144.217.135.157 - - [31/Dec/2025:19:16:29 +0000] "GET /wp-content/plugins/lastudio-element-kit/assets/css/addons/search.min.css?ver=1.5.4.1 HTTP/2" 200 778 "https://chill-x.co/" "Mozilla/5.0 (compatible; Dataprovider.com)"
144.217.135.157 - - [31/Dec/2025:19:16:29 +0000] "GET /wp-content/plugins/elementor/assets/css/widget-social-icons.min.css?ver=3.29.2 HTTP/2" 200 1069 "https://chill-x.co/" "Mozilla/5.0 (compatible; Dataprovider.com)"
144.217.135.157 - - [31/Dec/2025:19:16:29 +0000] "GET /wp-content/plugins/elementor/assets/lib/animations/styles/slideInUp.min.css?ver=3.29.2 HTTP/2" 200 146 "https://chill-x.co/" "Mozilla/5.0 (compatible; Dataprovider.com)"
144.217.135.157 - - [31/Dec/2025:19:16:29 +0000] "GET /wp-content/plugins/lastudio-element-kit/assets/css/addons/subscribe-form.css?ver=1.5.4.1 HTTP/2" 200 554 "https://chill-x.co/" "Mozilla/5.0 (compatible; Dataprovider.com)"
144.217.135.157 - - [31/Dec/2025:19:16:29 +0000] "GET /wp-content/plugins/elementor/assets/lib/animations/styles/fadeInUp.min.css?ver=3.29.2 HTTP/2" 200 130 "https://chill-x.co/" "Mozilla/5.0 (compatible; Dataprovider.com)"
144.217.135.157 - - [31/Dec/2025:19:16:29 +0000] "GET /wp-content/plugins/lastudio-element-kit/includes/modules/popup/assets/css/popup.min.css?ver=1.5.4.1 HTTP/2" 200 325 "https://chill-x.co/" "Mozilla/5.0 (compatible; Dataprovider.com)"
144.217.135.157 - - [31/Dec/2025:19:16:29 +0000] "GET /wp-content/uploads/2024/04/LOGO3TRANS-01.svg HTTP/2" 200 1068 "https://chill-x.co/" "Mozilla/5.0 (compatible; Dataprovider.com)"
144.217.135.157 - - [31/Dec/2025:19:16:29 +0000] "GET /wp-content/uploads/2024/04/LOGO3-01.svg HTTP/2" 200 1055 "https://chill-x.co/" "Mozilla/5.0 (compatible; Dataprovider.com)"
144.217.135.157 - - [31/Dec/2025:19:16:29 +0000] "GET /wp-content/uploads/2025/06/akali-m1-s7-bg-a.jpg HTTP/2" 200 39991 "https://chill-x.co/" "Mozilla/5.0 (compatible; Dataprovider.com)"
144.217.135.157 - - [31/Dec/2025:19:16:29 +0000] "GET /wp-includes/js/jquery/jquery.min.js?ver=3.7.1 HTTP/2" 200 29744 "https://chill-x.co/" "Mozilla/5.0 (compatible; Dataprovider.com)"
144.217.135.157 - - [31/Dec/2025:19:16:29 +0000] "GET /wp-includes/js/dist/hooks.min.js?ver=dd5603f07f9220ed27f1 HTTP/2" 200 1852 "https://chill-x.co/" "Mozilla/5.0 (compatible; Dataprovider.com)"
144.217.135.157 - - [31/Dec/2025:19:16:29 +0000] "GET /wp-includes/js/dist/i18n.min.js?ver=c26c3dc7bed366793375 HTTP/2" 200 2119 "https://chill-x.co/" "Mozilla/5.0 (compatible; Dataprovider.com)"
144.217.135.157 - - [31/Dec/2025:19:16:29 +0000] "GET /wp-content/plugins/contact-form-7/includes/swv/js/index.js?ver=6.1 HTTP/2" 200 4105 "https://chill-x.co/" "Mozilla/5.0 (compatible; Dataprovider.com)"
144.217.135.157 - - [31/Dec/2025:19:16:29 +0000] "GET /wp-content/plugins/contact-form-7/includes/js/index.js?ver=6.1 HTTP/2" 200 4745 "https://chill-x.co/" "Mozilla/5.0 (compatible; Dataprovider.com)"
144.217.135.157 - - [31/Dec/2025:19:16:30 +0000] "GET /wp-content/plugins/elementor/assets/js/webpack.runtime.min.js?ver=3.29.2 HTTP/2" 200 3055 "https://chill-x.co/" "Mozilla/5.0 (compatible; Dataprovider.com)"
144.217.135.157 - - [31/Dec/2025:19:16:30 +0000] "GET /wp-content/plugins/elementor/assets/js/frontend-modules.min.js?ver=3.29.2 HTTP/2" 200 15147 "https://chill-x.co/" "Mozilla/5.0 (compatible; Dataprovider.com)"
144.217.135.157 - - [31/Dec/2025:19:16:30 +0000] "GET /wp-includes/js/jquery/ui/core.min.js?ver=1.13.3 HTTP/2" 200 6812 "https://chill-x.co/" "Mozilla/5.0 (compatible; Dataprovider.com)"
144.217.135.157 - - [31/Dec/2025:19:16:30 +0000] "GET /wp-content/plugins/elementor/assets/js/frontend.min.js?ver=3.29.2 HTTP/2" 200 10971 "https://chill-x.co/" "Mozilla/5.0 (compatible; Dataprovider.com)"
144.217.135.157 - - [31/Dec/2025:19:16:30 +0000] "GET /wp-content/plugins/woocommerce/assets/js/jquery-blockui/jquery.blockUI.min.js?ver=2.7.0-wc.9.9.5 HTTP/2" 200 4029 "https://chill-x.co/" "Mozilla/5.0 (compatible; Dataprovider.com)"
144.217.135.157 - - [31/Dec/2025:19:16:30 +0000] "GET /wp-content/plugins/woocommerce/assets/js/frontend/add-to-cart.min.js?ver=9.9.5 HTTP/2" 200 1978 "https://chill-x.co/" "Mozilla/5.0 (compatible; Dataprovider.com)"
144.217.135.157 - - [31/Dec/2025:19:16:30 +0000] "GET /wp-content/plugins/woocommerce/assets/js/frontend/woocommerce.min.js?ver=9.9.5 HTTP/2" 200 2016 "https://chill-x.co/" "Mozilla/5.0 (compatible; Dataprovider.com)"
144.217.135.157 - - [31/Dec/2025:19:16:30 +0000] "GET /wp-content/plugins/woocommerce/assets/js/frontend/country-select.min.js?ver=9.9.5 HTTP/2" 200 1731 "https://chill-x.co/" "Mozilla/5.0 (compatible; Dataprovider.com)"
144.217.135.157 - - [31/Dec/2025:19:16:30 +0000] "GET /wp-content/plugins/woocommerce/assets/js/sourcebuster/sourcebuster.min.js?ver=9.9.5 HTTP/2" 200 5309 "https://chill-x.co/" "Mozilla/5.0 (compatible; Dataprovider.com)"
144.217.135.157 - - [31/Dec/2025:19:16:30 +0000] "GET /wp-content/plugins/woocommerce/assets/js/frontend/order-attribution.min.js?ver=9.9.5 HTTP/2" 200 1738 "https://chill-x.co/" "Mozilla/5.0 (compatible; Dataprovider.com)"
144.217.135.157 - - [31/Dec/2025:19:16:30 +0000] "GET /wp-content/themes/akali/assets/js/lib/featherlight.min.js?ver=1.0.2 HTTP/2" 200 4191 "https://chill-x.co/" "Mozilla/5.0 (compatible; Dataprovider.com)"
144.217.135.157 - - [31/Dec/2025:19:16:30 +0000] "GET /wp-content/themes/akali/assets/js/app.min.js?ver=1.0.2 HTTP/2" 200 10846 "https://chill-x.co/" "Mozilla/5.0 (compatible; Dataprovider.com)"
144.217.135.157 - - [31/Dec/2025:19:16:30 +0000] "GET /wp-content/plugins/lastudio-element-kit/includes/extensions/swatches/assets/js/swatches.js?ver=1.5.4.1 HTTP/2" 200 4497 "https://chill-x.co/" "Mozilla/5.0 (compatible; Dataprovider.com)"
144.217.135.157 - - [31/Dec/2025:19:16:30 +0000] "GET /wp-includes/js/hoverIntent.min.js?ver=1.10.2 HTTP/2" 200 668 "https://chill-x.co/" "Mozilla/5.0 (compatible; Dataprovider.com)"
144.217.135.157 - - [31/Dec/2025:19:16:30 +0000] "GET /wp-content/plugins/lastudio-element-kit/assets/js/lib/jquery.sticky.min.js?ver=1.5.4.1 HTTP/2" 200 2020 "https://chill-x.co/" "Mozilla/5.0 (compatible; Dataprovider.com)"
144.217.135.157 - - [31/Dec/2025:19:16:30 +0000] "GET /wp-content/plugins/lastudio-element-kit/assets/js/addons/motion-fx.min.js?ver=1.5.4.1 HTTP/2" 200 6101 "https://chill-x.co/" "Mozilla/5.0 (compatible; Dataprovider.com)"
144.217.135.157 - - [31/Dec/2025:19:16:30 +0000] "GET /wp-content/plugins/lastudio-element-kit/assets/js/lib/isotope.pkgd.min.js?ver=1.5.4.1 HTTP/2" 200 10269 "https://chill-x.co/" "Mozilla/5.0 (compatible; Dataprovider.com)"
144.217.135.157 - - [31/Dec/2025:19:16:30 +0000] "GET /wp-content/plugins/lastudio-element-kit/assets/js/addons/n-tabs.min.js?ver=1.5.4.1 HTTP/2" 200 2948 "https://chill-x.co/" "Mozilla/5.0 (compatible; Dataprovider.com)"
144.217.135.157 - - [31/Dec/2025:19:16:30 +0000] "GET /wp-content/plugins/lastudio-element-kit/assets/js/addons/subscribe-form.js?ver=1.5.4.1 HTTP/2" 200 2583 "https://chill-x.co/" "Mozilla/5.0 (compatible; Dataprovider.com)"
144.217.135.157 - - [31/Dec/2025:19:16:30 +0000] "GET /wp-content/plugins/lastudio-element-kit/includes/modules/popup/assets/js/popup.min.js?ver=1.5.4.1 HTTP/2" 200 5203 "https://chill-x.co/" "Mozilla/5.0 (compatible; Dataprovider.com)"
144.217.135.157 - - [31/Dec/2025:19:16:30 +0000] "GET /wp-content/plugins/lastudio-element-kit/assets/js/lastudio-kit-base.min.js?ver=1.5.4.1 HTTP/2" 200 24434 "https://chill-x.co/" "Mozilla/5.0 (compatible; Dataprovider.com)"
144.217.135.157 - - [31/Dec/2025:19:16:30 +0000] "GET /wp-content/plugins/revslider/public/js/libs/tptools.js?ver=6.7.34 HTTP/2" 200 73607 "https://chill-x.co/" "Mozilla/5.0 (compatible; Dataprovider.com)"
144.217.135.157 - - [31/Dec/2025:19:16:30 +0000] "GET /wp-content/plugins/woocommerce/assets/js/selectWoo/selectWoo.full.min.js?ver=1.0.9-wc.9.9.5 HTTP/2" 200 21232 "https://chill-x.co/" "Mozilla/5.0 (compatible; Dataprovider.com)"
144.217.135.157 - - [31/Dec/2025:19:16:30 +0000] "GET /wp-content/themes/akali/assets/js/lib/woocommerce.min.js?ver=1.0.2 HTTP/2" 200 8826 "https://chill-x.co/" "Mozilla/5.0 (compatible; Dataprovider.com)"
144.217.135.157 - - [31/Dec/2025:19:16:30 +0000] "GET /wp-content/uploads/2025/06/akali-svg-asterisk.svg HTTP/2" 200 352 "https://chill-x.co/" "Mozilla/5.0 (compatible; Dataprovider.com)"
144.217.135.157 - - [31/Dec/2025:19:16:30 +0000] "GET /wp-content/plugins/revslider/public/js/sr7.js?ver=6.7.34 HTTP/2" 200 92043 "https://chill-x.co/" "Mozilla/5.0 (compatible; Dataprovider.com)"
64.31.25.146 - - [31/Dec/2025:19:13:42 +0000] "POST /wp-cron.php?doing_wp_cron=1767208422.5340020656585693359375 HTTP/1.1" 403 1242 "-" "WordPress/6.9; https://chill-x.co"
207.46.13.102 - - [31/Dec/2025:19:14:24 +0000] "GET /?_g=318253 HTTP/2" 200 57610 "-" "Mozilla/5.0 AppleWebKit/537.36 (KHTML, like Gecko; compatible; bingbot/2.0; +http://www.bing.com/bingbot.htm) Chrome/116.0.1938.76 Safari/537.36"
208.110.64.178 - - [31/Dec/2025:19:15:47 +0000] "GET /wp-includes/wpb459c2/edit.php HTTP/1.1" 404 49644 "https://chill-x.co/wp-includes/wpb459c2/edit.php" "Mozilla/5.0 (Windows NT 10.0; Win64; x64) AppleWebKit/537.36 (KHTML, like Gecko) Chrome/58.0.3029.110 Safari/537.3"
64.31.25.146 - - [31/Dec/2025:19:15:50 +0000] "POST /wp-cron.php?doing_wp_cron=1767208550.1078820228576660156250 HTTP/1.1" 403 1242 "-" "WordPress/6.9; https://chill-x.co"
52.167.144.230 - - [31/Dec/2025:19:17:00 +0000] "GET /?_g=134531 HTTP/2" 200 57612 "-" "Mozilla/5.0 AppleWebKit/537.36 (KHTML, like Gecko; compatible; bingbot/2.0; +http://www.bing.com/bingbot.htm) Chrome/116.0.1938.76 Safari/537.36"
144.217.135.157 - - [31/Dec/2025:19:16:30 +0000] "GET /wp-content/plugins/woocommerce/assets/js/frontend/cart-fragments.min.js?ver=9.9.5 HTTP/2" 200 1670 "https://chill-x.co/" "Mozilla/5.0 (compatible; Dataprovider.com)"
144.217.135.157 - - [31/Dec/2025:19:16:30 +0000] "GET /wp-content/uploads/2025/06/akali-svg-linecolor.svg HTTP/2" 200 292 "https://chill-x.co/" "Mozilla/5.0 (compatible; Dataprovider.com)"
64.31.25.146 - - [31/Dec/2025:19:17:01 +0000] "POST /wp-cron.php?doing_wp_cron=1767208621.6710779666900634765625 HTTP/1.1" 403 1242 "-" "WordPress/6.9; https://chill-x.co"
64.31.25.146 - - [31/Dec/2025:19:26:34 +0000] "POST /wp-cron.php?doing_wp_cron=1767209194.8372220993041992187500 HTTP/1.1" 403 1242 "-" "WordPress/6.9; https://chill-x.co"
40.77.167.152 - - [31/Dec/2025:19:35:11 +0000] "GET /?_g=473262 HTTP/2" 200 57610 "-" "Mozilla/5.0 AppleWebKit/537.36 (KHTML, like Gecko; compatible; bingbot/2.0; +http://www.bing.com/bingbot.htm) Chrome/116.0.1938.76 Safari/537.36"
64.31.25.146 - - [31/Dec/2025:19:36:57 +0000] "POST /wp-cron.php?doing_wp_cron=1767209817.6825571060180664062500 HTTP/1.1" 403 1242 "-" "WordPress/6.9; https://chill-x.co"
207.46.13.14 - - [31/Dec/2025:19:36:56 +0000] "GET /?_g=1230656 HTTP/2" 200 57607 "-" "Mozilla/5.0 AppleWebKit/537.36 (KHTML, like Gecko; compatible; bingbot/2.0; +http://www.bing.com/bingbot.htm) Chrome/116.0.1938.76 Safari/537.36"
157.55.39.200 - - [31/Dec/2025:19:26:34 +0000] "GET /?_g=399842 HTTP/2" 200 57613 "-" "Mozilla/5.0 AppleWebKit/537.36 (KHTML, like Gecko; compatible; bingbot/2.0; +http://www.bing.com/bingbot.htm) Chrome/116.0.1938.76 Safari/537.36"
64.31.25.146 - - [31/Dec/2025:19:28:21 +0000] "POST /wp-cron.php?doing_wp_cron=1767209301.1281061172485351562500 HTTP/1.1" 403 1242 "-" "WordPress/6.9; https://chill-x.co"
40.77.167.7 - - [31/Dec/2025:19:28:20 +0000] "GET /?_g=832646 HTTP/2" 200 57612 "-" "Mozilla/5.0 AppleWebKit/537.36 (KHTML, like Gecko; compatible; bingbot/2.0; +http://www.bing.com/bingbot.htm) Chrome/116.0.1938.76 Safari/537.36"
64.31.25.146 - - [31/Dec/2025:19:32:01 +0000] "POST /wp-cron.php?doing_wp_cron=1767209521.6611590385437011718750 HTTP/1.1" 403 1242 "-" "WordPress/6.9; https://chill-x.co"
40.77.167.7 - - [31/Dec/2025:19:32:00 +0000] "GET /?_g=1058570 HTTP/2" 200 57608 "-" "Mozilla/5.0 AppleWebKit/537.36 (KHTML, like Gecko; compatible; bingbot/2.0; +http://www.bing.com/bingbot.htm) Chrome/116.0.1938.76 Safari/537.36"
64.31.25.146 - - [31/Dec/2025:19:34:17 +0000] "POST /wp-cron.php?doing_wp_cron=1767209657.2001190185546875000000 HTTP/1.1" 403 1242 "-" "WordPress/6.9; https://chill-x.co"
157.55.39.11 - - [31/Dec/2025:19:34:16 +0000] "GET /?_g=1325749 HTTP/2" 200 57607 "-" "Mozilla/5.0 AppleWebKit/537.36 (KHTML, like Gecko; compatible; bingbot/2.0; +http://www.bing.com/bingbot.htm) Chrome/116.0.1938.76 Safari/537.36"
157.55.39.9 - - [31/Dec/2025:19:37:21 +0000] "GET /414156787.shtml HTTP/2" 404 49630 "-" "Mozilla/5.0 AppleWebKit/537.36 (KHTML, like Gecko; compatible; bingbot/2.0; +http://www.bing.com/bingbot.htm) Chrome/116.0.1938.76 Safari/537.36"
